{"id":5141,"date":"2023-08-23T15:31:57","date_gmt":"2023-08-23T18:31:57","guid":{"rendered":"https:\/\/lidertecsa.com.ar\/catalogo\/?post_type=product&#038;p=5141"},"modified":"2024-12-13T16:36:58","modified_gmt":"2024-12-13T19:36:58","slug":"cortadora-de-cesped-inalambrica-ge-cm-36-48-li-m-solo","status":"publish","type":"product","link":"https:\/\/lidertecsa.com.ar\/catalogo\/producto\/cortadora-de-cesped-inalambrica-ge-cm-36-48-li-m-solo\/","title":{"rendered":"Cortadora de C\u00e9sped Inal\u00e1mbrica GE-CM 36\/48 Li M Solo"},"content":{"rendered":"<ul>\n<li>Tecnolog\u00eda TWIN-PACK: 2&#215;18 V bater\u00edas Power X-Change.<\/li>\n<li>Motor sin escobillas.<\/li>\n<li>Ajuste de altura de corteaxial de 6 etapas (30\u201375 mm).<\/li>\n<li>Expulsi\u00f3n lateral, opcionalmente ampliable.<\/li>\n<li>Chasis de chapa de acero.<\/li>\n<li>Sin cesta incluida, fertilizaci\u00f3n natural.<\/li>\n<li>Usar con bat. 2,5Ah y superiores.<\/li>\n<li>Se vende sin bater\u00eda ni cargador<\/li>\n<\/ul>\n","protected":false},"excerpt":{"rendered":"<ul>\n<li class=\" meta\"><span><span>Miembro de la familia Power X-Change, se requieren 2 bater\u00edas de 18 V<\/span><\/span><\/li>\n<li class=\" meta\"><span><span>Motor sin escobillas: m\u00e1s potencia y mayor autonom\u00eda<\/span><\/span><\/li>\n<li class=\" meta\"><span><span>PurePOWER Brushless: 10 a\u00f1os de garant\u00eda del motor despu\u00e9s del registro<\/span><\/span><\/li>\n<li class=\" meta\"><span><span>Tecnolog\u00eda TWIN-PACK: 2 bater\u00edas Power X-Change de 18 V: m\u00e1s potencia<\/span><\/span><\/li>\n<li class=\" meta\"><span><span>Ajuste de altura de corte axial de 6 etapas (30-75 mm)<\/span><\/span><\/li>\n<li class=\"meta\"><span><span>Trabajo sin fatiga gracias al mango ergon\u00f3mico con agarre suave<\/span><\/span><\/li>\n<li class=\"meta\"><span><span>Riel gu\u00eda de altura regulable: se adapta al tama\u00f1o del usuario<\/span><\/span><\/li>\n<li class=\"meta\"><span><span>Almacenamiento pr\u00e1ctico gracias al asa larga plegable<\/span><\/span><\/li>\n<li class=\"meta\"><span><span>Incluye kit de expulsi\u00f3n lateral (opcionalmente ampliable)<\/span><\/span><\/li>\n<li class=\"meta\"><span><span>Corte m\u00e1s prolongado gracias a las ranuras adicionales (Double Twin Pack)<\/span><\/span><\/li>\n<li class=\"meta\"><span><span>Chasis de chapa de acero robusto y duradero<\/span><\/span><\/li>\n<li class=\"meta\"><span><span>Highwheeler: ruedas grandes y aptas para el c\u00e9sped<\/span><\/span><\/li>\n<li class=\"meta\"><span><span>Cortac\u00e9sped mulching &#8211; sin recogedor de c\u00e9sped incluido &#8211; abono natural<\/span><\/span><\/li>\n<li class=\"meta\"><span><span>Recomendaci\u00f3n para obtener mejores resultados: bater\u00eda de 2,5 Ah y m\u00e1s grande<\/span><\/span><\/li>\n<li class=\"meta\"><span><span>Se entrega sin bater\u00eda y sin cargador (se vende por separado)<\/span><\/span><\/li>\n<li class=\" meta\"><\/li>\n<\/ul>\n","protected":false},"featured_media":5142,"template":"","meta":{"_joinchat":[]},"product_cat":[50],"product_tag":[243],"class_list":{"0":"post-5141","1":"product","2":"type-product","3":"status-publish","4":"has-post-thumbnail","6":"product_cat-herramientas-a-bateria","7":"product_tag-cortadora-de-cesped","9":"first","10":"instock","11":"product-type-simple"},"_links":{"self":[{"href":"https:\/\/lidertecsa.com.ar\/catalogo\/wp-json\/wp\/v2\/product\/5141"}],"collection":[{"href":"https:\/\/lidertecsa.com.ar\/catalogo\/wp-json\/wp\/v2\/product"}],"about":[{"href":"https:\/\/lidertecsa.com.ar\/catalogo\/wp-json\/wp\/v2\/types\/product"}],"wp:featuredmedia":[{"embeddable":true,"href":"https:\/\/lidertecsa.com.ar\/catalogo\/wp-json\/wp\/v2\/media\/5142"}],"wp:attachment":[{"href":"https:\/\/lidertecsa.com.ar\/catalogo\/wp-json\/wp\/v2\/media?parent=5141"}],"wp:term":[{"taxonomy":"product_cat","embeddable":true,"href":"https:\/\/lidertecsa.com.ar\/catalogo\/wp-json\/wp\/v2\/product_cat?post=5141"},{"taxonomy":"product_tag","embeddable":true,"href":"https:\/\/lidertecsa.com.ar\/catalogo\/wp-json\/wp\/v2\/product_tag?post=5141"}],"curies":[{"name":"wp","href":"https:\/\/api.w.org\/{rel}","templated":true}]}}