{"id":4936,"date":"2023-08-17T14:19:02","date_gmt":"2023-08-17T17:19:02","guid":{"rendered":"https:\/\/lidertecsa.com.ar\/catalogo\/?post_type=product&#038;p=4936"},"modified":"2024-12-13T16:36:49","modified_gmt":"2024-12-13T19:36:49","slug":"hoja-de-sierra-para-madera-para-sierra-sable","status":"publish","type":"product","link":"https:\/\/lidertecsa.com.ar\/catalogo\/producto\/hoja-de-sierra-para-madera-para-sierra-sable\/","title":{"rendered":"Hoja de Sierra para Madera para Sierra Sable."},"content":{"rendered":"<div class=\"description\">\n<div class=\"description\">\n<div class=\"description\">\n<p><span>Hojas de sierra de sable, carpinter\u00eda, acero al carbono HCS, templado, dientes rectificados y asentados con precisi\u00f3n, especial para le\u00f1a, madera h\u00fameda y seca de hasta 190 mm de espesor, madera de construcci\u00f3n y madera dura, eje de 1\/2&#8243; para todas las sierras de sable disponibles en el mercado y colas de zorro el\u00e9ctricas.<\/span><\/p>\n<\/div>\n<\/div>\n<\/div>\n<p>Distancia de dientes: 8.5 mm<\/p>\n<p>Largo total \/ Largo Util: 240mm \/218mm<\/p>\n","protected":false},"excerpt":{"rendered":"<p>Hoja de sierra para sierra sable para madera<\/p>\n","protected":false},"featured_media":4937,"template":"","meta":{"_joinchat":[]},"product_cat":[15],"product_tag":[978],"class_list":{"0":"post-4936","1":"product","2":"type-product","3":"status-publish","4":"has-post-thumbnail","6":"product_cat-sin-par","7":"product_tag-hoja-de-sierra-para-sierra-sable","9":"first","10":"instock","11":"taxable","12":"shipping-taxable","13":"product-type-simple"},"_links":{"self":[{"href":"https:\/\/lidertecsa.com.ar\/catalogo\/wp-json\/wp\/v2\/product\/4936"}],"collection":[{"href":"https:\/\/lidertecsa.com.ar\/catalogo\/wp-json\/wp\/v2\/product"}],"about":[{"href":"https:\/\/lidertecsa.com.ar\/catalogo\/wp-json\/wp\/v2\/types\/product"}],"wp:featuredmedia":[{"embeddable":true,"href":"https:\/\/lidertecsa.com.ar\/catalogo\/wp-json\/wp\/v2\/media\/4937"}],"wp:attachment":[{"href":"https:\/\/lidertecsa.com.ar\/catalogo\/wp-json\/wp\/v2\/media?parent=4936"}],"wp:term":[{"taxonomy":"product_cat","embeddable":true,"href":"https:\/\/lidertecsa.com.ar\/catalogo\/wp-json\/wp\/v2\/product_cat?post=4936"},{"taxonomy":"product_tag","embeddable":true,"href":"https:\/\/lidertecsa.com.ar\/catalogo\/wp-json\/wp\/v2\/product_tag?post=4936"}],"curies":[{"name":"wp","href":"https:\/\/api.w.org\/{rel}","templated":true}]}}