{"id":4661,"date":"2023-08-11T14:16:49","date_gmt":"2023-08-11T17:16:49","guid":{"rendered":"https:\/\/lidertecsa.com.ar\/catalogo\/?post_type=product&#038;p=4661"},"modified":"2024-12-13T16:36:29","modified_gmt":"2024-12-13T19:36:29","slug":"cera-protectora-zeowax","status":"publish","type":"product","link":"https:\/\/lidertecsa.com.ar\/catalogo\/producto\/cera-protectora-zeowax\/","title":{"rendered":"Cera Protectora ZEOWAX"},"content":{"rendered":"<div class=\"ficprod-C13\">\n<p class=\"ficprod-p\">Es un producto formulado con ceras naturales, destilados de petroleo y aditivos de ultima generacion que protege el acabado de su vehiculo (nuevo o repintado), reduciendo el deterioro provocado por las agresiones naturales diarias. Deja como resultado una capa protectora con un efecto a mojado de alto brillo.<\/p>\n<\/div>\n<div class=\"ficprod-C2 bordeinferior1\">\n<p><span class=\"ficprod-subtitsecc\">Caracter\u00edsticas<\/span><\/p>\n<ul class=\"ficprod-ul\">\n<li>Protector: deja una capa que protege la superficie.<\/li>\n<li>Brillo: mejorando el brillo y realzando el color de los recubrimientos.<\/li>\n<li>Alto rendimiento: Zeowax es de facil esparcimiento sobre las superficies, se aconseja ir tomando de a pocas cantidades de cera y extenderlas lo mas posible.<\/li>\n<li>Facil de utilizar: Se unta el aplicador (o algod\u00f3n) con la cera y se extiende sobre la superficie que se desea proteger, luego se pasa un pa\u00f1o de microfibra (a maquina o manual).<\/li>\n<li>Se levanta facil: se lava muy facilmente con los pa\u00f1os de Microfibras.<\/li>\n<li>Realza los colores en burletes\/plasticos.<\/li>\n<li>Perfume agradable.<\/li>\n<\/ul>\n<\/div>\n<div class=\"ficprod-C3 bordeinferior1\">\n<p><span class=\"ficprod-subtitsecc\">Modo de preparaci\u00f3n<\/span><\/p>\n<ul class=\"ficprod-ul\">\n<li>Limpiar la superficie a tratar dej\u00e1ndola libre de polvo, verificar que la misma no est\u00e9 caliente ni sometida a radiaci\u00f3n solar. *Para un mejor resultado aplicar antes el sistema completo o parcial de Detailling Zeocar comenzando con Fine Paste o Machine Glaze o Hand Glaze seg\u00fan el deterioro de la misma.<\/li>\n<li>A MANO: Humedecer el aplicador de cera o el pa\u00f1o suave y limpio con Zeowax\u00ae y extender manualmente sobre la superficie a tratar, preferiblemente en \u00e1reas no mayores a 80 x 80cm2 por vez.<\/li>\n<li>A MAQUINA: Aplicar suficiente material como para lustrar una superficie del tama\u00f1o de un pa\u00f1o de pintura (1 puerta o \u00bd cap\u00f3t). Utilizar disco con pa\u00f1o aplicador de cera.<\/li>\n<li>Permitir que el producto seque completamente hasta una dejar una bruma muy tenue para luego lustrar * A MANO: con pa\u00f1o de microfibra Zeocar **A MAQUINA: con disco con pa\u00f1o de lustre limpio.<\/li>\n<li>Notar\u00e1 que el producto desaparecer\u00e1 de su vista, dejando en la superficie una capa protectora con un efecto mojado de alto brillo.<\/li>\n<li>Repetir la operaci\u00f3n sobre el resto de la superficie.<\/li>\n<\/ul>\n<\/div>\n<div class=\"ficprod-C4 bordeinferior1\">\n<p><span class=\"ficprod-subtitsecc\">Precauciones<\/span><\/p>\n<ul class=\"ficprod-ul\">\n<li>R10 Inflamable.<\/li>\n<li>R67 La inhalaci\u00f3n de vapores puede provocar somnolencia y\/o v\u00e9rtigo.<\/li>\n<li>36\/37\/38 Irrita los ojos, la piel y las v\u00edas respiratorias.<\/li>\n<li>S3\/13\/49 Cons\u00e9rvese en lugar fresco, lejos de alimentos y bebidas; \u00fanicamente en envase original.<\/li>\n<li>S14 Cons\u00e9rvese lejos del alcance de los ni\u00f1os.<\/li>\n<li>S15\/16 Conservar alejado de fuente de calor, chispas o de llama &#8211; No fumar.<\/li>\n<li>S37\/39 \u00dasense guantes adecuados protecci\u00f3n para los ojos\/la cara.<\/li>\n<li>S45 En caso de accidente o malestar, ac\u00fadase inmediatamente al m\u00e9dico (mu\u00e9strele la etiqueta).<\/li>\n<li>S51 \u00dasese \u00fanicamente en lugares bien ventilados.<\/li>\n<li>S62 En caso de ingesti\u00f3n no provocar el v\u00f3mito: ac\u00fadase inmediatamente al m\u00e9dico y mu\u00e9strele la etiqueta o el envase.<\/li>\n<li>Contacto con los ojos: Lavar los ojos con grandes cantidades de agua. Si contin\u00faan los s\u00edntomas busque atenci\u00f3n m\u00e9dica.<\/li>\n<li>Contacto con la piel: lavar la zona afectada con agua y jab\u00f3n. Si contin\u00faan los s\u00edntomas busque atenci\u00f3n m\u00e9dica.<\/li>\n<li>Inhalaci\u00f3n: alejar a la persona as\u00ed un lugar con aire fresco. Si contin\u00faan los s\u00edntomas. Busque atenci\u00f3n m\u00e9dica.<\/li>\n<li>En caso de ingesti\u00f3n: no inducir el v\u00f3mito, busque atenci\u00f3n m\u00e9dica. Emergencia en Argentina Centro toxicol\u00f3gico Profesor A. Posadas Tel: 0-800-333-0160 \/ 011-4658-77.<\/li>\n<\/ul>\n<\/div>\n<div class=\"ficprod-C5 bordeinferior1\">\n<p><span class=\"ficprod-subtitsecc\">Contenidos y especificaciones<\/span><\/p>\n<div class=\"margen-inf-1\"><span class=\"ficprod-subtitseccitem\">Masilla<\/span><\/div>\n<div class=\"margen-inf-1\"><span class=\"ficprod-items\">-Color: Beige.<\/span><\/div>\n<div class=\"margen-inf-1\"><span class=\"ficprod-items\">-Aspecto: Masa solida.<\/span><\/div>\n<div class=\"margen-inf-1\"><span class=\"ficprod-items\">-Peso especifico a 20\u00b0C: 0,75 &#8211; 0,85 k\/cm3.<\/span><\/div>\n<div class=\"margen-inf-1\">\n<div class=\"margen-izq-25px\"><\/div>\n<\/div>\n<div class=\"margen-inf-1\"><span class=\"ficprod-subtitseccitem\">Presentaci\u00f3n<\/span><\/div>\n<ul>\n<li class=\"margen-inf-1\"><span class=\"ficprod-items\">Envase de 0,290 Kg &#8211; Pack de 6 unidades.<\/span><\/li>\n<\/ul>\n<\/div>\n","protected":false},"excerpt":{"rendered":"<p>Lustre ZEOCAR Hand Glaze<\/p>\n","protected":false},"featured_media":4662,"template":"","meta":{"_joinchat":[]},"product_cat":[938],"product_tag":[949],"class_list":{"0":"post-4661","1":"product","2":"type-product","3":"status-publish","4":"has-post-thumbnail","6":"product_cat-pulimentos-y-acabados","7":"product_tag-cera-protectora","9":"first","10":"instock","11":"taxable","12":"shipping-taxable","13":"product-type-simple"},"_links":{"self":[{"href":"https:\/\/lidertecsa.com.ar\/catalogo\/wp-json\/wp\/v2\/product\/4661"}],"collection":[{"href":"https:\/\/lidertecsa.com.ar\/catalogo\/wp-json\/wp\/v2\/product"}],"about":[{"href":"https:\/\/lidertecsa.com.ar\/catalogo\/wp-json\/wp\/v2\/types\/product"}],"wp:featuredmedia":[{"embeddable":true,"href":"https:\/\/lidertecsa.com.ar\/catalogo\/wp-json\/wp\/v2\/media\/4662"}],"wp:attachment":[{"href":"https:\/\/lidertecsa.com.ar\/catalogo\/wp-json\/wp\/v2\/media?parent=4661"}],"wp:term":[{"taxonomy":"product_cat","embeddable":true,"href":"https:\/\/lidertecsa.com.ar\/catalogo\/wp-json\/wp\/v2\/product_cat?post=4661"},{"taxonomy":"product_tag","embeddable":true,"href":"https:\/\/lidertecsa.com.ar\/catalogo\/wp-json\/wp\/v2\/product_tag?post=4661"}],"curies":[{"name":"wp","href":"https:\/\/api.w.org\/{rel}","templated":true}]}}