{"id":4594,"date":"2023-08-08T12:21:17","date_gmt":"2023-08-08T15:21:17","guid":{"rendered":"https:\/\/lidertecsa.com.ar\/catalogo\/?post_type=product&#038;p=4594"},"modified":"2024-12-13T16:44:01","modified_gmt":"2024-12-13T19:44:01","slug":"ancla-de-alojamiento-y-tornillo-cbn","status":"publish","type":"product","link":"https:\/\/lidertecsa.com.ar\/catalogo\/producto\/ancla-de-alojamiento-y-tornillo-cbn\/","title":{"rendered":"Ancla de Alojamiento y Tornillo CBN"},"content":{"rendered":"<p class=\"avanceennota\">ANCLA DE ALOJAMIENTO &#8211; TORNILLO<\/p>\n<p>Ancla de alojamiento modelo CBN. Compuesto por tornillo hexagonal, arandela, camisa de nylon y cono. Construido en acero de bajo en carbono con tratamiento superficial recubierto de zinc blanco, resistencia a la corrosi\u00f3n de 48 horas CMB (corrosi\u00f3n del metal base) en salt spray seg\u00fan los par\u00e1metros vigentes de la norma ABNT NBR 8094 y una camisa de poliamida (Nylon). Tambi\u00e9n disponible en acero inoxidable AISI 304 para una mayor resistencia a la corrosi\u00f3n. En la versi\u00f3n inoxidable, el tornillo \/ varilla, la tuerca y la arandela son de acero inoxidable y el cono se suministra en lat\u00f3n.<\/p>\n<p>CARACTER\u00cdSTICAS Y VENTAJAS<\/p>\n<ul>\n<li>Producto innovador para el anclaje en todo tipo de material de base.<\/li>\n<li>\u00a0Fijaciones en materiales huecos, s\u00f3lidos y s\u00f3lidos porosos.<\/li>\n<li>Mejor anclaje mec\u00e1nico para bases huecas.<\/li>\n<li>Tiene aletas que evitan el falso giro.<\/li>\n<li>Cono de dise\u00f1o exclusivo para mayor seguridad durante la instalaci\u00f3n.<\/li>\n<li>Facilidad de posicionamiento y manipulaci\u00f3n de la pieza.<\/li>\n<\/ul>\n<p>APLICACIONES PRINCIPALES<\/p>\n<ul>\n<li>Equipos (aire acondicionado, antenas, televisores, soportes).<\/li>\n<li>Piezas met\u00e1licas ligeras (pasamanos, soportes).<\/li>\n<li>Muebles (librer\u00edas, estanter\u00edas, armarios).<\/li>\n<\/ul>\n<p><a href=\"https:\/\/lidertecsa.com.ar\/catalogo\/wp-content\/uploads\/2023\/08\/producto-cuadro-cbn.png\"><img decoding=\"async\" class=\"alignnone size-full wp-image-4596\" src=\"https:\/\/lidertecsa.com.ar\/catalogo\/wp-content\/uploads\/2023\/08\/producto-cuadro-cbn.png\" alt=\"\" width=\"1000\" height=\"576\" srcset=\"https:\/\/lidertecsa.com.ar\/catalogo\/wp-content\/uploads\/2023\/08\/producto-cuadro-cbn.png 1000w, https:\/\/lidertecsa.com.ar\/catalogo\/wp-content\/uploads\/2023\/08\/producto-cuadro-cbn-300x173.png 300w, https:\/\/lidertecsa.com.ar\/catalogo\/wp-content\/uploads\/2023\/08\/producto-cuadro-cbn-768x442.png 768w, https:\/\/lidertecsa.com.ar\/catalogo\/wp-content\/uploads\/2023\/08\/producto-cuadro-cbn-416x240.png 416w\" sizes=\"(max-width: 1000px) 100vw, 1000px\" \/><\/a><\/p>\n","protected":false},"excerpt":{"rendered":"<p>Ancla de alojamiento &#8211; tornillo.<\/p>\n","protected":false},"featured_media":4595,"template":"","meta":{"_joinchat":[]},"product_cat":[910],"product_tag":[920],"class_list":{"0":"post-4594","1":"product","2":"type-product","3":"status-publish","4":"has-post-thumbnail","6":"product_cat-fijacion-ancora","7":"product_tag-tornillo-con-tarugo","9":"first","10":"instock","11":"taxable","12":"shipping-taxable","13":"product-type-variable"},"_links":{"self":[{"href":"https:\/\/lidertecsa.com.ar\/catalogo\/wp-json\/wp\/v2\/product\/4594"}],"collection":[{"href":"https:\/\/lidertecsa.com.ar\/catalogo\/wp-json\/wp\/v2\/product"}],"about":[{"href":"https:\/\/lidertecsa.com.ar\/catalogo\/wp-json\/wp\/v2\/types\/product"}],"wp:featuredmedia":[{"embeddable":true,"href":"https:\/\/lidertecsa.com.ar\/catalogo\/wp-json\/wp\/v2\/media\/4595"}],"wp:attachment":[{"href":"https:\/\/lidertecsa.com.ar\/catalogo\/wp-json\/wp\/v2\/media?parent=4594"}],"wp:term":[{"taxonomy":"product_cat","embeddable":true,"href":"https:\/\/lidertecsa.com.ar\/catalogo\/wp-json\/wp\/v2\/product_cat?post=4594"},{"taxonomy":"product_tag","embeddable":true,"href":"https:\/\/lidertecsa.com.ar\/catalogo\/wp-json\/wp\/v2\/product_tag?post=4594"}],"curies":[{"name":"wp","href":"https:\/\/api.w.org\/{rel}","templated":true}]}}