{"id":4550,"date":"2023-08-08T10:05:12","date_gmt":"2023-08-08T13:05:12","guid":{"rendered":"https:\/\/lidertecsa.com.ar\/catalogo\/?post_type=product&#038;p=4550"},"modified":"2024-12-13T16:36:15","modified_gmt":"2024-12-13T19:36:15","slug":"jean-worker-pampero","status":"publish","type":"product","link":"https:\/\/lidertecsa.com.ar\/catalogo\/producto\/jean-worker-pampero\/","title":{"rendered":"Jean Worker Pampero"},"content":{"rendered":"<p>Los jeans worker son muy pr\u00e1cticos gracias a sus cinco bolsillos y est\u00e1n pensado para todo tipo de trabajo. Est\u00e1n hechos con denim confort de 100% algod\u00f3n, otorg\u00e1ndole gran comodidad.<\/p>\n<p>Talles: 36 &#8211; 38 &#8211; 40 &#8211; 42 &#8211; 44 &#8211; 46 &#8211; 48 &#8211; 50 &#8211; 52 &#8211; 54 &#8211; 56 &#8211; 58 &#8211; 60<\/p>\n<p>\u00danicamente en color azul<\/p>\n","protected":false},"excerpt":{"rendered":"<p>Jean Worker Pampero<\/p>\n","protected":false},"featured_media":4551,"template":"","meta":{"_joinchat":[]},"product_cat":[904],"product_tag":[906],"class_list":{"0":"post-4550","1":"product","2":"type-product","3":"status-publish","4":"has-post-thumbnail","6":"product_cat-pantalones-de-jean","7":"product_tag-pantalon-de-jean","9":"first","10":"instock","11":"taxable","12":"shipping-taxable","13":"product-type-simple"},"_links":{"self":[{"href":"https:\/\/lidertecsa.com.ar\/catalogo\/wp-json\/wp\/v2\/product\/4550"}],"collection":[{"href":"https:\/\/lidertecsa.com.ar\/catalogo\/wp-json\/wp\/v2\/product"}],"about":[{"href":"https:\/\/lidertecsa.com.ar\/catalogo\/wp-json\/wp\/v2\/types\/product"}],"wp:featuredmedia":[{"embeddable":true,"href":"https:\/\/lidertecsa.com.ar\/catalogo\/wp-json\/wp\/v2\/media\/4551"}],"wp:attachment":[{"href":"https:\/\/lidertecsa.com.ar\/catalogo\/wp-json\/wp\/v2\/media?parent=4550"}],"wp:term":[{"taxonomy":"product_cat","embeddable":true,"href":"https:\/\/lidertecsa.com.ar\/catalogo\/wp-json\/wp\/v2\/product_cat?post=4550"},{"taxonomy":"product_tag","embeddable":true,"href":"https:\/\/lidertecsa.com.ar\/catalogo\/wp-json\/wp\/v2\/product_tag?post=4550"}],"curies":[{"name":"wp","href":"https:\/\/api.w.org\/{rel}","templated":true}]}}