{"id":441,"date":"2023-06-17T10:17:16","date_gmt":"2023-06-17T13:17:16","guid":{"rendered":"https:\/\/lidertecsa.com.ar\/catalogo\/?post_type=product&#038;p=441"},"modified":"2026-02-04T12:10:41","modified_gmt":"2026-02-04T15:10:41","slug":"trabasil-am3-x-250-grs-cartucho","status":"publish","type":"product","link":"https:\/\/lidertecsa.com.ar\/catalogo\/producto\/trabasil-am3-x-250-grs-cartucho\/","title":{"rendered":"Trabasil AM3 x 250 grs. Cartucho"},"content":{"rendered":"<div class=\"content\">\n<div class=\"ttl-subcat-producto\">SELLADOR CON TEFL\u00d3N<\/div>\n<\/div>\n<p>Para conexiones hidr\u00e1ulicas y neum\u00e1ticas. Sellado instant\u00e1neo a bajas presiones. Aprobado por el IGA Matricula 1573-04<\/p>\n<ul class=\"ficha\">\n<li>Holgura m\u00e1xima diametral (mm.):\u00a00.50<\/li>\n<li>Viscosidad (mPa.s) :\u00a0Pasta<\/li>\n<li>Torque quiebre (N.m):\u00a04-10<\/li>\n<li>Torque remanente (N.m):\u00a01-6<\/li>\n<li>Tiempo cura parcial (Minutos):\u00a0100-130<\/li>\n<li>Tiempo cura total (Horas):\u00a036<\/li>\n<li>Resistencia temperatura (\u00b0C):\u00a0-50\u00b0C a +150\u00baC<\/li>\n<li>Usos:\u00a0Usos: Niples de entrada de combustible. Fijaci\u00f3n de bulbos de aceite, de temperatura y de electroventilador. Llaves de paso de combustible en motos. Tap\u00f3n de carga y desagote en cajas de transmisi\u00f3n.<\/li>\n<\/ul>\n","protected":false},"excerpt":{"rendered":"<p>Sellado de conexiones.<\/p>\n","protected":false},"featured_media":439,"template":"","meta":{"_joinchat":[]},"product_cat":[39],"product_tag":[151],"class_list":{"0":"post-441","1":"product","2":"type-product","3":"status-publish","4":"has-post-thumbnail","6":"product_cat-serie-azul","7":"product_tag-sellado-de-conexiones","9":"first","10":"instock","11":"taxable","12":"shipping-taxable","13":"product-type-simple"},"_links":{"self":[{"href":"https:\/\/lidertecsa.com.ar\/catalogo\/wp-json\/wp\/v2\/product\/441"}],"collection":[{"href":"https:\/\/lidertecsa.com.ar\/catalogo\/wp-json\/wp\/v2\/product"}],"about":[{"href":"https:\/\/lidertecsa.com.ar\/catalogo\/wp-json\/wp\/v2\/types\/product"}],"wp:featuredmedia":[{"embeddable":true,"href":"https:\/\/lidertecsa.com.ar\/catalogo\/wp-json\/wp\/v2\/media\/439"}],"wp:attachment":[{"href":"https:\/\/lidertecsa.com.ar\/catalogo\/wp-json\/wp\/v2\/media?parent=441"}],"wp:term":[{"taxonomy":"product_cat","embeddable":true,"href":"https:\/\/lidertecsa.com.ar\/catalogo\/wp-json\/wp\/v2\/product_cat?post=441"},{"taxonomy":"product_tag","embeddable":true,"href":"https:\/\/lidertecsa.com.ar\/catalogo\/wp-json\/wp\/v2\/product_tag?post=441"}],"curies":[{"name":"wp","href":"https:\/\/api.w.org\/{rel}","templated":true}]}}