{"id":416,"date":"2023-06-17T09:28:01","date_gmt":"2023-06-17T12:28:01","guid":{"rendered":"https:\/\/lidertecsa.com.ar\/catalogo\/?post_type=product&#038;p=416"},"modified":"2026-02-04T13:42:55","modified_gmt":"2026-02-04T16:42:55","slug":"w80-grasa-para-rodamientos-x-100-grs","status":"publish","type":"product","link":"https:\/\/lidertecsa.com.ar\/catalogo\/producto\/w80-grasa-para-rodamientos-x-100-grs\/","title":{"rendered":"W80 &#8211; Grasa Para Rodamientos x 100 grs."},"content":{"rendered":"<p>Grasa de alta calidad, que proporciona m\u00e1xima estabilidad estructural durante el trabajo. No se centrifuga ni canaliza. Resiste bien el lavado con agua. M\u00e1ximo nivel antidesgaste y antifricci\u00f3n. Resiste una presi\u00f3n de trabajo de 350Kg\/cm2. Indicada para rodamientos de alta, media y baja velocidad, cojinetes planos a bolillas o rodillos, bujes, etc.<\/p>\n","protected":false},"excerpt":{"rendered":"<p>Grasa para Rodamientos.<\/p>\n","protected":false},"featured_media":415,"template":"","meta":{"_joinchat":[]},"product_cat":[42],"product_tag":[149],"class_list":{"0":"post-416","1":"product","2":"type-product","3":"status-publish","4":"has-post-thumbnail","6":"product_cat-w80","7":"product_tag-grasa-para-rodamientos","9":"first","10":"instock","11":"taxable","12":"shipping-taxable","13":"product-type-simple"},"_links":{"self":[{"href":"https:\/\/lidertecsa.com.ar\/catalogo\/wp-json\/wp\/v2\/product\/416"}],"collection":[{"href":"https:\/\/lidertecsa.com.ar\/catalogo\/wp-json\/wp\/v2\/product"}],"about":[{"href":"https:\/\/lidertecsa.com.ar\/catalogo\/wp-json\/wp\/v2\/types\/product"}],"wp:featuredmedia":[{"embeddable":true,"href":"https:\/\/lidertecsa.com.ar\/catalogo\/wp-json\/wp\/v2\/media\/415"}],"wp:attachment":[{"href":"https:\/\/lidertecsa.com.ar\/catalogo\/wp-json\/wp\/v2\/media?parent=416"}],"wp:term":[{"taxonomy":"product_cat","embeddable":true,"href":"https:\/\/lidertecsa.com.ar\/catalogo\/wp-json\/wp\/v2\/product_cat?post=416"},{"taxonomy":"product_tag","embeddable":true,"href":"https:\/\/lidertecsa.com.ar\/catalogo\/wp-json\/wp\/v2\/product_tag?post=416"}],"curies":[{"name":"wp","href":"https:\/\/api.w.org\/{rel}","templated":true}]}}