{"id":3851,"date":"2023-07-25T15:28:45","date_gmt":"2023-07-25T18:28:45","guid":{"rendered":"https:\/\/lidertecsa.com.ar\/catalogo\/?post_type=product&#038;p=3851"},"modified":"2024-12-13T16:35:13","modified_gmt":"2024-12-13T19:35:13","slug":"broca-corta-de-acero-cobalto-alcrona","status":"publish","type":"product","link":"https:\/\/lidertecsa.com.ar\/catalogo\/producto\/broca-corta-de-acero-cobalto-alcrona\/","title":{"rendered":"Broca Corta de Acero Cobalto + AlCrona"},"content":{"rendered":"<p><strong>HERRAMIENTA SEMI-ESTANDAR<br \/>\nNorma:\u00a0<\/strong>DIN 338 SR<\/p>\n<p><strong>Materia Prima: acero r\u00e1pido AISI M35 + recubimiento Alcrona<\/strong><strong><br \/>\nTerminaci\u00f3n Superficial:<\/strong>\u00a0Rectificada recubierta con AlCrona<br \/>\n<strong>Canal:<\/strong>\u00a0Gris viol\u00e1ceo<br \/>\n<strong>Dorsal:<\/strong>\u00a0Gris viol\u00e1ceo<br \/>\n<strong>V\u00e1stago:\u00a0<\/strong>\u00a0Brillante<br \/>\n<strong>Detalles del V\u00e1stago:<\/strong>\u00a0cilindrico<br \/>\n<strong>Faceta:<\/strong>\u00a0Unica gris viol\u00e1cea<br \/>\n<strong>Punta:<\/strong>\u00a0Doble spit-point<br \/>\n<strong><br \/>\nRecubrimiento:<\/strong>\u00a0AlCrona<br \/>\n<strong>\u00c1ngulo de afilado<\/strong>: Doble 130\u00b0.<br \/>\n<strong>Corte:<\/strong>\u00a0Derecha<br \/>\n<strong>Geometr\u00eda:<\/strong>\u00a0Perfil S<br \/>\n<strong>\u00c1ngulo de h\u00e9lice:<\/strong>\u00a030\/32\u00b0\u00b0<br \/>\n<strong>Tolerancia:<\/strong>\u00a0h8<\/p>\n<p><strong>PROFUNDIDAD DE PERFORADO:<\/strong>\u00a04 x D (menor a 5 veces el di\u00e1metro)<\/p>\n<p><strong>RANGO DE PRODUCCI\u00d3N:<\/strong>\u00a0Di\u00e1metros\u00a01,00 mm \u2013\u00a016,00 mm<\/p>\n<p><strong>APLICACI\u00d3N<\/strong><br \/>\nPara perforado de aceros duros e inoxidables. El Cobalto recubierto con AlCrona confiere otorga el m\u00e1ximo rendimiento en herramientas de base en acero r\u00e1pido.<br \/>\nUso: en taladros de banco, tornos, CNC, taladros de mano, etc.<\/p>\n<p><strong>PRESENTACION<br \/>\nTubo pl\u00e1stico unitario:\u00a0<\/strong>Di\u00e1metros 1,00 \u2013 16,00 mm<\/p>\n","protected":false},"excerpt":{"rendered":"<p>L\u00ednea de m\u00e1ximo rendimiento para uso en aceros duros e inoxidables con resistencia hasta 1400 N\/mm2. El acero cobalto entrega un rendimiento superior al revenir a temperaturas m\u00e1s altas y el recubrimiento Alcrona entrega mayor resistencia al desgaste. La geometr\u00eda S y el angulo de corte son espec\u00edficos al uso.<br \/>\nUso: en taladros de banco, fresadoras tornos y uso en CNC.<\/p>\n","protected":false},"featured_media":3852,"template":"","meta":{"_joinchat":[]},"product_cat":[775],"product_tag":[777],"class_list":{"0":"post-3851","1":"product","2":"type-product","3":"status-publish","4":"has-post-thumbnail","6":"product_cat-metales-en-general","7":"product_tag-broca-de-acero-cobalto","9":"first","10":"instock","11":"taxable","12":"shipping-taxable","13":"product-type-simple"},"_links":{"self":[{"href":"https:\/\/lidertecsa.com.ar\/catalogo\/wp-json\/wp\/v2\/product\/3851"}],"collection":[{"href":"https:\/\/lidertecsa.com.ar\/catalogo\/wp-json\/wp\/v2\/product"}],"about":[{"href":"https:\/\/lidertecsa.com.ar\/catalogo\/wp-json\/wp\/v2\/types\/product"}],"wp:featuredmedia":[{"embeddable":true,"href":"https:\/\/lidertecsa.com.ar\/catalogo\/wp-json\/wp\/v2\/media\/3852"}],"wp:attachment":[{"href":"https:\/\/lidertecsa.com.ar\/catalogo\/wp-json\/wp\/v2\/media?parent=3851"}],"wp:term":[{"taxonomy":"product_cat","embeddable":true,"href":"https:\/\/lidertecsa.com.ar\/catalogo\/wp-json\/wp\/v2\/product_cat?post=3851"},{"taxonomy":"product_tag","embeddable":true,"href":"https:\/\/lidertecsa.com.ar\/catalogo\/wp-json\/wp\/v2\/product_tag?post=3851"}],"curies":[{"name":"wp","href":"https:\/\/api.w.org\/{rel}","templated":true}]}}