{"id":3689,"date":"2023-07-24T14:44:09","date_gmt":"2023-07-24T17:44:09","guid":{"rendered":"https:\/\/lidertecsa.com.ar\/catalogo\/?post_type=product&#038;p=3689"},"modified":"2024-12-13T16:35:01","modified_gmt":"2024-12-13T19:35:01","slug":"minitorno-inalambrico-te-mt-72-li-copia","status":"publish","type":"product","link":"https:\/\/lidertecsa.com.ar\/catalogo\/producto\/minitorno-inalambrico-te-mt-72-li-copia\/","title":{"rendered":"Atornilladore Inal\u00e1mbrico TC-SD 3,6 Li-Ion KIT"},"content":{"rendered":"<div class=\"bitbag-block\">\n<p>Hechos, cifras e informaci\u00f3n para Atornilladores Inal\u00e1mbricos kit TC-SD 3,6 Li-Ion Kit; EX; CL: aqu\u00ed encontrar\u00e1 datos t\u00e9cnicos detallados, as\u00ed como informaci\u00f3n espec\u00edfica sobre las dimensiones, el peso y el empaque de este producto Einhell.<\/p>\n<\/div>\n<div id=\"label-technical_infos\" class=\"data item content\" data-role=\"content\">\n<div class=\"property-0 clearfix\">\n<table>\n<tbody>\n<tr>\n<th class=\"heading gamma\" colspan=\"2\">Datos t\u00e9cnicos<\/th>\n<\/tr>\n<tr>\n<td>Tiempo de carga<\/td>\n<td>3-5 horas<\/td>\n<\/tr>\n<tr class=\"grey\">\n<td>Ralent\u00ed<\/td>\n<td>180 min^-1<\/td>\n<\/tr>\n<tr>\n<td>Par de apriete m\u00e1x. junta dura<\/td>\n<td>3,5 nm<\/td>\n<\/tr>\n<tr class=\"grey\">\n<td>N\u00famero de pasos de ajuste<\/td>\n<td>9 niveles<\/td>\n<\/tr>\n<tr>\n<td>Alojamiento para herramienta<\/td>\n<td>Portapuntas (6,35mm\/\u00bc\u201d) | Magn\u00e9tico<\/td>\n<\/tr>\n<tr class=\"grey\">\n<td>Bater\u00eda<\/td>\n<td>3,6 V|\u00a01500 mAh |\u00a0LiIo<\/td>\n<\/tr>\n<tr>\n<td>Numero de acumuladores<\/td>\n<td>1 piezas<\/td>\n<\/tr>\n<\/tbody>\n<\/table>\n<\/div>\n<\/div>\n","protected":false},"excerpt":{"rendered":"<ul>\n<li class=\"prodfeatrow\">Hechos, cifras e informaci\u00f3n para Atornilladores Inal\u00e1mbricos kit TC-SD 3,6 Li-Ion Kit; EX; CL: aqu\u00ed encontrar\u00e1 datos t\u00e9cnicos detallados, as\u00ed como informaci\u00f3n espec\u00edfica sobre las dimensiones, el peso y el empaque de este producto Einhell.<\/li>\n<\/ul>\n","protected":false},"featured_media":3690,"template":"","meta":{"_joinchat":[]},"product_cat":[50],"product_tag":[83],"class_list":{"0":"post-3689","1":"product","2":"type-product","3":"status-publish","4":"has-post-thumbnail","6":"product_cat-herramientas-a-bateria","7":"product_tag-atornillador","9":"first","10":"instock","11":"product-type-simple"},"_links":{"self":[{"href":"https:\/\/lidertecsa.com.ar\/catalogo\/wp-json\/wp\/v2\/product\/3689"}],"collection":[{"href":"https:\/\/lidertecsa.com.ar\/catalogo\/wp-json\/wp\/v2\/product"}],"about":[{"href":"https:\/\/lidertecsa.com.ar\/catalogo\/wp-json\/wp\/v2\/types\/product"}],"wp:featuredmedia":[{"embeddable":true,"href":"https:\/\/lidertecsa.com.ar\/catalogo\/wp-json\/wp\/v2\/media\/3690"}],"wp:attachment":[{"href":"https:\/\/lidertecsa.com.ar\/catalogo\/wp-json\/wp\/v2\/media?parent=3689"}],"wp:term":[{"taxonomy":"product_cat","embeddable":true,"href":"https:\/\/lidertecsa.com.ar\/catalogo\/wp-json\/wp\/v2\/product_cat?post=3689"},{"taxonomy":"product_tag","embeddable":true,"href":"https:\/\/lidertecsa.com.ar\/catalogo\/wp-json\/wp\/v2\/product_tag?post=3689"}],"curies":[{"name":"wp","href":"https:\/\/api.w.org\/{rel}","templated":true}]}}