{"id":3596,"date":"2023-07-21T12:24:21","date_gmt":"2023-07-21T15:24:21","guid":{"rendered":"https:\/\/lidertecsa.com.ar\/catalogo\/?post_type=product&#038;p=3596"},"modified":"2024-12-13T16:34:49","modified_gmt":"2024-12-13T19:34:49","slug":"kit-de-aire-comprimido-profesional-5-pz","status":"publish","type":"product","link":"https:\/\/lidertecsa.com.ar\/catalogo\/producto\/kit-de-aire-comprimido-profesional-5-pz\/","title":{"rendered":"Kit de Aire Comprimido Profesional 5 Pz"},"content":{"rendered":"<div id=\"content\" class=\"site-content\">\n<div id=\"primary\" class=\"content-area\"><main id=\"main\" class=\"site-main\" role=\"main\"><\/p>\n<div id=\"product-34662\" class=\"product type-product post-34662 status-publish first instock product_cat-accesorios-compresores product_cat-mangueras-y-acoples product_cat-neumaticas product_cat-otras-herramientas has-post-thumbnail taxable shipping-taxable purchasable product-type-simple\">\n<div class=\"woocommerce-tabs wc-tabs-wrapper\">\n<div id=\"tab-description\" class=\"woocommerce-Tabs-panel woocommerce-Tabs-panel--description panel entry-content wc-tab\" role=\"tabpanel\" aria-labelledby=\"tab-title-description\">\n<p>El juego de herramientas neum\u00e1ticas profesionales Einhell est\u00e1 dise\u00f1ado tanto para usuarios profesionales como para entusiastas del bricolaje.\u00a0El juego de herramientas neum\u00e1ticas contiene todo lo que necesita para realizar una amplia gama de tareas en el taller, el garaje y el hogar.\u00a0El conjunto profesional de cinco piezas es adecuado para todos los compresores est\u00e1ndar con una presi\u00f3n de trabajo de hasta 8 bar.\u00a0El juego de cinco piezas es adecuado para trabajos simples de limpieza y pintura y para su uso como un pr\u00e1ctico todoterreno en el taller y el garaje.\u00a0La pr\u00e1ctica pistola de soplado se puede utilizar para limpiar el \u00e1rea de trabajo y para eliminar el polvo de las superficies que desea pintar.\u00a0La pistola pulverizadora de pintura est\u00e1 especialmente dise\u00f1ada para pulverizar pinturas y lacas.\u00a0La pistola pulverizadora es adecuada para aceites ligeros y productos de limpieza.\u00a0El juego incluye un inflador de neum\u00e1ticos para controlar la presi\u00f3n de los neum\u00e1ticos y para inflar neum\u00e1ticos en veh\u00edculos y veh\u00edculos de dos ruedas.\u00a0Para mayor flexibilidad de uso, tambi\u00e9n se incluye una manguera de aire comprimido de cuatro metros con un di\u00e1metro interior de 6 mil\u00edmetros.\u00a0El juego tambi\u00e9n incluye un acoplamiento de liberaci\u00f3n r\u00e1pida para cambiar las herramientas r\u00e1pidamente.<\/p>\n<\/div>\n<\/div>\n<\/div>\n<p><\/main><\/div>\n<\/div>\n<div id=\"contacto\"><\/div>\n<footer id=\"colophon\" class=\"site-footer\">\n<div class=\"site-info\">\n<div class=\"cols-2 cols-2_12_12\">\n<div class=\"c2left\"><\/div>\n<\/div>\n<\/div>\n<\/footer>\n","protected":false},"excerpt":{"rendered":"<ul>\n<li>Para realizar distintos trabajos: inflar neum\u00e1ticos, pintura aerosol, pulverizaci\u00f3n de lubricantes y agentes de limpieza, y limpieza con vapor en \u00e1reas de dif\u00edcil acceso<\/li>\n<li>Incluye 5 piezas<\/li>\n<li>Compatible con todos los compresores<\/li>\n<\/ul>\n","protected":false},"featured_media":3597,"template":"","meta":{"_joinchat":[]},"product_cat":[736],"product_tag":[753],"class_list":{"0":"post-3596","1":"product","2":"type-product","3":"status-publish","4":"has-post-thumbnail","6":"product_cat-accesorios-varios","7":"product_tag-set-de-aire","9":"first","10":"instock","11":"product-type-simple"},"_links":{"self":[{"href":"https:\/\/lidertecsa.com.ar\/catalogo\/wp-json\/wp\/v2\/product\/3596"}],"collection":[{"href":"https:\/\/lidertecsa.com.ar\/catalogo\/wp-json\/wp\/v2\/product"}],"about":[{"href":"https:\/\/lidertecsa.com.ar\/catalogo\/wp-json\/wp\/v2\/types\/product"}],"wp:featuredmedia":[{"embeddable":true,"href":"https:\/\/lidertecsa.com.ar\/catalogo\/wp-json\/wp\/v2\/media\/3597"}],"wp:attachment":[{"href":"https:\/\/lidertecsa.com.ar\/catalogo\/wp-json\/wp\/v2\/media?parent=3596"}],"wp:term":[{"taxonomy":"product_cat","embeddable":true,"href":"https:\/\/lidertecsa.com.ar\/catalogo\/wp-json\/wp\/v2\/product_cat?post=3596"},{"taxonomy":"product_tag","embeddable":true,"href":"https:\/\/lidertecsa.com.ar\/catalogo\/wp-json\/wp\/v2\/product_tag?post=3596"}],"curies":[{"name":"wp","href":"https:\/\/api.w.org\/{rel}","templated":true}]}}