{"id":3447,"date":"2023-07-20T12:43:37","date_gmt":"2023-07-20T15:43:37","guid":{"rendered":"https:\/\/lidertecsa.com.ar\/catalogo\/?post_type=product&#038;p=3447"},"modified":"2024-12-13T16:34:34","modified_gmt":"2024-12-13T19:34:34","slug":"minitorno-te-mt-72-li","status":"publish","type":"product","link":"https:\/\/lidertecsa.com.ar\/catalogo\/producto\/minitorno-te-mt-72-li\/","title":{"rendered":"Taladro &#8211; Atornillador 12v TE-CD 12\/1 X-Li"},"content":{"rendered":"<p>El taladro-atornillador inal\u00e1mbrico Einhell TE-CD 12\/1 X-Li es una herramienta magn\u00edfica y robusta para atornillar y taladrar en casa, el taller y el garaje. Gracias a la tecnolog\u00eda de iones de litio, el taladro-atornillador est\u00e1 siempre listo para usar sin riesgo de autodescarga. El portabrocas extra\u00edble de 10 mm permite una flexibilidad m\u00e1xima a la hora de trabajar. La caja de cambios de dos velocidades ofrece potencia y dinamismo al taladro-atornillador, mientras que la electr\u00f3nica de la velocidad en 20 niveles de par permite trabajar con materiales y aplicaciones en cualquier situaci\u00f3n. Para iluminar en lugares de trabajo oscuros, el taladro-atornillador inal\u00e1mbrico est\u00e1 equipado con iluminaci\u00f3n LED. Adem\u00e1s, gracias a un dise\u00f1o ergon\u00f3mico y su magn\u00edfica empu\u00f1adura Softgrip ofrece una manejabilidad insuperable. En 45 minutos, el cargador garantiza la disponibilidad operativa de la bater\u00eda de 2,0 Ah, la cual tambi\u00e9n se incluye en los accesorios. El kit viene en un pr\u00e1ctico malet\u00edn de almacenamiento con cierre magn\u00e9tico.<\/p>\n<table width=\"436\">\n<tbody>\n<tr>\n<td colspan=\"2\" width=\"436\">T\u00e9cnico<\/td>\n<\/tr>\n<tr>\n<td width=\"239\">Acumulador<\/td>\n<td width=\"197\">12 V |\u00a02 Ah |\u00a0Li-Ion<\/td>\n<\/tr>\n<tr>\n<td width=\"239\">Tiempo de carga<\/td>\n<td width=\"197\">45min<\/td>\n<\/tr>\n<tr>\n<td width=\"239\">N\u00famero de engranajes<\/td>\n<td width=\"197\">2<\/td>\n<\/tr>\n<tr>\n<td width=\"239\">Velocidad de ralent\u00ed (marcha 1)<\/td>\n<td width=\"197\">0-400 min ^ -1<\/td>\n<\/tr>\n<tr>\n<td width=\"239\">Velocidad de ralent\u00ed (marcha 2)<\/td>\n<td width=\"197\">0-1400 min ^ -1<\/td>\n<\/tr>\n<tr>\n<td width=\"239\">Max.\u00a0torsi\u00f3n fuerte<\/td>\n<td width=\"197\">30 Nm<\/td>\n<\/tr>\n<tr>\n<td width=\"239\">N\u00famero de pasos de par<\/td>\n<td width=\"197\">20 configuraciones<\/td>\n<\/tr>\n<tr>\n<td width=\"239\">Portabrocas<\/td>\n<td width=\"197\">10 mm |\u00a0una sola manga<\/td>\n<\/tr>\n<tr>\n<td width=\"239\">Numero de acumuladores<\/td>\n<td width=\"197\">1 piezaste-cd 12<\/td>\n<\/tr>\n<\/tbody>\n<\/table>\n","protected":false},"excerpt":{"rendered":"<ul>\n<li>Siempre lista para usar gracias a la tecnolog\u00eda Li-Ion sin autodescarga<\/li>\n<li>M\u00e1xima flexibilidad cuando se trabaja con el portabrocas extra\u00edble<\/li>\n<li>Caja de cambios de 2 velocidades para perforaci\u00f3n y atornillado<\/li>\n<li>Componentes electr\u00f3nicos de velocidad para trabajos adaptados a los materiales y las aplicaciones<\/li>\n<li>Trabajo \u00f3ptimo en zonas oscuras gracias a la iluminaci\u00f3n LED<\/li>\n<li>La m\u00e1s alta manejabilidad gracias a su dise\u00f1o ergon\u00f3mico y a la empu\u00f1adura Softgrip<\/li>\n<li>Incl. cargador de 45 min y 1 bater\u00eda de 2,0 Ah<\/li>\n<li>Se entrega en una pr\u00e1ctica caja de cart\u00f3n de almacenamiento con cierre magn\u00e9tico<\/li>\n<\/ul>\n","protected":false},"featured_media":3450,"template":"","meta":{"_joinchat":[]},"product_cat":[50],"product_tag":[730],"class_list":{"0":"post-3447","1":"product","2":"type-product","3":"status-publish","4":"has-post-thumbnail","6":"product_cat-herramientas-a-bateria","7":"product_tag-taladro-atornillador","9":"first","10":"instock","11":"product-type-simple"},"_links":{"self":[{"href":"https:\/\/lidertecsa.com.ar\/catalogo\/wp-json\/wp\/v2\/product\/3447"}],"collection":[{"href":"https:\/\/lidertecsa.com.ar\/catalogo\/wp-json\/wp\/v2\/product"}],"about":[{"href":"https:\/\/lidertecsa.com.ar\/catalogo\/wp-json\/wp\/v2\/types\/product"}],"wp:featuredmedia":[{"embeddable":true,"href":"https:\/\/lidertecsa.com.ar\/catalogo\/wp-json\/wp\/v2\/media\/3450"}],"wp:attachment":[{"href":"https:\/\/lidertecsa.com.ar\/catalogo\/wp-json\/wp\/v2\/media?parent=3447"}],"wp:term":[{"taxonomy":"product_cat","embeddable":true,"href":"https:\/\/lidertecsa.com.ar\/catalogo\/wp-json\/wp\/v2\/product_cat?post=3447"},{"taxonomy":"product_tag","embeddable":true,"href":"https:\/\/lidertecsa.com.ar\/catalogo\/wp-json\/wp\/v2\/product_tag?post=3447"}],"curies":[{"name":"wp","href":"https:\/\/api.w.org\/{rel}","templated":true}]}}