{"id":3425,"date":"2023-07-20T11:36:10","date_gmt":"2023-07-20T14:36:10","guid":{"rendered":"https:\/\/lidertecsa.com.ar\/catalogo\/?post_type=product&#038;p=3425"},"modified":"2024-12-13T16:34:32","modified_gmt":"2024-12-13T19:34:32","slug":"cargador-de-baterias-ce-bc-4m","status":"publish","type":"product","link":"https:\/\/lidertecsa.com.ar\/catalogo\/producto\/cargador-de-baterias-ce-bc-4m\/","title":{"rendered":"Cargador de Bater\u00edas CE-BC 4M"},"content":{"rendered":"<p>Es un cargador de bater\u00edas inteligente, adaptado a las bater\u00edas potentes y tecnol\u00f3gicamente avanzadas de los autom\u00f3viles modernos. Es apropiado para una amplia variedad de tipos de bater\u00edas de veh\u00edculos y cuenta con una serie de mecanismos t\u00e9cnicos de protecci\u00f3n y mantenimiento.<br \/>\nEl objetivo principal de su desarrollo es una carga r\u00e1pida y suave de las bater\u00edas, de modo que se logre una vida \u00fatil lo m\u00e1s prolongada posible a plena potenc\u00eda. El funcionamiento del cargador se muestra mediante un indicador de carga detallado y sencillo, como en el caso de los dispositivos convencionales.<br \/>\nEl terreno de einhell es adecuado para bater\u00edas de gel, agm, as\u00ed como bater\u00edas de plomo-\u00e1cido sin o casi sin necesidad de mantenimiento. Se adapta autom\u00e1ticamente a la tensi\u00f3n de la bater\u00eda de veh\u00edculos de 6 v y 12 v.<br \/>\nEl control por microprocesador supervisa y ajusta autom\u00e1ticamente el ciclo de carga multietapa del cargador de bater\u00edas de einhell.<br \/>\nLa electr\u00f3nica de control inteligente analiza el tipo y el estado de la bater\u00eda conectada e inicia el modo \u00f3ptimo conforme a las necesidades. La funci\u00f3n de carga de conservaci\u00f3n protege y cuida la bater\u00eda para un estado de carga duradero e ideal. Por lo tanto, el ce-bc 10 m es adecuado para todos los tipos de veh\u00edculos, especialmente para veh\u00edculos de temporada con per\u00edodos prolongados fuera de circulaci\u00f3n: en lugar de permitir que la bater\u00eda se descargue lentamente por completo y, por lo tanto, correr el riesgo de una descarga profunda, la bater\u00eda se mantiene cuidadosamente en su nivel \u00f3ptimo mediante la carga de conservaci\u00f3n.<br \/>\nLa carga de conservaci\u00f3n alivia las celdas de la bater\u00eda y prolonga la vida \u00fatil, previniendo as\u00ed un reemplazo costoso y evitable de una bater\u00eda de veh\u00edculo defectuosa. Se ha desarrollado un modo de carga de invierno especialmente para temperaturas exteriores por debajo de 5 \u00b0c; adicionalmente el equipo est\u00e1 dotado con un modo de acondicionamiento que puede insuflar nueva vida a las bater\u00edas con descarga profunda y un modo de suministro para el uso como abastecimiento de corriente.<br \/>\nEl cargador de bater\u00edas de einhell est\u00e1 equapple iad o con una protecci\u00f3n autom\u00e1tica contra sobrecargas, cortocircuitos y polaridad inversa: estos mecanismos de protecci\u00f3n protegen tanto al cargador como a la bater\u00eda.<br \/>\nEl indicador lcd de tensi\u00f3n de la bater\u00eda y progreso de carga muestra de un vistazo en qu\u00e9 estado de carga se encuentra la bater\u00eda y el modo de configuraci\u00f3n del cargador. Mediante los terminales de bater\u00eda completamente aislados se pueden conectar las bater\u00edas de forma f\u00e1cil y segura al cargador de bater\u00edas de Einhell. La carcasa est\u00e1 provista de ojales de suspensi\u00f3n para la fijaci\u00f3n en la pared.<\/p>\n","protected":false},"excerpt":{"rendered":"<ul class=\"top-features\">\n<li>Cargador de bater\u00eda inteligente con control por microprocesador<\/li>\n<li>Ciclo de carga de m\u00faltiples etapas, controlado y monitoreado por un microprocesador<\/li>\n<li>Cargador de bater\u00eda completo para una amplia variedad de tipos de bater\u00eda<\/li>\n<li>Para bater\u00edas de plomo-\u00e1cido de gel, AGM, sin mantenimiento y de bajo mantenimiento<\/li>\n<li>Grado de protecci\u00f3n IP65: estanco al polvo y protegido contra chorros de agua<\/li>\n<li>Funci\u00f3n de carga lenta para un estado de carga ideal y permanente<\/li>\n<li>Ideal para veh\u00edculos de temporada con largos tiempos de inactividad (convertible \/ motocicleta)<\/li>\n<li>Aumento de la vida \u00fatil de la bater\u00eda mediante la carga<\/li>\n<li>Modo de carga de invierno para temperaturas exteriores inferiores a 5 \u00b0 C<\/li>\n<li>Modo de reacondicionamiento para cargar bater\u00edas muy descargadas<\/li>\n<li>Modo de fuente de alimentaci\u00f3n para usar como fuente de alimentaci\u00f3n<\/li>\n<li>Pantalla: voltaje de la bater\u00eda LCD y pantalla de progreso de carga<\/li>\n<li>Protecci\u00f3n electr\u00f3nica contra sobrecarga, cortocircuito y polaridad inversa<\/li>\n<li>Terminales de bater\u00eda completamente aislados<\/li>\n<li>Ojal para colgar para fijar a la pared<\/li>\n<\/ul>\n","protected":false},"featured_media":3426,"template":"","meta":{"_joinchat":[]},"product_cat":[50],"product_tag":[723],"class_list":{"0":"post-3425","1":"product","2":"type-product","3":"status-publish","4":"has-post-thumbnail","6":"product_cat-herramientas-a-bateria","7":"product_tag-cargador-para-autos","9":"first","10":"instock","11":"product-type-simple"},"_links":{"self":[{"href":"https:\/\/lidertecsa.com.ar\/catalogo\/wp-json\/wp\/v2\/product\/3425"}],"collection":[{"href":"https:\/\/lidertecsa.com.ar\/catalogo\/wp-json\/wp\/v2\/product"}],"about":[{"href":"https:\/\/lidertecsa.com.ar\/catalogo\/wp-json\/wp\/v2\/types\/product"}],"wp:featuredmedia":[{"embeddable":true,"href":"https:\/\/lidertecsa.com.ar\/catalogo\/wp-json\/wp\/v2\/media\/3426"}],"wp:attachment":[{"href":"https:\/\/lidertecsa.com.ar\/catalogo\/wp-json\/wp\/v2\/media?parent=3425"}],"wp:term":[{"taxonomy":"product_cat","embeddable":true,"href":"https:\/\/lidertecsa.com.ar\/catalogo\/wp-json\/wp\/v2\/product_cat?post=3425"},{"taxonomy":"product_tag","embeddable":true,"href":"https:\/\/lidertecsa.com.ar\/catalogo\/wp-json\/wp\/v2\/product_tag?post=3425"}],"curies":[{"name":"wp","href":"https:\/\/api.w.org\/{rel}","templated":true}]}}