{"id":3396,"date":"2023-07-20T09:48:57","date_gmt":"2023-07-20T12:48:57","guid":{"rendered":"https:\/\/lidertecsa.com.ar\/catalogo\/?post_type=product&#038;p=3396"},"modified":"2024-12-13T16:34:28","modified_gmt":"2024-12-13T19:34:28","slug":"clavadora-inalambrica-te-cn-18-li-solo","status":"publish","type":"product","link":"https:\/\/lidertecsa.com.ar\/catalogo\/producto\/clavadora-inalambrica-te-cn-18-li-solo\/","title":{"rendered":"Clavadora Inal\u00e1mbrica TE-CN 18 Li &#8211; Solo"},"content":{"rendered":"<p><span class=\"heading gamma\"><span>Descripci\u00f3n del Art\u00edculo<\/span><\/span><\/p>\n<p><span>La clavadora a bater\u00eda TE-CN 18 Li &#8211; Solo es una herramienta ideal para el garaje, el taller y la sala de manualidades, as\u00ed como para trabajos de restauraci\u00f3n y renovaci\u00f3n.\u00a0La fijaci\u00f3n de objetos con grapas o clavos se puede hacer r\u00e1pidamente con la combinaci\u00f3n de grapadora y pistola de clavos.\u00a0Como miembro de la familia Power X-Change, la clavadora puede funcionar con todas las bater\u00edas de la serie del sistema.\u00a0El engranaje robusto permite hasta 20 impactos por minuto, el ajuste de profundidad garantiza una profundidad de impacto variable.\u00a0Es posible trabajar cerca de los bordes gracias a la delgada punta de la grapadora.\u00a0El cargador est\u00e1 equipado con un indicador de nivel y proporciona una visi\u00f3n general constante de la carga actual.\u00a0El cargador tiene una capacidad m\u00e1xima de 100 clavos o 100 grapas, que se sujetan de forma segura mediante un im\u00e1n.\u00a0La revista se puede abrir y recargar f\u00e1cilmente con solo presionar un bot\u00f3n.\u00a0El mecanismo de presi\u00f3n en la punta de la grapadora permite un trabajo seguro, mientras que las generosas superficies de agarre suave ofrecen un agarre c\u00f3modo y firme.\u00a0La entrega incluye un pr\u00e1ctico clip para el cintur\u00f3n para un almacenamiento seguro, as\u00ed como 300 clavos (32 mm) y 300 grapas (19 mm).\u00a0Con la llave Allen suministrada, usted mismo puede reparar r\u00e1pida y f\u00e1cilmente un atasco de clavos o grapas.\u00a0Un pestillo de seguridad evita el grapado\/clavado involuntario y, por lo tanto, protege contra lesiones.\u00a0La bater\u00eda y el cargador de la serie Power X-Change est\u00e1n disponibles por separado, por ejemplo, como un pr\u00e1ctico set de iniciaci\u00f3n.\u00a0mientras que las generosas superficies de agarre suave ofrecen un agarre c\u00f3modo y firme.\u00a0La entrega incluye un pr\u00e1ctico clip para el cintur\u00f3n para un almacenamiento seguro, as\u00ed como 300 clavos (32 mm) y 300 grapas (19 mm).\u00a0Con la llave Allen suministrada, usted mismo puede reparar r\u00e1pida y f\u00e1cilmente un atasco de clavos o grapas.\u00a0Un pestillo de seguridad evita el grapado\/clavado involuntario y, por lo tanto, protege contra lesiones.\u00a0La bater\u00eda y el cargador de la serie Power X-Change est\u00e1n disponibles por separado, por ejemplo, como un pr\u00e1ctico set de iniciaci\u00f3n.\u00a0mientras que las generosas superficies de agarre suave ofrecen un agarre c\u00f3modo y firme.\u00a0La entrega incluye un pr\u00e1ctico clip para el cintur\u00f3n para un almacenamiento seguro, as\u00ed como 300 clavos (32 mm) y 300 grapas (19 mm).\u00a0Con la llave Allen suministrada, usted mismo puede reparar r\u00e1pida y f\u00e1cilmente un atasco de clavos o grapas.\u00a0Un pestillo de seguridad evita el grapado\/clavado involuntario y, por lo tanto, protege contra lesiones.\u00a0La bater\u00eda y el cargador de la serie Power X-Change est\u00e1n disponibles por separado, por ejemplo, como un pr\u00e1ctico set de iniciaci\u00f3n.\u00a0Un pestillo de seguridad evita el grapado\/clavado involuntario y, por lo tanto, protege contra lesiones.\u00a0La bater\u00eda y el cargador de la serie Power X-Change est\u00e1n disponibles por separado, por ejemplo, como un pr\u00e1ctico set de iniciaci\u00f3n.\u00a0Un pestillo de seguridad evita el grapado\/clavado involuntario y, por lo tanto, protege contra lesiones.\u00a0La bater\u00eda y el cargador de la serie Power X-Change est\u00e1n disponibles por separado, por ejemplo, como un pr\u00e1ctico set de iniciaci\u00f3n.<\/span><\/p>\n<table width=\"616\">\n<tbody>\n<tr>\n<td colspan=\"2\" width=\"616\">Especificaciones t\u00e9cnicas<\/td>\n<\/tr>\n<tr>\n<td width=\"367\">Voltaje<\/td>\n<td width=\"249\">18 V<\/td>\n<\/tr>\n<tr>\n<td width=\"367\">Disparos por minuto<\/td>\n<td width=\"249\">Vig\u00e9simo<\/td>\n<\/tr>\n<tr>\n<td width=\"367\">Longitud del clip (longitud m\u00ednima \u2013 m\u00e1xima)<\/td>\n<td width=\"249\">16 mm \u2013 22 mm<\/td>\n<\/tr>\n<tr>\n<td width=\"367\">Ancho del soporte<\/td>\n<td width=\"249\">5,7 mil\u00edmetros<\/td>\n<\/tr>\n<tr>\n<td width=\"367\">Longitud de la u\u00f1a (longitud m\u00ednima \u2013 m\u00e1xima)<\/td>\n<td width=\"249\">15 mm \u2013 32 mm<\/td>\n<\/tr>\n<tr>\n<td width=\"367\">Fuerza de las u\u00f1as<\/td>\n<td width=\"249\">1 mm<\/td>\n<\/tr>\n<\/tbody>\n<\/table>\n","protected":false},"excerpt":{"rendered":"<ul>\n<li>Un miembro de la familia Power X-Change<\/li>\n<li>El engranaje robusto permite hasta 20 disparos por minuto<\/li>\n<li>El cabezal de grapadora delgado permite grapar cerca del borde<\/li>\n<li>Facilidad de ajuste de profundidad para profundidad de penetraci\u00f3n variable<\/li>\n<li>Revista con indicador de nivel para una descripci\u00f3n general de un vistazo<\/li>\n<li>Pestillo de gatillo para evitar grapado \/ clavado involuntario<\/li>\n<li>Superficies ergon\u00f3micas de agarre suave para un trabajo seguro<\/li>\n<li>Incl. pr\u00e1ctico clip para el cintur\u00f3n para un almacenamiento seguro<\/li>\n<li>Se suministra completo con 300 clavos (32 mm) y 300 grapas (19 mm)<\/li>\n<\/ul>\n","protected":false},"featured_media":3397,"template":"","meta":{"_joinchat":[]},"product_cat":[50],"product_tag":[714],"class_list":{"0":"post-3396","1":"product","2":"type-product","3":"status-publish","4":"has-post-thumbnail","6":"product_cat-herramientas-a-bateria","7":"product_tag-clavadora-inalambrica","9":"first","10":"instock","11":"product-type-simple"},"_links":{"self":[{"href":"https:\/\/lidertecsa.com.ar\/catalogo\/wp-json\/wp\/v2\/product\/3396"}],"collection":[{"href":"https:\/\/lidertecsa.com.ar\/catalogo\/wp-json\/wp\/v2\/product"}],"about":[{"href":"https:\/\/lidertecsa.com.ar\/catalogo\/wp-json\/wp\/v2\/types\/product"}],"wp:featuredmedia":[{"embeddable":true,"href":"https:\/\/lidertecsa.com.ar\/catalogo\/wp-json\/wp\/v2\/media\/3397"}],"wp:attachment":[{"href":"https:\/\/lidertecsa.com.ar\/catalogo\/wp-json\/wp\/v2\/media?parent=3396"}],"wp:term":[{"taxonomy":"product_cat","embeddable":true,"href":"https:\/\/lidertecsa.com.ar\/catalogo\/wp-json\/wp\/v2\/product_cat?post=3396"},{"taxonomy":"product_tag","embeddable":true,"href":"https:\/\/lidertecsa.com.ar\/catalogo\/wp-json\/wp\/v2\/product_tag?post=3396"}],"curies":[{"name":"wp","href":"https:\/\/api.w.org\/{rel}","templated":true}]}}