{"id":3392,"date":"2023-07-20T09:36:16","date_gmt":"2023-07-20T12:36:16","guid":{"rendered":"https:\/\/lidertecsa.com.ar\/catalogo\/?post_type=product&#038;p=3392"},"modified":"2024-12-13T16:34:27","modified_gmt":"2024-12-13T19:34:27","slug":"pistola-de-calor-inalambrica-te-ha-18-li-solo","status":"publish","type":"product","link":"https:\/\/lidertecsa.com.ar\/catalogo\/producto\/pistola-de-calor-inalambrica-te-ha-18-li-solo\/","title":{"rendered":"Pistola de Calor Inal\u00e1mbrica TE-HA 18 Li &#8211; Solo"},"content":{"rendered":"<p>La pistola de aire caliente con bater\u00eda de TE-HA 18 Li-Solo es un flexible miembro de la familia Power X-Change de alta calidad. La potente pistola de aire caliente est\u00e1 equipada con dos escalones de temperatura: Para la deformaci\u00f3n suave de pl\u00e1stico en la construcci\u00f3n de modelos, para la retirada de l\u00e1minas adhesivas o tambi\u00e9n para laca, restos adhesivos y capas de pintura antiguas. En la pantalla LED se puede reconocer el escal\u00f3n de temperatura seleccionado de un vistazo. La protecci\u00f3n frente a sobrecalentamientos confiere un funcionamiento seguro. La eyecci\u00f3n mec\u00e1nica de boquilla favorece la retirada sencilla de la boquilla de reducci\u00f3n, boquilla de chorro ancho y boquilla de reflector incluida en el alcance del env\u00edo. La superficie de apoyo es apropiada para el uso estacionario y un gancho met\u00e1lico plegable sirve para el trabajo y conservaci\u00f3n flexibles. El asa ergon\u00f3mica con agarre suave Softgrip garantiza una sujeci\u00f3n fija y segura. La entrega no incluye bater\u00eda ni cargador (se pueden adquirir por separado).<\/p>\n<table width=\"400\">\n<tbody>\n<tr>\n<td colspan=\"2\" width=\"400\">T\u00e9cnico<\/td>\n<\/tr>\n<tr>\n<td width=\"271\">voltaje<\/td>\n<td width=\"129\">18 V<\/td>\n<\/tr>\n<tr>\n<td width=\"271\">Ajustes de temperatura num\u00e9rica<\/td>\n<td width=\"129\">2<\/td>\n<\/tr>\n<tr>\n<td width=\"271\">Temperatura en el ajuste 1<\/td>\n<td width=\"129\">350 \u00b0 C<\/td>\n<\/tr>\n<tr>\n<td width=\"271\">Temperatura en el ajuste 2<\/td>\n<td width=\"129\">550 \u00b0 C<\/td>\n<\/tr>\n<tr>\n<td width=\"271\">Caudal de aire en el ajuste 1<\/td>\n<td width=\"129\">200 l \/ min<\/td>\n<\/tr>\n<tr>\n<td width=\"271\">Caudal de aire en el ajuste 2<\/td>\n<td width=\"129\">200 l \/ min<\/td>\n<\/tr>\n<\/tbody>\n<\/table>\n","protected":false},"excerpt":{"rendered":"<ul>\n<li>Miembro de la familia Power X-Change<\/li>\n<li>Potente pistola de aire caliente con 2 escalones de temperatura<\/li>\n<li>Pantalla LED para la visualizaci\u00f3n del escal\u00f3n de temperatura seleccionado<\/li>\n<li>Funcionamiento seguro mediante protecci\u00f3n frente a sobrecalentamientos<\/li>\n<li>Eyecci\u00f3n mec\u00e1nica de boquilla para la retirada sencilla de boquillas sobrepuestas<\/li>\n<li>Superficie de apoyo para el uso estacionario<\/li>\n<li>Gancho met\u00e1lico plegable para un trabajo y conservaci\u00f3n flexible<\/li>\n<li>Asa ergon\u00f3mica con agarre suave Softgrip<\/li>\n<li>Incl. boquilla de reducci\u00f3n, boquilla de chorro ancho, boquilla de reflector<\/li>\n<li>Se entrega sin bater\u00eda ni cargador (se pueden adquirir por separado)<\/li>\n<\/ul>\n","protected":false},"featured_media":3393,"template":"","meta":{"_joinchat":[]},"product_cat":[50],"product_tag":[712],"class_list":{"0":"post-3392","1":"product","2":"type-product","3":"status-publish","4":"has-post-thumbnail","6":"product_cat-herramientas-a-bateria","7":"product_tag-pistola-de-calor-inalambrica","9":"first","10":"instock","11":"product-type-simple"},"_links":{"self":[{"href":"https:\/\/lidertecsa.com.ar\/catalogo\/wp-json\/wp\/v2\/product\/3392"}],"collection":[{"href":"https:\/\/lidertecsa.com.ar\/catalogo\/wp-json\/wp\/v2\/product"}],"about":[{"href":"https:\/\/lidertecsa.com.ar\/catalogo\/wp-json\/wp\/v2\/types\/product"}],"wp:featuredmedia":[{"embeddable":true,"href":"https:\/\/lidertecsa.com.ar\/catalogo\/wp-json\/wp\/v2\/media\/3393"}],"wp:attachment":[{"href":"https:\/\/lidertecsa.com.ar\/catalogo\/wp-json\/wp\/v2\/media?parent=3392"}],"wp:term":[{"taxonomy":"product_cat","embeddable":true,"href":"https:\/\/lidertecsa.com.ar\/catalogo\/wp-json\/wp\/v2\/product_cat?post=3392"},{"taxonomy":"product_tag","embeddable":true,"href":"https:\/\/lidertecsa.com.ar\/catalogo\/wp-json\/wp\/v2\/product_tag?post=3392"}],"curies":[{"name":"wp","href":"https:\/\/api.w.org\/{rel}","templated":true}]}}