{"id":3118,"date":"2023-07-13T14:50:45","date_gmt":"2023-07-13T17:50:45","guid":{"rendered":"https:\/\/lidertecsa.com.ar\/catalogo\/?post_type=product&#038;p=3118"},"modified":"2025-11-17T10:36:11","modified_gmt":"2025-11-17T13:36:11","slug":"fanatite","status":"publish","type":"product","link":"https:\/\/lidertecsa.com.ar\/catalogo\/producto\/fanatite\/","title":{"rendered":"FANATITE 520"},"content":{"rendered":"<div class=\"wpb_text_column wpb_content_element \">\n<div class=\"wpb_wrapper\">\n<p>Fanatite es un adhesivo monocomponente de poliuretano, especialmente dise\u00f1ado para la industria de la madera, pega gran variedad de superficies. Es apto para muebles de uso exterior, cocina y ba\u00f1o. Posee excelente resistencia a la humedad y un pegado efectivo entre los materiales mojados o h\u00famedos. Podes encontrarlo en madereras, ferreter\u00edas, casa de herrajes, carpinter\u00edas y comercios de construcci\u00f3n del pa\u00eds.<\/p>\n<div class=\"column-bg-overlay\">\n<table>\n<tbody>\n<tr>\n<td width=\"132\"><strong>Presentaciones<\/strong><\/td>\n<td width=\"113\"><strong>Precio en USD<\/strong><\/td>\n<\/tr>\n<tr>\n<td width=\"132\">50 gs<\/td>\n<td width=\"113\">1,75<\/td>\n<\/tr>\n<tr>\n<td width=\"132\">330 gs<\/td>\n<td width=\"113\">5,86<\/td>\n<\/tr>\n<tr>\n<td width=\"132\">1 kg<\/td>\n<td width=\"113\">14,73<\/td>\n<\/tr>\n<\/tbody>\n<\/table>\n<\/div>\n<div class=\"vc_column-inner\">\n<div class=\"wpb_wrapper\">\n<p><span style=\"font-family: Montserrat;font-size: 16px\">\u00c1reas de Aplicaci\u00f3n<\/span><\/p>\n<div id=\"fws_64b035f94d002\" class=\"wpb_row vc_row-fluid vc_row inner_row vc_row-o-equal-height vc_row-flex standard_section \" data-midnight=\"\" data-column-margin=\"default\" data-bg-mobile-hidden=\"\">\n<div class=\"col span_12 left\">\n<div class=\"vc_col-sm-1\/5 wpb_column column_container vc_column_container col no-extra-padding instance-16\" data-t-w-inherits=\"default\" data-shadow=\"none\" data-border-radius=\"none\" data-border-animation=\"\" data-border-animation-delay=\"\" data-border-width=\"none\" data-border-style=\"solid\" data-border-color=\"\" data-bg-cover=\"\" data-padding-pos=\"all\" data-has-bg-color=\"false\" data-bg-color=\"\" data-bg-opacity=\"1\" data-hover-bg=\"\" data-hover-bg-opacity=\"1\" data-animation=\"\" data-delay=\"0\">\n<div class=\"vc_column-inner\">\n<div class=\"wpb_wrapper\">\n<div class=\"wpb_text_column wpb_content_element vc_custom_1553698124464\">\n<div class=\"wpb_wrapper\">\n<p><span style=\"font-family: Montserrat;font-size: 16px\">Aluminio, Cemento, Cer\u00e1mica, Corcho, Goma, Ladrillo, Madera, Metal, Telgopor, Policarbonato<\/span><\/p>\n<\/div>\n<\/div>\n<\/div>\n<\/div>\n<\/div>\n<\/div>\n<\/div>\n<\/div>\n<\/div>\n<\/div>\n<\/div>\n","protected":false},"excerpt":{"rendered":"<p>Fanatite es un adhesivo monocomponente de poliuretano, especialmente dise\u00f1ado para la industria de la madera, pega gran variedad de superficies.<\/p>\n","protected":false},"featured_media":10461,"template":"","meta":{"_joinchat":[]},"product_cat":[681],"product_tag":[682],"class_list":{"0":"post-3118","1":"product","2":"type-product","3":"status-publish","4":"has-post-thumbnail","6":"product_cat-adhesivos-de-poliurertano","7":"product_tag-adhesivo-de-poliuretano","9":"first","10":"instock","11":"taxable","12":"shipping-taxable","13":"product-type-simple"},"_links":{"self":[{"href":"https:\/\/lidertecsa.com.ar\/catalogo\/wp-json\/wp\/v2\/product\/3118"}],"collection":[{"href":"https:\/\/lidertecsa.com.ar\/catalogo\/wp-json\/wp\/v2\/product"}],"about":[{"href":"https:\/\/lidertecsa.com.ar\/catalogo\/wp-json\/wp\/v2\/types\/product"}],"wp:featuredmedia":[{"embeddable":true,"href":"https:\/\/lidertecsa.com.ar\/catalogo\/wp-json\/wp\/v2\/media\/10461"}],"wp:attachment":[{"href":"https:\/\/lidertecsa.com.ar\/catalogo\/wp-json\/wp\/v2\/media?parent=3118"}],"wp:term":[{"taxonomy":"product_cat","embeddable":true,"href":"https:\/\/lidertecsa.com.ar\/catalogo\/wp-json\/wp\/v2\/product_cat?post=3118"},{"taxonomy":"product_tag","embeddable":true,"href":"https:\/\/lidertecsa.com.ar\/catalogo\/wp-json\/wp\/v2\/product_tag?post=3118"}],"curies":[{"name":"wp","href":"https:\/\/api.w.org\/{rel}","templated":true}]}}