{"id":2903,"date":"2023-07-07T13:09:29","date_gmt":"2023-07-07T16:09:29","guid":{"rendered":"https:\/\/lidertecsa.com.ar\/catalogo\/?post_type=product&#038;p=2903"},"modified":"2024-12-26T12:14:26","modified_gmt":"2024-12-26T15:14:26","slug":"conjunto-de-lluvia","status":"publish","type":"product","link":"https:\/\/lidertecsa.com.ar\/catalogo\/producto\/conjunto-de-lluvia\/","title":{"rendered":"Conjunto de Lluvia"},"content":{"rendered":"<section id=\"sectionCarac\" class=\"blocAccordion\">\n<div class=\"titreAccordion ui-accordion-header ui-accordion-header-active ui-state-active\">CARACTER\u00cdSTICAS DEL PRODUCTO<\/div>\n<div class=\"contentAccordion ui-accordion-content ui-accordion-content-active\">\n<section class=\"blocContenu blocContenu-first\">\n<div>Conjunto de lluvia chaqueta y pantal\u00f3n. Costuras selladas. CHAQUETA: capucha fija. Cierre con cremallera antifr\u00edo bajo solapa con broches. Mangas ranglan. Pu\u00f1os interiores el\u00e1sticos. 2 bolsillos. PANTAL\u00d3N: Cintura el\u00e1stica. Cierre con broches. Parte inferior de las piernas ajustado con broches.<\/div>\n<\/section>\n<section class=\"blocContenu\">\n<div>Soporte poli\u00e9ster con doble impregnaci\u00f3n de PVC.<\/div>\n<\/section>\n<section class=\"blocContenu\">\n<div>\n<div class=\"titleh1\"><span class=\"titre\">Ref. :\u00a0<\/span><span class=\"lib\">EN304<\/span><\/div>\n<div><\/div>\n<\/div>\n<\/section>\n<\/div>\n<\/section>\n<section id=\"sectionUtilisations\" class=\"blocAccordion\">\n<div class=\"titreAccordion ui-accordion-header ui-accordion-header-active ui-state-active\">USOS DEL PRODUCTO &#8211; RIESGOS<\/div>\n<div class=\"contentAccordion ui-accordion-content ui-accordion-content-active\">\n<div class=\"linePictos blocContenu\">\n<div class=\"blocProductUse\"><span id=\"picto_8575992\">-Agriculture \/ Industrie foresti\u00e8re &amp; P\u00eache<\/span><\/div>\n<p>-Second \u0153uvre \/ Artisans<br \/>\n-Autres industries extractives<br \/>\n-Travailleurs temporaires \/ \u00c9ducation<\/p>\n<\/div>\n<div class=\"linePictos blocContenu\">\n<div class=\"blocProductUse\">-Intemp\u00e9ries<\/div>\n<div><\/div>\n<\/div>\n<\/div>\n<\/section>\n<section id=\"sectionPlusProduits\" class=\"blocAccordion\">\n<div class=\"titreAccordion ui-accordion-header ui-accordion-header-active ui-state-active\">LOS PRODUCTOS + &#8211; BENEFICIOS PARA EL USUARIO<\/div>\n<div class=\"contentAccordion ui-accordion-content ui-accordion-content-active\">\n<section class=\"blocContenu row-fluid benefit\">\n<div class=\"span2 image\">\n<div class=\"row-fluid\">\n<div><\/div>\n<div class=\"span10 offset1\">-Aireamiento en la espalda.<\/div>\n<div><\/div>\n<\/div>\n<\/div>\n<div class=\"span5\">\n<p>-Ojales de aireaci\u00f3n bajo mangas<\/p>\n<\/div>\n<div class=\"span5\">\n<p>&nbsp;<\/p>\n<\/div>\n<\/section>\n<\/div>\n<\/section>\n<section id=\"sectionReferences\" class=\"blocAccordion\">\n<div class=\"titreAccordion ui-accordion-header ui-accordion-header-active ui-state-active\">REFERENCIAS<\/div>\n<div class=\"contentAccordion ui-accordion-content ui-accordion-content-active\">\n<table id=\"tabReferences\" class=\"table table-hover footable toggle-circle default footable-loaded\">\n<thead>\n<tr>\n<th class=\"refArticle footable-visible footable-first-column\">REFERENCIA<\/th>\n<th class=\"eanArticle footable-visible\">C\u00d3DIGO DE BARRAS<\/th>\n<th class=\"pcbArticle footable-visible\"><\/th>\n<th class=\"spcbArticle footable-visible\"><\/th>\n<th class=\"groupingRuleArticle footable-visible\" data-hide=\"phone\" data-grouping-label=\"Color Art\u00edculo\">COLOR ART\u00cdCULO<\/th>\n<th class=\"groupingRuleArticle footable-visible footable-last-column\" data-hide=\"phone\" data-grouping-label=\"Talla Art\u00edculo\">TALLA ART\u00cdCULO<\/th>\n<\/tr>\n<\/thead>\n<tfoot><\/tfoot>\n<tbody>\n<tr>\n<td class=\"refArticle footable-visible footable-first-column\" data-ref=\"EN304JATM2\">EN304JATM2-304<\/td>\n<td class=\"eanArticle footable-visible\">3295249128258<\/td>\n<td class=\"pcbArticle footable-visible\" data-vl=\"11\" data-pcb=\"10\" data-spcb=\"0\" data-partitionable=\"true\">10<\/td>\n<td class=\"spcbArticle footable-visible\"><\/td>\n<td class=\"groupingRuleArticle footable-visible\" data-grouping-label=\"Color Art\u00edculo\" data-grouping-value=\"Amarillo\">Amarillo<\/td>\n<td class=\"groupingRuleArticle footable-visible footable-last-column\" data-grouping-label=\"Talla Art\u00edculo\" data-grouping-value=\"M\">M<\/td>\n<\/tr>\n<tr>\n<td class=\"refArticle footable-visible footable-first-column\" data-ref=\"EN304JAGT2\">EN304JAGT2-304<\/td>\n<td class=\"eanArticle footable-visible\">3295249128265<\/td>\n<td class=\"pcbArticle footable-visible\" data-vl=\"11\" data-pcb=\"10\" data-spcb=\"0\" data-partitionable=\"true\">10<\/td>\n<td class=\"spcbArticle footable-visible\"><\/td>\n<td class=\"groupingRuleArticle footable-visible\" data-grouping-label=\"Color Art\u00edculo\" data-grouping-value=\"Amarillo\">Amarillo<\/td>\n<td class=\"groupingRuleArticle footable-visible footable-last-column\" data-grouping-label=\"Talla Art\u00edculo\" data-grouping-value=\"L\">L<\/td>\n<\/tr>\n<tr>\n<td class=\"refArticle footable-visible footable-first-column\" data-ref=\"EN304JAXG2\">EN304JAXG2-304<\/td>\n<td class=\"eanArticle footable-visible\">3295249128272<\/td>\n<td class=\"pcbArticle footable-visible\" data-vl=\"11\" data-pcb=\"10\" data-spcb=\"0\" data-partitionable=\"true\">10<\/td>\n<td class=\"spcbArticle footable-visible\"><\/td>\n<td class=\"groupingRuleArticle footable-visible\" data-grouping-label=\"Color Art\u00edculo\" data-grouping-value=\"Amarillo\">Amarillo<\/td>\n<td class=\"groupingRuleArticle footable-visible footable-last-column\" data-grouping-label=\"Talla Art\u00edculo\" data-grouping-value=\"XL\">XL<\/td>\n<\/tr>\n<tr>\n<td class=\"refArticle footable-visible footable-first-column\" data-ref=\"EN304JAXX2\">EN304JAXX2-304<\/td>\n<td class=\"eanArticle footable-visible\">3295249128289<\/td>\n<td class=\"pcbArticle footable-visible\" data-vl=\"11\" data-pcb=\"10\" data-spcb=\"0\" data-partitionable=\"true\">10<\/td>\n<td class=\"spcbArticle footable-visible\"><\/td>\n<td class=\"groupingRuleArticle footable-visible\" data-grouping-label=\"Color Art\u00edculo\" data-grouping-value=\"Amarillo\">Amarillo<\/td>\n<td class=\"groupingRuleArticle footable-visible footable-last-column\" data-grouping-label=\"Talla Art\u00edculo\" data-grouping-value=\"XXL\">XXL<\/td>\n<\/tr>\n<\/tbody>\n<\/table>\n<\/div>\n<\/section>\n<section id=\"sectionNormes\" class=\"blocAccordion\">\n<div class=\"titreAccordion ui-accordion-header ui-accordion-header-active ui-state-active\">CERTIFICACIONES &#8211; NORMAS<\/div>\n<div class=\"contentAccordion ui-accordion-content ui-accordion-content-active\">\n<section class=\"blocContenu row-fluid blocContenu-first groupeDirectives\">\n<div class=\"row-fluid legislation\">\n<div class=\"span12\">\n<p class=\"headerLegislation\"><span class=\"pictoLegislation LEG011\"><img decoding=\"async\" title=\"REGLAMENTACI\u00d3N (UE) 2016\/425\" src=\"https:\/\/www.deltaplus.com.ar\/documents\/10194\/11466796\/Picto+CE.jpg\/d8dafaa5-8c2b-4094-b6a5-907872154b9f?version=1.0&amp;t=1668767732612&amp;imageThumbnail=1\" alt=\"REGLAMENTACI\u00d3N (UE) 2016\/425\" \/>\u00a0<\/span><span class=\"libLegislation\">REGLAMENTACI\u00d3N (UE) 2016\/425<\/span><\/p>\n<\/div>\n<\/div>\n<div class=\"row-fluid norme\">\n<div class=\"span1 pictoNorme\"><\/div>\n<div class=\"span11 libNorme\">\n<p><span class=\"normLib\" data-norm-code=\"0\">EN ISO 13688:2013\/A1:2021\u00a0Requisitos generales para prendas de protecci\u00f3n.\u00a0\u00a0<i class=\"icon-ord-info\"><\/i><\/span><\/p>\n<\/div>\n<\/div>\n<div class=\"row-fluid norme\">\n<div class=\"span1 pictoNorme\"><span data-norm-code=\"1\"><img decoding=\"async\" title=\"Prenda de protecci\u00f3n contra las lluvia\" src=\"https:\/\/www.deltaplus.com.ar\/documents\/10194\/11466796\/Intemperies.jpg\/2bad4b35-b305-41bb-b7e0-e09e2b6d92e2?version=1.0&amp;t=1668767772250&amp;imageThumbnail=1\" alt=\"Prenda de protecci\u00f3n contra las lluvia\" \/><\/span><\/div>\n<div class=\"span11 libNorme\">\n<p><span class=\"normLib\" data-norm-code=\"1\">EN343:2003 A1:2007\u00a0Prenda de protecci\u00f3n contra las lluvia\u00a0\u00a0<i class=\"icon-ord-info\"><\/i><\/span><\/p>\n<table class=\"performanceNorme\">\n<tbody>\n<tr>\n<td class=\"shortLabelPerf\"><\/td>\n<td class=\"valeurPerf\">3<\/td>\n<td class=\"libPerf\">Clase de resistencia de la penetraci\u00f3n del agua (de 1 a 3)<\/td>\n<\/tr>\n<tr>\n<td class=\"shortLabelPerf\"><\/td>\n<td class=\"valeurPerf\">1*<\/td>\n<td class=\"libPerf\">Clase de resistencia evaporativa (de 1 a 3)<\/td>\n<\/tr>\n<\/tbody>\n<\/table>\n<\/div>\n<\/div>\n<\/section>\n<\/div>\n<\/section>\n","protected":false},"excerpt":{"rendered":"<p>Conjunto de lluvia chaqueta y pantal\u00f3n.<\/p>\n","protected":false},"featured_media":10383,"template":"","meta":{"_joinchat":[]},"product_cat":[786,633],"product_tag":[648],"class_list":{"0":"post-2903","1":"product","2":"type-product","3":"status-publish","4":"has-post-thumbnail","6":"product_cat-proteccion-cuerpo","7":"product_cat-proteccion-para-el-cuerpo","8":"product_tag-conjunto-de-lluvia","10":"first","11":"instock","12":"taxable","13":"shipping-taxable","14":"product-type-simple"},"_links":{"self":[{"href":"https:\/\/lidertecsa.com.ar\/catalogo\/wp-json\/wp\/v2\/product\/2903"}],"collection":[{"href":"https:\/\/lidertecsa.com.ar\/catalogo\/wp-json\/wp\/v2\/product"}],"about":[{"href":"https:\/\/lidertecsa.com.ar\/catalogo\/wp-json\/wp\/v2\/types\/product"}],"wp:featuredmedia":[{"embeddable":true,"href":"https:\/\/lidertecsa.com.ar\/catalogo\/wp-json\/wp\/v2\/media\/10383"}],"wp:attachment":[{"href":"https:\/\/lidertecsa.com.ar\/catalogo\/wp-json\/wp\/v2\/media?parent=2903"}],"wp:term":[{"taxonomy":"product_cat","embeddable":true,"href":"https:\/\/lidertecsa.com.ar\/catalogo\/wp-json\/wp\/v2\/product_cat?post=2903"},{"taxonomy":"product_tag","embeddable":true,"href":"https:\/\/lidertecsa.com.ar\/catalogo\/wp-json\/wp\/v2\/product_tag?post=2903"}],"curies":[{"name":"wp","href":"https:\/\/api.w.org\/{rel}","templated":true}]}}