{"id":2898,"date":"2023-07-07T13:02:39","date_gmt":"2023-07-07T16:02:39","guid":{"rendered":"https:\/\/lidertecsa.com.ar\/catalogo\/?post_type=product&#038;p=2898"},"modified":"2024-12-13T16:34:14","modified_gmt":"2024-12-13T19:34:14","slug":"chaleco-acolchado-de-poliamida-copia","status":"publish","type":"product","link":"https:\/\/lidertecsa.com.ar\/catalogo\/producto\/chaleco-acolchado-de-poliamida-copia\/","title":{"rendered":"Campera Softshell"},"content":{"rendered":"<section id=\"sectionCarac\" class=\"blocAccordion\">\n<div class=\"titreAccordion ui-accordion-header ui-accordion-header-active ui-state-active\">CARACTER\u00cdSTICAS DEL PRODUCTO<\/div>\n<div class=\"contentAccordion ui-accordion-content ui-accordion-content-active\">\n<section class=\"blocContenu blocContenu-first\">\n<div>Chaqueta. Cierre por cremallera antifr\u00edo. Pu\u00f1os con acabado ribete. Bajo de la prenda ajustado por cord\u00f3n el\u00e1stico. 5 bolsillos.<\/div>\n<\/section>\n<section class=\"blocContenu\">\n<div>Este art\u00edculo no es un EPI.<\/div>\n<\/section>\n<section class=\"blocContenu\">\n<div>Tejido \u00abSoftshell\u00bb 96% poli\u00e9ster 4% elastano.<\/div>\n<\/section>\n<section class=\"blocContenu\">\n<div>\n<div class=\"titleh1\"><span class=\"titre\">Ref. :\u00a0<\/span><span class=\"lib\">LULEA2<\/span><\/div>\n<div><\/div>\n<\/div>\n<\/section>\n<\/div>\n<\/section>\n<section id=\"sectionUtilisations\" class=\"blocAccordion\">\n<div class=\"titreAccordion ui-accordion-header ui-accordion-header-active ui-state-active\">USOS DEL PRODUCTO &#8211; RIESGOS<\/div>\n<div class=\"contentAccordion ui-accordion-content ui-accordion-content-active\">\n<div class=\"linePictos blocContenu\">\n<div class=\"blocProductUse\"><span id=\"picto_8575993\">-Travaux publics<\/span><\/div>\n<p>-Traitement des d\u00e9chets<br \/>\n-Maintenance<br \/>\n-Stockage<br \/>\n-Travailleurs temporaires \/ \u00c9ducation<\/p>\n<\/div>\n<div><\/div>\n<\/div>\n<\/section>\n<section id=\"sectionPlusProduits\" class=\"blocAccordion\">\n<div class=\"titreAccordion ui-accordion-header ui-accordion-header-active ui-state-active\">LOS PRODUCTOS + &#8211; BENEFICIOS PARA EL USUARIO<\/div>\n<div class=\"contentAccordion ui-accordion-content ui-accordion-content-active\">\n<section class=\"blocContenu row-fluid benefit\">\n<div class=\"span2 image\">\n<div class=\"row-fluid\">\n<div class=\"span10 offset1\"><\/div>\n<\/div>\n<\/div>\n<div class=\"span5\">\n<p>-Softshell : flexible, ligero y suave<\/p>\n<\/div>\n<\/section>\n<\/div>\n<\/section>\n","protected":false},"excerpt":{"rendered":"<div class=\"titleh2\">CHAQUETA DE SOFTSHELL POLI\u00c9STER\/ELASTANO<\/div>\n<div id=\"carouselThumbProduit\" class=\"row-fluid\">\n<div class=\"owl-carousel-thumbs\">\n<div id=\"thumbsProduit\" class=\"owl-carousel owl-theme\">\n<div class=\"owl-buttons span1\"><\/div>\n<\/div>\n<\/div>\n<\/div>\n","protected":false},"featured_media":10389,"template":"","meta":{"_joinchat":[]},"product_cat":[786,633],"product_tag":[646],"class_list":{"0":"post-2898","1":"product","2":"type-product","3":"status-publish","4":"has-post-thumbnail","6":"product_cat-proteccion-cuerpo","7":"product_cat-proteccion-para-el-cuerpo","8":"product_tag-campera-softshell","10":"first","11":"instock","12":"taxable","13":"shipping-taxable","14":"product-type-simple"},"_links":{"self":[{"href":"https:\/\/lidertecsa.com.ar\/catalogo\/wp-json\/wp\/v2\/product\/2898"}],"collection":[{"href":"https:\/\/lidertecsa.com.ar\/catalogo\/wp-json\/wp\/v2\/product"}],"about":[{"href":"https:\/\/lidertecsa.com.ar\/catalogo\/wp-json\/wp\/v2\/types\/product"}],"wp:featuredmedia":[{"embeddable":true,"href":"https:\/\/lidertecsa.com.ar\/catalogo\/wp-json\/wp\/v2\/media\/10389"}],"wp:attachment":[{"href":"https:\/\/lidertecsa.com.ar\/catalogo\/wp-json\/wp\/v2\/media?parent=2898"}],"wp:term":[{"taxonomy":"product_cat","embeddable":true,"href":"https:\/\/lidertecsa.com.ar\/catalogo\/wp-json\/wp\/v2\/product_cat?post=2898"},{"taxonomy":"product_tag","embeddable":true,"href":"https:\/\/lidertecsa.com.ar\/catalogo\/wp-json\/wp\/v2\/product_tag?post=2898"}],"curies":[{"name":"wp","href":"https:\/\/api.w.org\/{rel}","templated":true}]}}