{"id":2383,"date":"2023-07-04T02:06:58","date_gmt":"2023-07-04T05:06:58","guid":{"rendered":"https:\/\/lidertecsa.com.ar\/catalogo\/?post_type=product&#038;p=2383"},"modified":"2024-12-13T16:33:23","modified_gmt":"2024-12-13T19:33:23","slug":"mascarillas-proface-descartables-de-uso-medico-n95-100un","status":"publish","type":"product","link":"https:\/\/lidertecsa.com.ar\/catalogo\/producto\/mascarillas-proface-descartables-de-uso-medico-n95-100un\/","title":{"rendered":"Mascarillas Valvula &#8211; PROFACE descartables de uso m\u00e9dico N95 (100UN)"},"content":{"rendered":"<div class=\"titreAccordion ui-accordion-header ui-accordion-header-active ui-state-active\">CARACTER\u00cdSTICAS DEL PRODUCTO<\/div>\n<div class=\"contentAccordion ui-accordion-content ui-accordion-content-active\">\n<section class=\"blocContenu blocContenu-first\">\n<div>Caja de 100 mascarillas descartables PROFACE de uso m\u00e9dico N95 de fibra sint\u00e9tica no tejida. L\u00e1mina nasal de ajuste. V\u00e1lvula de exhalaci\u00f3n de altas prestaciones. Embalaje individual higi\u00e9nico. Norma: IRAM 3648.<\/div>\n<\/section>\n<section class=\"blocContenu\">\n<div>N95<\/div>\n<\/section>\n<section class=\"blocContenu\">\n<div>Fibra sint\u00e9tica no tejida<br \/>\nBandas ajustables<\/div>\n<\/section>\n<section class=\"blocContenu\"><img decoding=\"async\" class=\"pictosST50 pictosStruct\" title=\"Evolution\" src=\"https:\/\/www.deltaplus.com.ar\/documents\/10194\/11468382\/logo+evolution.jpg\/33e01a8f-3db9-44d5-b841-606d74785f94?version=1.0&amp;t=1668767793662&amp;imageThumbnail=1\" alt=\"Evolution\" \/><\/section>\n<section class=\"blocContenu\">\n<div>\n<div class=\"titleh1\"><span class=\"titre\">Ref. :\u00a0<\/span><span class=\"lib\">WXEMIRAMN95V_<\/span><\/div>\n<\/div>\n<\/section>\n<\/div>\n","protected":false},"excerpt":{"rendered":"<p>Caja de 100 mascarillas descartables PROFACE de uso m\u00e9dico N95 de fibra sint\u00e9tica no tejida. L\u00e1mina nasal de ajuste. V\u00e1lvula de exhalaci\u00f3n de altas prestaciones. Embalaje individual higi\u00e9nico.<\/p>\n","protected":false},"featured_media":9974,"template":"","meta":{"_joinchat":[]},"product_cat":[787,567],"product_tag":[568],"class_list":{"0":"post-2383","1":"product","2":"type-product","3":"status-publish","4":"has-post-thumbnail","6":"product_cat-proteccion-de-cabeza","7":"product_cat-proteccion-respiratoria","8":"product_tag-proteccion-desechable","10":"first","11":"instock","12":"taxable","13":"shipping-taxable","14":"product-type-simple"},"_links":{"self":[{"href":"https:\/\/lidertecsa.com.ar\/catalogo\/wp-json\/wp\/v2\/product\/2383"}],"collection":[{"href":"https:\/\/lidertecsa.com.ar\/catalogo\/wp-json\/wp\/v2\/product"}],"about":[{"href":"https:\/\/lidertecsa.com.ar\/catalogo\/wp-json\/wp\/v2\/types\/product"}],"wp:featuredmedia":[{"embeddable":true,"href":"https:\/\/lidertecsa.com.ar\/catalogo\/wp-json\/wp\/v2\/media\/9974"}],"wp:attachment":[{"href":"https:\/\/lidertecsa.com.ar\/catalogo\/wp-json\/wp\/v2\/media?parent=2383"}],"wp:term":[{"taxonomy":"product_cat","embeddable":true,"href":"https:\/\/lidertecsa.com.ar\/catalogo\/wp-json\/wp\/v2\/product_cat?post=2383"},{"taxonomy":"product_tag","embeddable":true,"href":"https:\/\/lidertecsa.com.ar\/catalogo\/wp-json\/wp\/v2\/product_tag?post=2383"}],"curies":[{"name":"wp","href":"https:\/\/api.w.org\/{rel}","templated":true}]}}

Mascarillas Valvula &#8211; PROFACE descartables de uso médico N95 (100UN)

<div class="titreAccordion ui-accordion-header ui-accordion-header-active ui-state-active">CARACTERÍSTICAS DEL PRODUCTO</div>
<div class="contentAccordion ui-accordion-content ui-accordion-content-active">
<section class="blocContenu blocContenu-first">
<div>Caja de 100 mascarillas descartables PROFACE de uso médico N95 de fibra sintética no tejida. Lámina nasal de ajuste. Válvula de exhalación de altas prestaciones. Embalaje individual higiénico. Norma: IRAM 3648.</div>
</section>
<section class="blocContenu">
<div>N95</div>
</section>
<section class="blocContenu">
<div>Fibra sintética no tejida<br />
Bandas ajustables</div>
</section>
<section class="blocContenu"><img decoding="async" class="pictosST50 pictosStruct" title="Evolution" src="https://www.deltaplus.com.ar/documents/10194/11468382/logo+evolution.jpg/33e01a8f-3db9-44d5-b841-606d74785f94?version=1.0&amp;t=1668767793662&amp;imageThumbnail=1" alt="Evolution" /></section>
<section class="blocContenu">
<div>
<div class="titleh1"><span class="titre">Ref. : </span><span class="lib">WXEMIRAMN95V_</span></div>
</div>
</section>
</div>

<p>Caja de 100 mascarillas descartables PROFACE de uso médico N95 de fibra sintética no tejida. Lámina nasal de ajuste. Válvula de exhalación de altas prestaciones. Embalaje individual higiénico.</p>
