{"id":2373,"date":"2023-07-04T01:57:52","date_gmt":"2023-07-04T04:57:52","guid":{"rendered":"https:\/\/lidertecsa.com.ar\/catalogo\/?post_type=product&#038;p=2373"},"modified":"2024-12-13T16:33:22","modified_gmt":"2024-12-13T19:33:22","slug":"mascarillas-filtrantes-20un","status":"publish","type":"product","link":"https:\/\/lidertecsa.com.ar\/catalogo\/producto\/mascarillas-filtrantes-20un\/","title":{"rendered":"Mascarillas Filtrantes FFP2 (20UN)"},"content":{"rendered":"<section id=\"sectionCarac\" class=\"blocAccordion\">\n<div class=\"titreAccordion ui-accordion-header ui-accordion-header-active ui-state-active\">CARACTER\u00cdSTICAS DEL PRODUCTO<\/div>\n<div class=\"contentAccordion ui-accordion-content ui-accordion-content-active\">\n<section class=\"blocContenu blocContenu-first\">\n<div>Caja de 20 mascarillas filtrantes FFP2 de fibra sint\u00e9tica no tejida. Forma convexa. L\u00e1mina nasal de ajuste. Borde reforzado, espuma bajo l\u00e1mina nasal. Test opcional DOLOMITE para un confort respiratorio prolongado.<\/div>\n<\/section>\n<section class=\"blocContenu\">\n<div>\n<p>FFP2 NR D<\/p>\n<p>Nosotros, DELTA PLUS GROUP, atestiguamos que el grafeno no se utiliza en el proceso de fabricaci\u00f3n de nuestra referencia M1200C.<\/p>\n<\/div>\n<\/section>\n<section class=\"blocContenu\">\n<div>Fibra sint\u00e9tica no tejida<\/div>\n<\/section>\n<section class=\"blocContenu\"><img decoding=\"async\" class=\"pictosST50 pictosStruct\" title=\"Essential\" src=\"https:\/\/www.deltaplus.com.ar\/documents\/10194\/11468382\/logo+essential.jpg\/54bcc756-a023-45d3-a84c-8ec4b9db2c8c?version=1.0&amp;t=1668767788604&amp;imageThumbnail=1\" alt=\"Essential\" \/><\/section>\n<section class=\"blocContenu\">\n<div>\n<div class=\"titleh1\"><span class=\"titre\">Ref. :\u00a0<\/span><span class=\"lib\">M1200C_<\/span><\/div>\n<\/div>\n<\/section>\n<\/div>\n<\/section>\n<section id=\"sectionUtilisations\" class=\"blocAccordion\">\n<div class=\"titreAccordion ui-accordion-header ui-accordion-header-active ui-state-active\">USOS DEL PRODUCTO &#8211; RIESGOS<\/div>\n<div class=\"contentAccordion ui-accordion-content ui-accordion-content-active\">\n<div class=\"linePictos blocContenu\">\n<div class=\"blocProductUse\"><img decoding=\"async\" class=\"pictosST70 pictosStruct\" title=\"Travaux publics\" src=\"https:\/\/www.deltaplus.com.ar\/documents\/10194\/11466796\/Picto+jobs.jpg\/128234e7-7b4a-4fa4-a0d9-d331be61cb14?version=1.0&amp;t=1668767694159&amp;imageThumbnail=1\" alt=\"Travaux publics\" \/><span id=\"picto_8575993\">Travaux publics<\/span><\/div>\n<div class=\"blocProductUse\"><img decoding=\"async\" class=\"pictosST70 pictosStruct\" title=\"Alimentaire\" src=\"https:\/\/www.deltaplus.com.ar\/documents\/10194\/11466796\/Picto+jobs.jpg\/128234e7-7b4a-4fa4-a0d9-d331be61cb14?version=1.0&amp;t=1668767694159&amp;imageThumbnail=1\" alt=\"Alimentaire\" \/><span id=\"picto_8576003\">Alimentaire<\/span><\/div>\n<div class=\"blocProductUse\"><img decoding=\"async\" class=\"pictosST70 pictosStruct\" title=\"Transport \/ Transport maritime\" src=\"https:\/\/www.deltaplus.com.ar\/documents\/10194\/11466796\/Picto+jobs.jpg\/128234e7-7b4a-4fa4-a0d9-d331be61cb14?version=1.0&amp;t=1668767694159&amp;imageThumbnail=1\" alt=\"Transport \/ Transport maritime\" \/><span id=\"picto_8576499\">Transport \/ Transport maritime<\/span><\/div>\n<div class=\"blocProductUse\"><img decoding=\"async\" class=\"pictosST70 pictosStruct\" title=\"Travailleurs temporaires \/ \u00c9ducation\" src=\"https:\/\/www.deltaplus.com.ar\/documents\/10194\/11466796\/Picto+jobs.jpg\/128234e7-7b4a-4fa4-a0d9-d331be61cb14?version=1.0&amp;t=1668767694159&amp;imageThumbnail=1\" alt=\"Travailleurs temporaires \/ \u00c9ducation\" \/><span id=\"picto_8576928\">Travailleurs temporaires \/ \u00c9ducation<\/span><\/div>\n<\/div>\n<div class=\"linePictos blocContenu\">\n<div class=\"blocProductUse\"><img decoding=\"async\" class=\"pictosST60 pictosStruct\" title=\"Biol\u00f3gicos\" src=\"https:\/\/www.deltaplus.com.ar\/documents\/10194\/11466796\/Biological.jpg\/730613ec-05dd-4710-a41c-6cf7da9c73bc?version=1.0&amp;t=1668767645720&amp;imageThumbnail=1\" alt=\"Biol\u00f3gicos\" \/>Biol\u00f3gicos<\/div>\n<div class=\"blocProductUse\"><img decoding=\"async\" class=\"pictosST60 pictosStruct\" title=\"Particules\" src=\"https:\/\/www.deltaplus.com.ar\/documents\/10194\/11466796\/Particule.jpg\/a1e3876f-ede0-4bba-bfd2-15e5ff45cc0e?version=1.0&amp;t=1668767699871&amp;imageThumbnail=1\" alt=\"Particules\" \/>Particules<\/div>\n<\/div>\n<\/div>\n<\/section>\n<section id=\"sectionPlusProduits\" class=\"blocAccordion\">\n<div class=\"titreAccordion ui-accordion-header ui-accordion-header-active ui-state-active\">LOS PRODUCTOS + &#8211; BENEFICIOS PARA EL USUARIO<\/div>\n<div class=\"contentAccordion ui-accordion-content ui-accordion-content-active\">\n<section class=\"blocContenu row-fluid benefit\">\n<div class=\"span2 image\">\n<div class=\"row-fluid\">\n<div class=\"span10 offset1\"><img decoding=\"async\" title=\"\" src=\"https:\/\/www.deltaplus.com.ar\/documents\/10194\/11544251\/Picto+ZERO+LATEX.jpg\/90839139-9205-4140-b119-a30541b684ac?version=1.0&amp;t=1668774742832&amp;imageThumbnail=1\" alt=\"\" data-src=\"\" \/><\/div>\n<\/div>\n<\/div>\n<div class=\"span5\">\n<p>&nbsp;<\/p>\n<\/div>\n<div class=\"span5\">\n<p>&nbsp;<\/p>\n<\/div>\n<\/section>\n<\/div>\n<\/section>\n<section id=\"sectionReferences\" class=\"blocAccordion\">\n<div class=\"titreAccordion ui-accordion-header ui-accordion-header-active ui-state-active\">REFERENCIAS<\/div>\n<div class=\"contentAccordion ui-accordion-content ui-accordion-content-active\">\n<table id=\"tabReferences\" class=\"table table-hover footable toggle-circle default footable-loaded\">\n<thead>\n<tr>\n<th class=\"refArticle footable-visible footable-first-column\">REFERENCIA<\/th>\n<th class=\"eanArticle footable-visible\">C\u00d3DIGO DE BARRAS<\/th>\n<th class=\"pcbArticle footable-visible\"><\/th>\n<th class=\"spcbArticle footable-visible\"><\/th>\n<th class=\"groupingRuleArticle footable-visible\" data-hide=\"phone\" data-grouping-label=\"Color Art\u00edculo\">COLOR ART\u00cdCULO<\/th>\n<th class=\"groupingRuleArticle footable-visible footable-last-column\" data-hide=\"phone\" data-grouping-label=\"Talla Art\u00edculo\">TALLA ART\u00cdCULO<\/th>\n<\/tr>\n<\/thead>\n<tfoot><\/tfoot>\n<tbody>\n<tr>\n<td class=\"refArticle footable-visible footable-first-column\" data-ref=\"M1200C\">M1200C-M1200C<\/td>\n<td class=\"eanArticle footable-visible\">3295249107987<\/td>\n<td class=\"pcbArticle footable-visible\" data-vl=\"11\" data-pcb=\"10\" data-spcb=\"0\" data-partitionable=\"true\">10<\/td>\n<td class=\"spcbArticle footable-visible\"><\/td>\n<td class=\"groupingRuleArticle footable-visible\" data-grouping-label=\"Color Art\u00edculo\" data-grouping-value=\"Blanco\">Blanco<\/td>\n<td class=\"groupingRuleArticle footable-visible footable-last-column\" data-grouping-label=\"Talla Art\u00edculo\" data-grouping-value=\"Ajustable\">Ajustable<\/td>\n<\/tr>\n<\/tbody>\n<\/table>\n<\/div>\n<\/section>\n<section id=\"sectionNormes\" class=\"blocAccordion\">\n<div class=\"titreAccordion ui-accordion-header ui-accordion-header-active ui-state-active\">CERTIFICACIONES &#8211; NORMAS<\/div>\n<div class=\"contentAccordion ui-accordion-content ui-accordion-content-active\">\n<section class=\"blocContenu row-fluid blocContenu-first groupeDirectives\">\n<div class=\"row-fluid legislation\">\n<div class=\"span12\">\n<p class=\"headerLegislation\"><span class=\"pictoLegislation LEG011\"><img decoding=\"async\" title=\"REGLAMENTACI\u00d3N (UE) 2016\/425\" src=\"https:\/\/www.deltaplus.com.ar\/documents\/10194\/11466796\/Picto+CE.jpg\/d8dafaa5-8c2b-4094-b6a5-907872154b9f?version=1.0&amp;t=1668767732612&amp;imageThumbnail=1\" alt=\"REGLAMENTACI\u00d3N (UE) 2016\/425\" \/>\u00a0<\/span><span class=\"libLegislation\">REGLAMENTACI\u00d3N (UE) 2016\/425<\/span><\/p>\n<\/div>\n<\/div>\n<div class=\"row-fluid norme\">\n<div class=\"span1 pictoNorme\"><\/div>\n<div class=\"span11 libNorme\">\n<p><span class=\"normLib\" data-norm-code=\"0\">EN149:2001+A1:2009\u00a0Semi-m\u00e1scara filtrante contra las part\u00edculas\u00a0\u00a0<\/span><\/p>\n<\/div>\n<\/div>\n<\/section>\n<\/div>\n<\/section>\n","protected":false},"excerpt":{"rendered":"<p>Caja de 20 mascarillas filtrantes FFP2 de fibra sint\u00e9tica no tejida. Forma convexa. L\u00e1mina nasal de ajuste. Borde reforzado, espuma bajo l\u00e1mina nasal. Test opcional DOLOMITE para un confort respiratorio prolongado.<\/p>\n","protected":false},"featured_media":9944,"template":"","meta":{"_joinchat":[]},"product_cat":[787,567],"product_tag":[568],"class_list":{"0":"post-2373","1":"product","2":"type-product","3":"status-publish","4":"has-post-thumbnail","6":"product_cat-proteccion-de-cabeza","7":"product_cat-proteccion-respiratoria","8":"product_tag-proteccion-desechable","10":"first","11":"instock","12":"taxable","13":"shipping-taxable","14":"product-type-simple"},"_links":{"self":[{"href":"https:\/\/lidertecsa.com.ar\/catalogo\/wp-json\/wp\/v2\/product\/2373"}],"collection":[{"href":"https:\/\/lidertecsa.com.ar\/catalogo\/wp-json\/wp\/v2\/product"}],"about":[{"href":"https:\/\/lidertecsa.com.ar\/catalogo\/wp-json\/wp\/v2\/types\/product"}],"wp:featuredmedia":[{"embeddable":true,"href":"https:\/\/lidertecsa.com.ar\/catalogo\/wp-json\/wp\/v2\/media\/9944"}],"wp:attachment":[{"href":"https:\/\/lidertecsa.com.ar\/catalogo\/wp-json\/wp\/v2\/media?parent=2373"}],"wp:term":[{"taxonomy":"product_cat","embeddable":true,"href":"https:\/\/lidertecsa.com.ar\/catalogo\/wp-json\/wp\/v2\/product_cat?post=2373"},{"taxonomy":"product_tag","embeddable":true,"href":"https:\/\/lidertecsa.com.ar\/catalogo\/wp-json\/wp\/v2\/product_tag?post=2373"}],"curies":[{"name":"wp","href":"https:\/\/api.w.org\/{rel}","templated":true}]}}