{"id":2285,"date":"2023-07-03T18:11:37","date_gmt":"2023-07-03T21:11:37","guid":{"rendered":"https:\/\/lidertecsa.com.ar\/catalogo\/?post_type=product&#038;p=2285"},"modified":"2024-12-13T16:33:15","modified_gmt":"2024-12-13T19:33:15","slug":"gafas-d-policarbonato-monobloque-piton-clear-ligeras","status":"publish","type":"product","link":"https:\/\/lidertecsa.com.ar\/catalogo\/producto\/gafas-d-policarbonato-monobloque-piton-clear-ligeras\/","title":{"rendered":"Gafas D\/ Policarbonato Monobloque &#8211; Piton Clear Ligeras"},"content":{"rendered":"<section class=\"blocContenu blocContenu-first\">Gafas de policarbonato monobloque incoloro muy ligeras. Dise\u00f1o moderno y deportivo. Protecciones laterales. Patillas con abertura para ventilaci\u00f3n lateral. Perforaci\u00f3n de las patillas para cordel.<\/section>\n<section class=\"blocContenu\">\n<div>Policarbonato<\/div>\n<\/section>\n<div><\/div>\n<p>USOS DEL PRODUCTO &#8211; RIESGOS:<br \/>\nSuministro de electricidad, gas y agua<br \/>\nTelecomunicaci\u00f3n<br \/>\nTransporte<br \/>\nTransporte mar\u00edtimo<br \/>\nTrabajadores temporales \/ Educaci\u00f3n<br \/>\nSegunda obra \/ Artesanos<br \/>\nOtras manufacturas (por ejemplo, semiconductores)<\/p>\n","protected":false},"excerpt":{"rendered":"<p>Gafas de policarbonato monobloque incoloro muy ligeras<\/p>\n","protected":false},"featured_media":9961,"template":"","meta":{"_joinchat":[]},"product_cat":[549],"product_tag":[554],"class_list":{"0":"post-2285","1":"product","2":"type-product","3":"status-publish","4":"has-post-thumbnail","6":"product_cat-ocular","7":"product_tag-gafas-con-patillas","9":"first","10":"instock","11":"taxable","12":"shipping-taxable","13":"product-type-simple"},"_links":{"self":[{"href":"https:\/\/lidertecsa.com.ar\/catalogo\/wp-json\/wp\/v2\/product\/2285"}],"collection":[{"href":"https:\/\/lidertecsa.com.ar\/catalogo\/wp-json\/wp\/v2\/product"}],"about":[{"href":"https:\/\/lidertecsa.com.ar\/catalogo\/wp-json\/wp\/v2\/types\/product"}],"wp:featuredmedia":[{"embeddable":true,"href":"https:\/\/lidertecsa.com.ar\/catalogo\/wp-json\/wp\/v2\/media\/9961"}],"wp:attachment":[{"href":"https:\/\/lidertecsa.com.ar\/catalogo\/wp-json\/wp\/v2\/media?parent=2285"}],"wp:term":[{"taxonomy":"product_cat","embeddable":true,"href":"https:\/\/lidertecsa.com.ar\/catalogo\/wp-json\/wp\/v2\/product_cat?post=2285"},{"taxonomy":"product_tag","embeddable":true,"href":"https:\/\/lidertecsa.com.ar\/catalogo\/wp-json\/wp\/v2\/product_tag?post=2285"}],"curies":[{"name":"wp","href":"https:\/\/api.w.org\/{rel}","templated":true}]}}