{"id":1939,"date":"2023-06-30T09:54:46","date_gmt":"2023-06-30T12:54:46","guid":{"rendered":"https:\/\/lidertecsa.com.ar\/catalogo\/?post_type=product&#038;p=1939"},"modified":"2024-12-13T16:32:48","modified_gmt":"2024-12-13T19:32:48","slug":"guante-de-polietileno-con-doble-nitrilo-2","status":"publish","type":"product","link":"https:\/\/lidertecsa.com.ar\/catalogo\/producto\/guante-de-polietileno-con-doble-nitrilo-2\/","title":{"rendered":"Guante de Polietileno con Doble Nitrilo"},"content":{"rendered":"<section id=\"sectionCarac\" class=\"blocAccordion\">\n<div class=\"titreAccordion ui-accordion-header ui-accordion-header-active ui-state-active\">CARACTER\u00cdSTICAS DEL PRODUCTO<\/div>\n<div class=\"contentAccordion ui-accordion-content ui-accordion-content-active\">\n<section class=\"blocContenu blocContenu-first\">\n<div>Soporte de polietileno de altas prestaciones. Refuerzo de TPR en dorso y punta de los dedos. Impregnaci\u00f3n de nitrilo liso\/espuma de nitrilo en palma y punta de los dedos. Refuerzo en relieve el interior de la palma. Hilo Kevlar\u00ae en todas las costuras.<\/div>\n<\/section>\n<section class=\"blocContenu\">\n<div>Soporte: fibra de polietileno de altas prestaciones.<br \/>\nImpregnaci\u00f3n: nitrilo.<br \/>\nRefuerzo del dorso: TPR.<br \/>\nRefuerzo del pulgar\/\u00edndice: PVC.<\/div>\n<\/section>\n<section class=\"blocContenu\">\n<div>\n<div class=\"titleh1\"><span class=\"titre\">Ref. :\u00a0<\/span><span class=\"lib\">VV910<\/span><\/div>\n<\/div>\n<\/section>\n<\/div>\n<\/section>\n<section id=\"sectionUtilisations\" class=\"blocAccordion\">\n<div><\/div>\n<div class=\"titreAccordion ui-accordion-header ui-accordion-header-active ui-state-active\">USOS DEL PRODUCTO &#8211; RIESGOS<\/div>\n<div class=\"contentAccordion ui-accordion-content ui-accordion-content-active\">\n<div class=\"linePictos blocContenu\">\n<div class=\"blocProductUse\"><span id=\"picto_8575993\">&#8211; Travaux publics<\/span><\/div>\n<p>&#8211; Chimie \/ P\u00e9trochimie<br \/>\n&#8211; Stockage<br \/>\n&#8211; Industrie mini\u00e8re<br \/>\n&#8211; Energie \u00e9olienne<br \/>\n&#8211; Travailleurs temporaires \/ \u00c9ducation<\/p>\n<\/div>\n<div class=\"linePictos blocContenu\">&#8211; Corte<\/div>\n<div class=\"linePictos blocContenu\">&#8211; Desgaste<br \/>\n&#8211; Golpes<br \/>\n&#8211; Perforation<\/div>\n<div><\/div>\n<\/div>\n<\/section>\n<section id=\"sectionPlusProduits\" class=\"blocAccordion\">\n<div class=\"titreAccordion ui-accordion-header ui-accordion-header-active ui-state-active\">LOS PRODUCTOS + &#8211; BENEFICIOS PARA EL USUARIO<\/div>\n<div class=\"contentAccordion ui-accordion-content ui-accordion-content-active\">\n<section class=\"blocContenu row-fluid benefit\">\n<div class=\"span2 image\">\n<div class=\"row-fluid\"><\/div>\n<\/div>\n<\/section>\n<section class=\"blocContenu row-fluid benefit\">\n<div class=\"span2 image\">\n<div class=\"row-fluid\">\n<div><\/div>\n<div class=\"span10 offset1\">&#8211; Doble impregnaci\u00f3n de nitrilo para trabajar en ambientes aceitosos:<\/div>\n<\/div>\n<\/div>\n<div class=\"span5\">\n<p>\u2022 1\u00aa impregnaci\u00f3n de nitrilo liso\u00a0: permeable a aceites<br \/>\n\u2022 2\u00aa impregnaci\u00f3n de espuma de nitrilo: buena adherencia<\/p>\n<\/div>\n<\/section>\n<section class=\"blocContenu row-fluid benefit\">\n<div class=\"span5\">\n<p>&#8211; Refuerzos flexibles para una mejor protecci\u00f3n contra los golpes y los pinzamientos<\/p>\n<\/div>\n<div class=\"span5\">\n<p>&#8211; Refuerzo entre el pulgar y el \u00edndice y en palma<\/p>\n<\/div>\n<\/section>\n<section class=\"blocContenu row-fluid benefit\">\n<div class=\"span5\">\n<p>&#8211; Protecci\u00f3n contra los impactos en la zona del metacarpio. Despu\u00e9s de un impacto de energ\u00eda de 5J, la fuerza transmitida a los dedos de la mano no puede sobrepasar los 4 kN<\/p>\n<\/div>\n<\/section>\n<section class=\"blocContenu row-fluid benefit\">\n<div class=\"span5\">\n<p>-Disponible s\u00f3lo en Bl\u00edster<\/p>\n<\/div>\n<div class=\"span5\">\n<p>&#8211; Muy buena resistencia a la abrasi\u00f3n y a los cortes<\/p>\n<\/div>\n<\/section>\n<section class=\"blocContenu row-fluid benefit\">\n<div class=\"span5\">\n<p>&#8211; Hilo de Kevlar\u00ae para una mayor durabilidad del guanteManguito 8 cm: seguridad y comodidad<\/p>\n<\/div>\n<\/section>\n<section class=\"blocContenu row-fluid benefit\">\n<div class=\"span2 image\">\n<div class=\"row-fluid\">\n<div class=\"span10 offset1\">&#8211; Seguridad, calidad y confort: el EOS NO CUT es seguramente uno de los guantes m\u00e1s interesantes del mercado.<\/div>\n<\/div>\n<\/div>\n<div class=\"span5\">\n<p>&nbsp;<\/p>\n<\/div>\n<\/section>\n<\/div>\n<\/section>\n<section id=\"sectionReferences\" class=\"blocAccordion\">\n<div class=\"titreAccordion ui-accordion-header ui-accordion-header-active ui-state-active\">REFERENCIAS<\/div>\n<div class=\"contentAccordion ui-accordion-content ui-accordion-content-active\">\n<table id=\"tabReferences\" class=\"table table-hover footable toggle-circle default footable-loaded\">\n<thead>\n<tr>\n<th class=\"refArticle footable-visible footable-first-column\">REFERENCIA<\/th>\n<th class=\"eanArticle footable-visible\">C\u00d3DIGO DE BARRAS<\/th>\n<th class=\"pcbArticle footable-visible\"><\/th>\n<th class=\"spcbArticle footable-visible\"><\/th>\n<th class=\"groupingRuleArticle footable-visible\" data-hide=\"phone\" data-grouping-label=\"Color Art\u00edculo\">COLOR ART\u00cdCULO<\/th>\n<th class=\"groupingRuleArticle footable-visible footable-last-column\" data-hide=\"phone\" data-grouping-label=\"Talla Art\u00edculo\">TALLA ART\u00cdCULO<\/th>\n<\/tr>\n<\/thead>\n<tfoot><\/tfoot>\n<tbody>\n<tr>\n<td class=\"refArticle footable-visible footable-first-column\" data-ref=\"VV910JA09\">VV910JA09-EOS NOCUT VV910<\/td>\n<td class=\"eanArticle footable-visible\">3295249191559<\/td>\n<td class=\"pcbArticle footable-visible\" data-vl=\"11\" data-pcb=\"60\" data-spcb=\"12\" data-partitionable=\"true\">60<\/td>\n<td class=\"spcbArticle footable-visible\">12<\/td>\n<td class=\"groupingRuleArticle footable-visible\" data-grouping-label=\"Color Art\u00edculo\" data-grouping-value=\"Amarillo-Gris-Negro\">Amarillo-Gris-Negro<\/td>\n<td class=\"groupingRuleArticle footable-visible footable-last-column\" data-grouping-label=\"Talla Art\u00edculo\" data-grouping-value=\"09\">09<\/td>\n<\/tr>\n<tr>\n<td class=\"refArticle footable-visible footable-first-column\" data-ref=\"VV910JA10\">VV910JA10-EOS NOCUT VV910<\/td>\n<td class=\"eanArticle footable-visible\">3295249191566<\/td>\n<td class=\"pcbArticle footable-visible\" data-vl=\"11\" data-pcb=\"60\" data-spcb=\"12\" data-partitionable=\"true\">60<\/td>\n<td class=\"spcbArticle footable-visible\">12<\/td>\n<td class=\"groupingRuleArticle footable-visible\" data-grouping-label=\"Color Art\u00edculo\" data-grouping-value=\"Amarillo-Gris-Negro\">Amarillo-Gris-Negro<\/td>\n<td class=\"groupingRuleArticle footable-visible footable-last-column\" data-grouping-label=\"Talla Art\u00edculo\" data-grouping-value=\"10\">10<\/td>\n<\/tr>\n<tr>\n<td class=\"refArticle footable-visible footable-first-column\" data-ref=\"VV910JA11\">VV910JA11-EOS NOCUT VV910<\/td>\n<td class=\"eanArticle footable-visible\">3295249191573<\/td>\n<td class=\"pcbArticle footable-visible\" data-vl=\"11\" data-pcb=\"60\" data-spcb=\"12\" data-partitionable=\"true\">60<\/td>\n<td class=\"spcbArticle footable-visible\">12<\/td>\n<td class=\"groupingRuleArticle footable-visible\" data-grouping-label=\"Color Art\u00edculo\" data-grouping-value=\"Amarillo-Gris-Negro\">Amarillo-Gris-Negro<\/td>\n<td class=\"groupingRuleArticle footable-visible footable-last-column\" data-grouping-label=\"Talla Art\u00edculo\" data-grouping-value=\"11\">11<\/td>\n<\/tr>\n<\/tbody>\n<\/table>\n<\/div>\n<\/section>\n<section id=\"sectionNormes\" class=\"blocAccordion\">\n<div class=\"titreAccordion ui-accordion-header ui-accordion-header-active ui-state-active\">CERTIFICACIONES &#8211; NORMAS<\/div>\n<div class=\"contentAccordion ui-accordion-content ui-accordion-content-active\">\n<section class=\"blocContenu row-fluid blocContenu-first groupeDirectives\">\n<div class=\"row-fluid legislation\">\n<div class=\"span12\">\n<p class=\"headerLegislation\"><span class=\"pictoLegislation LEG300\"><img decoding=\"async\" title=\"Certif. sello S Resoluci\u00f3n 896\/99\" src=\"https:\/\/www.deltaplus.com.ar\/documents\/10194\/11468382\/LOGO+IRAM+S+PARA+GUANTES.jpg\/7f981917-2bd9-40d8-9f54-16815214e026?version=1.0&amp;t=1668767788510&amp;imageThumbnail=1\" alt=\"Certif. sello S Resoluci\u00f3n 896\/99\" \/>\u00a0<\/span><span class=\"libLegislation\">CERTIF. SELLO S RESOLUCI\u00d3N 896\/99<\/span><\/p>\n<\/div>\n<\/div>\n<div class=\"row-fluid norme\">\n<div class=\"span1 pictoNorme\"><\/div>\n<div class=\"span11 libNorme\">\n<p><span class=\"normLib\" data-norm-code=\"0\">EN ISO 21420:2020\u00a0Exigencias generales\u00a0\u00a0<i class=\"icon-ord-info\"><\/i><\/span><\/p>\n<\/div>\n<\/div>\n<div class=\"row-fluid norme\">\n<div class=\"span1 pictoNorme\"><span data-norm-code=\"1\"><img decoding=\"async\" title=\"Guantes contra los riesgos Mec\u00e1nicos (Niveles obtenidos en la palma)\" src=\"https:\/\/www.deltaplus.com.ar\/documents\/10194\/11466796\/Mecaniques.jpg\/850f1b5a-38f8-4a84-8fde-56f1206b8aab?version=1.0&amp;t=1668767726358&amp;imageThumbnail=1\" alt=\"Guantes contra los riesgos Mec\u00e1nicos (Niveles obtenidos en la palma)\" \/><\/span><\/div>\n<div class=\"span11 libNorme\">\n<p><span class=\"normLib\" data-norm-code=\"1\">EN388:2016\u00a0Guantes contra los riesgos Mec\u00e1nicos (Niveles obtenidos en la palma)\u00a0\u00a0<i class=\"icon-ord-info\"><\/i><\/span><\/p>\n<table class=\"performanceNorme\">\n<tbody>\n<tr>\n<td class=\"shortLabelPerf\"><\/td>\n<td class=\"valeurPerf\">4<\/td>\n<td class=\"libPerf\">Resistencia a la abrasi\u00f3n (de 1 a 4)<\/td>\n<\/tr>\n<tr>\n<td class=\"shortLabelPerf\"><\/td>\n<td class=\"valeurPerf\">X<\/td>\n<td class=\"libPerf\">Resistencia al corte (de 1 a 5)<\/td>\n<\/tr>\n<tr>\n<td class=\"shortLabelPerf\"><\/td>\n<td class=\"valeurPerf\">4<\/td>\n<td class=\"libPerf\">Resistencia al desgarro (de 1 a 4)<\/td>\n<\/tr>\n<tr>\n<td class=\"shortLabelPerf\"><\/td>\n<td class=\"valeurPerf\">2<\/td>\n<td class=\"libPerf\">Resistencia a la perforaci\u00f3n (de 1 a 4)<\/td>\n<\/tr>\n<tr>\n<td class=\"shortLabelPerf\"><\/td>\n<td class=\"valeurPerf\">D<\/td>\n<td class=\"libPerf\">Resistencia a los cortes por objetos cortantes (TDM EN ISO 13997) (de A a F).<\/td>\n<\/tr>\n<tr>\n<td class=\"shortLabelPerf\"><\/td>\n<td class=\"valeurPerf\">P<\/td>\n<td class=\"libPerf\">Protecci\u00f3n contra los impactos en la zona del metacarpio (P) (EN13594:2002 6.8.2)<\/td>\n<\/tr>\n<\/tbody>\n<\/table>\n<\/div>\n<\/div>\n<div class=\"row-fluid norme\">\n<div class=\"span1 pictoNorme\"><\/div>\n<div class=\"span11 libNorme\">\n<p><span class=\"normLib\" data-norm-code=\"2\">EN13594:2002 4.1.3\/6.8.2.\u00a0Atenuaci\u00f3n de la energ\u00eda del impacto\u00a0\u00a0<i class=\"icon-ord-info\"><\/i><\/span><\/p>\n<\/div>\n<\/div>\n<div class=\"row-fluid legislation\">\n<div class=\"span12\">\n<p class=\"headerLegislation\"><span class=\"libLegislation\">USA STANDARDS<\/span><\/p>\n<\/div>\n<\/div>\n<div class=\"row-fluid norme\">\n<div class=\"span1 pictoNorme\"><img decoding=\"async\" title=\"Protecci\u00f3n de la mano\" src=\"https:\/\/www.deltaplus.com.ar\/documents\/10194\/11466796\/ANSI.jpg\/2fb255aa-64ff-4d30-9a92-5012ee710762?version=1.0&amp;t=1668767745648&amp;imageThumbnail=1\" alt=\"Protecci\u00f3n de la mano\" \/><\/div>\n<div class=\"span11 libNorme\">\n<p>ANSI-ISEA 105:2016\u00a0Protecci\u00f3n de la mano<\/p>\n<table class=\"performanceNorme\">\n<tbody>\n<tr>\n<td class=\"shortLabelPerf\"><\/td>\n<td class=\"valeurPerf\">A4<\/td>\n<td class=\"libPerf\">Resistencia al corte por objetos afilados (de A1 a A9)<\/td>\n<\/tr>\n<\/tbody>\n<\/table>\n<\/div>\n<\/div>\n<div class=\"row-fluid norme\">\n<div class=\"span1 pictoNorme\"><img decoding=\"async\" title=\"Prestaciones y clasificaci\u00f3n de los guantes resistentes a los impactos.\" src=\"https:\/\/www.deltaplus.com.ar\/documents\/10194\/11466796\/ANSI+ISEA+138+LEVEL+1.jpg\/85cee7a2-d599-4d82-bc7e-2fcaf799e80c?version=1.0&amp;t=1668767760194&amp;imageThumbnail=1\" alt=\"Prestaciones y clasificaci\u00f3n de los guantes resistentes a los impactos.\" \/><\/div>\n<div class=\"span11 libNorme\">\n<p>ANSI-ISEA 138:2019\u00a0Prestaciones y clasificaci\u00f3n de los guantes resistentes a los impactos.<\/p>\n<table class=\"performanceNorme\">\n<tbody>\n<tr>\n<td class=\"shortLabelPerf\"><\/td>\n<td class=\"valeurPerf\">1<\/td>\n<td class=\"libPerf\">Resistencia a impactos (del 1 al 3)<\/td>\n<\/tr>\n<\/tbody>\n<\/table>\n<\/div>\n<\/div>\n<div class=\"row-fluid legislation\">\n<div class=\"span12\">\n<p class=\"headerLegislation\"><span class=\"pictoLegislation LEG011\"><img decoding=\"async\" title=\"REGLAMENTACI\u00d3N (UE) 2016\/425\" src=\"https:\/\/www.deltaplus.com.ar\/documents\/10194\/11466796\/Picto+CE.jpg\/d8dafaa5-8c2b-4094-b6a5-907872154b9f?version=1.0&amp;t=1668767732612&amp;imageThumbnail=1\" alt=\"REGLAMENTACI\u00d3N (UE) 2016\/425\" \/>\u00a0<\/span><span class=\"libLegislation\">REGLAMENTACI\u00d3N (UE) 2016\/425<\/span><\/p>\n<\/div>\n<\/div>\n<div class=\"row-fluid norme\">\n<div class=\"span1 pictoNorme\"><\/div>\n<div class=\"span11 libNorme\">\n<p><span class=\"normLib\" data-norm-code=\"0\">EN ISO 21420:2020\u00a0Exigencias generales\u00a0\u00a0<i class=\"icon-ord-info\"><\/i><\/span><\/p>\n<\/div>\n<\/div>\n<div class=\"row-fluid norme\">\n<div class=\"span1 pictoNorme\"><span data-norm-code=\"1\"><img decoding=\"async\" title=\"Guantes contra los riesgos Mec\u00e1nicos (Niveles obtenidos en la palma)\" src=\"https:\/\/www.deltaplus.com.ar\/documents\/10194\/11466796\/Mecaniques.jpg\/850f1b5a-38f8-4a84-8fde-56f1206b8aab?version=1.0&amp;t=1668767726358&amp;imageThumbnail=1\" alt=\"Guantes contra los riesgos Mec\u00e1nicos (Niveles obtenidos en la palma)\" \/><\/span><\/div>\n<div class=\"span11 libNorme\">\n<p><span class=\"normLib\" data-norm-code=\"1\">EN388:2016+A1:2018\u00a0Guantes contra los riesgos Mec\u00e1nicos (Niveles obtenidos en la palma)\u00a0\u00a0<i class=\"icon-ord-info\"><\/i><\/span><\/p>\n<table class=\"performanceNorme\">\n<tbody>\n<tr>\n<td class=\"shortLabelPerf\"><\/td>\n<td class=\"valeurPerf\">4<\/td>\n<td class=\"libPerf\">Resistencia a la abrasi\u00f3n (de 1 a 4)<\/td>\n<\/tr>\n<tr>\n<td class=\"shortLabelPerf\"><\/td>\n<td class=\"valeurPerf\">X<\/td>\n<td class=\"libPerf\">Resistencia al corte (de 1 a 5)<\/td>\n<\/tr>\n<tr>\n<td class=\"shortLabelPerf\"><\/td>\n<td class=\"valeurPerf\">4<\/td>\n<td class=\"libPerf\">Resistencia al desgarro (de 1 a 4)<\/td>\n<\/tr>\n<tr>\n<td class=\"shortLabelPerf\"><\/td>\n<td class=\"valeurPerf\">2<\/td>\n<td class=\"libPerf\">Resistencia a la perforaci\u00f3n (de 1 a 4)<\/td>\n<\/tr>\n<tr>\n<td class=\"shortLabelPerf\"><\/td>\n<td class=\"valeurPerf\">D<\/td>\n<td class=\"libPerf\">Resistencia a los cortes por objetos cortantes (TDM EN ISO 13997) (de A a F).<\/td>\n<\/tr>\n<tr>\n<td class=\"shortLabelPerf\"><\/td>\n<td class=\"valeurPerf\">P<\/td>\n<td class=\"libPerf\">Protecci\u00f3n contra los impactos en la zona del metacarpio (P) (EN13594:2002 6.8.2)<\/td>\n<\/tr>\n<\/tbody>\n<\/table>\n<\/div>\n<\/div>\n<div class=\"row-fluid norme\">\n<div class=\"span1 pictoNorme\"><\/div>\n<div class=\"span11 libNorme\">\n<p><span class=\"normLib\" data-norm-code=\"2\">EN13594:2002 4.1.3\/6.8.2.\u00a0Atenuaci\u00f3n de la energ\u00eda del impacto\u00a0\u00a0<\/span><\/p>\n<\/div>\n<\/div>\n<\/section>\n<\/div>\n<\/section>\n","protected":false},"excerpt":{"rendered":"<div class=\"titleh1\">\n<div>Soporte de polietileno de altas prestaciones. Refuerzo de TPR en dorso y punta de los dedos. Impregnaci\u00f3n de nitrilo liso\/espuma de nitrilo en palma y punta de los dedos. Refuerzo en relieve el interior de la palma. Hilo Kevlar\u00ae en todas las costuras.<\/div>\n<div class=\"titleh1\">Talla Art\u00edculo: 08, 09, 10, 11<\/div>\n<\/div>\n<p>&nbsp;<\/p>\n","protected":false},"featured_media":9825,"template":"","meta":{"_joinchat":[]},"product_cat":[785,449],"product_tag":[798],"class_list":{"0":"post-1939","1":"product","2":"type-product","3":"status-publish","4":"has-post-thumbnail","6":"product_cat-proteccion-manos-barazos","7":"product_cat-guantes-nitrilo","8":"product_tag-guantes-antishock","10":"first","11":"instock","12":"taxable","13":"shipping-taxable","14":"product-type-simple"},"_links":{"self":[{"href":"https:\/\/lidertecsa.com.ar\/catalogo\/wp-json\/wp\/v2\/product\/1939"}],"collection":[{"href":"https:\/\/lidertecsa.com.ar\/catalogo\/wp-json\/wp\/v2\/product"}],"about":[{"href":"https:\/\/lidertecsa.com.ar\/catalogo\/wp-json\/wp\/v2\/types\/product"}],"wp:featuredmedia":[{"embeddable":true,"href":"https:\/\/lidertecsa.com.ar\/catalogo\/wp-json\/wp\/v2\/media\/9825"}],"wp:attachment":[{"href":"https:\/\/lidertecsa.com.ar\/catalogo\/wp-json\/wp\/v2\/media?parent=1939"}],"wp:term":[{"taxonomy":"product_cat","embeddable":true,"href":"https:\/\/lidertecsa.com.ar\/catalogo\/wp-json\/wp\/v2\/product_cat?post=1939"},{"taxonomy":"product_tag","embeddable":true,"href":"https:\/\/lidertecsa.com.ar\/catalogo\/wp-json\/wp\/v2\/product_tag?post=1939"}],"curies":[{"name":"wp","href":"https:\/\/api.w.org\/{rel}","templated":true}]}}