{"id":1886,"date":"2023-06-29T13:42:16","date_gmt":"2023-06-29T16:42:16","guid":{"rendered":"https:\/\/lidertecsa.com.ar\/catalogo\/?post_type=product&#038;p=1886"},"modified":"2024-12-13T16:43:43","modified_gmt":"2024-12-13T19:43:43","slug":"papel-engomado-reforzado","status":"publish","type":"product","link":"https:\/\/lidertecsa.com.ar\/catalogo\/producto\/papel-engomado-reforzado\/","title":{"rendered":"Papel Engomado Reforzado"},"content":{"rendered":"<div id=\"elementor-tab-title-1993\" class=\"elementor-tab-title elementor-active\" role=\"tab\" data-tab=\"3\"><a class=\"elementor-toggle-title\" href=\"https:\/\/faipsa.com\/papel-engomado-reforzado\/\">Usos<\/a><\/div>\n<div id=\"elementor-tab-content-1993\" class=\"elementor-tab-content elementor-clearfix elementor-active\" role=\"tabpanel\" data-tab=\"3\" aria-labelledby=\"elementor-tab-title-1993\">\n<ul>\n<li>Dise\u00f1ada para sellar cajas de cart\u00f3n en embalajes (log\u00edstica, e-commerce, etc).<\/li>\n<\/ul>\n<div id=\"elementor-tab-title-1994\" class=\"elementor-tab-title elementor-active\" role=\"tab\" data-tab=\"4\"><a class=\"elementor-toggle-title\" href=\"https:\/\/faipsa.com\/papel-engomado-reforzado\/\">Ventajas<\/a><\/div>\n<div id=\"elementor-tab-content-1994\" class=\"elementor-tab-content elementor-clearfix elementor-active\" role=\"tabpanel\" data-tab=\"4\" aria-labelledby=\"elementor-tab-title-1994\">\n<ul>\n<li>\u00a0Cierre definitivo<\/li>\n<li>Recomendada para cargas pesadas.<\/li>\n<li>Mayor resistencia y fuerza.<\/li>\n<li>Producto amigable con el medio ambiente.<\/li>\n<li>Recubrimiento suave, uniforme y est\u00e9tico.<\/li>\n<li>Adhesivo especial de alta adherencia no removible.<\/li>\n<li>Si la caja es violentada queda en evidencia la manipulaci\u00f3n del contenido.<\/li>\n<\/ul>\n<div class=\"elementor-toggle-item\">\n<div id=\"elementor-tab-title-1991\" class=\"elementor-tab-title elementor-active\" role=\"tab\" data-tab=\"1\"><a class=\"elementor-toggle-title\" href=\"https:\/\/faipsa.com\/papel-engomado-reforzado\/\">Dimensiones<\/a><\/div>\n<div id=\"elementor-tab-content-1991\" class=\"elementor-tab-content elementor-clearfix elementor-active\" role=\"tabpanel\" data-tab=\"1\" aria-labelledby=\"elementor-tab-title-1991\">\n<div class=\"table-wrapper\">\n<table width=\"710\">\n<tbody>\n<tr>\n<td width=\"188\"><strong>Art\u00edculo\u00a0<\/strong><\/td>\n<td width=\"261\"><strong>Ancho (mm)<\/strong><\/td>\n<td width=\"83\"><strong>Largo (mts)<\/strong><\/td>\n<td width=\"178\"><strong>Rollos (por Caja)<\/strong><\/td>\n<\/tr>\n<tr>\n<td>0610 00048 00065<\/td>\n<td>48<\/td>\n<td>65<\/td>\n<td>24<\/td>\n<\/tr>\n<tr>\n<td>0610 00072 00065<\/td>\n<td>72<\/td>\n<td>65<\/td>\n<td>16<\/td>\n<\/tr>\n<tr>\n<td>0610 00096 00065<\/td>\n<td>96<\/td>\n<td>65<\/td>\n<td>12<\/td>\n<\/tr>\n<\/tbody>\n<\/table>\n<\/div>\n<\/div>\n<\/div>\n<div class=\"elementor-toggle-item\">\n<div id=\"elementor-tab-title-1992\" class=\"elementor-tab-title elementor-active\" role=\"tab\" data-tab=\"2\"><i class=\"elementor-toggle-icon-opened far fa-check-circle\"><\/i><a class=\"elementor-toggle-title\" href=\"https:\/\/faipsa.com\/papel-engomado-reforzado\/\">Propiedades<\/a><\/div>\n<div id=\"elementor-tab-content-1992\" class=\"elementor-tab-content elementor-clearfix elementor-active\" role=\"tabpanel\" data-tab=\"2\" aria-labelledby=\"elementor-tab-title-1992\">\n<figure>\n<div class=\"table-wrapper\">\n<table width=\"252\">\n<thead>\n<tr>\n<th>Propiedades<\/th>\n<th><\/th>\n<\/tr>\n<tr>\n<td>Soporte Base<\/td>\n<td>Papel Kraft Natural<\/td>\n<\/tr>\n<tr>\n<td>Refuerzo<\/td>\n<td>Fibra de vidrio<\/td>\n<\/tr>\n<tr>\n<td>Adhesivo<\/td>\n<td>A base de almid\u00f3n de ma\u00edz modificado.<\/td>\n<\/tr>\n<\/thead>\n<tbody>\n<tr>\n<td>Espesor total (\u00b5)<\/td>\n<td>140 \u2013 160<\/td>\n<\/tr>\n<tr>\n<td>Gramaje total (g\/m2)<\/td>\n<td>128 \u2013 130<\/td>\n<\/tr>\n<tr>\n<td>Resistencia a la tracci\u00f3n (Kg\/cm, DM, PSTC-131<\/td>\n<td>M\u00edn. 10<\/td>\n<\/tr>\n<tr>\n<td>Elongaci\u00f3n (%, DM, PSTC-131)<\/td>\n<td>2 \u2013 3<\/td>\n<\/tr>\n<tr>\n<td><\/td>\n<td><\/td>\n<\/tr>\n<\/tbody>\n<\/table>\n<\/div>\n<p><strong>IMPORTANTE<\/strong>: Los datos de este producto est\u00e1n basados en ensayos considerados como confiables y se presentan como informaci\u00f3n. Por lo tanto, no se garantizan los resultados ni se acepta responsabilidad por da\u00f1os o perjuicios ocasionados por su uso, debiendo el usuario atenerse a los resultados previos obtenidos en sus propias pruebas.<\/figure>\n<\/div>\n<\/div>\n<\/div>\n<\/div>\n","protected":false},"excerpt":{"rendered":"<ul>\n<li>Cinta con soporte de papel kraft reforzada con fibra de vidrio, con adhesivo de gran poder de pegado definitivo activado por agua.<\/li>\n<\/ul>\n","protected":false},"featured_media":1887,"template":"","meta":{"_joinchat":[]},"product_cat":[455],"product_tag":[456],"class_list":{"0":"post-1886","1":"product","2":"type-product","3":"status-publish","4":"has-post-thumbnail","6":"product_cat-papel-engomado","7":"product_tag-papel-engomado","9":"first","10":"instock","11":"taxable","12":"shipping-taxable","13":"product-type-variable"},"_links":{"self":[{"href":"https:\/\/lidertecsa.com.ar\/catalogo\/wp-json\/wp\/v2\/product\/1886"}],"collection":[{"href":"https:\/\/lidertecsa.com.ar\/catalogo\/wp-json\/wp\/v2\/product"}],"about":[{"href":"https:\/\/lidertecsa.com.ar\/catalogo\/wp-json\/wp\/v2\/types\/product"}],"wp:featuredmedia":[{"embeddable":true,"href":"https:\/\/lidertecsa.com.ar\/catalogo\/wp-json\/wp\/v2\/media\/1887"}],"wp:attachment":[{"href":"https:\/\/lidertecsa.com.ar\/catalogo\/wp-json\/wp\/v2\/media?parent=1886"}],"wp:term":[{"taxonomy":"product_cat","embeddable":true,"href":"https:\/\/lidertecsa.com.ar\/catalogo\/wp-json\/wp\/v2\/product_cat?post=1886"},{"taxonomy":"product_tag","embeddable":true,"href":"https:\/\/lidertecsa.com.ar\/catalogo\/wp-json\/wp\/v2\/product_tag?post=1886"}],"curies":[{"name":"wp","href":"https:\/\/api.w.org\/{rel}","templated":true}]}}