{"id":1849,"date":"2023-06-28T16:38:10","date_gmt":"2023-06-28T19:38:10","guid":{"rendered":"https:\/\/lidertecsa.com.ar\/catalogo\/?post_type=product&#038;p=1849"},"modified":"2024-12-13T16:43:34","modified_gmt":"2024-12-13T19:43:34","slug":"cinta-aisladora-pvc","status":"publish","type":"product","link":"https:\/\/lidertecsa.com.ar\/catalogo\/producto\/cinta-aisladora-pvc\/","title":{"rendered":"Cinta Aisladora PVC"},"content":{"rendered":"<div id=\"elementor-tab-title-2053\" class=\"elementor-tab-title elementor-active\" role=\"tab\" data-tab=\"3\"><a class=\"elementor-toggle-title\" href=\"https:\/\/faipsa.com\/cinta-aisladora-pvc\/\">Usos<\/a><\/div>\n<div id=\"elementor-tab-content-2053\" class=\"elementor-tab-content elementor-clearfix elementor-active\" role=\"tabpanel\" data-tab=\"3\" aria-labelledby=\"elementor-tab-title-2053\">\n<ul>\n<li>Para la aislaci\u00f3n el\u00e9ctrica de piezas y materiales.<\/li>\n<\/ul>\n<div class=\"elementor-toggle-item\">\n<div id=\"elementor-tab-title-2051\" class=\"elementor-tab-title elementor-active\" role=\"tab\" data-tab=\"1\"><a class=\"elementor-toggle-title\" href=\"https:\/\/faipsa.com\/cinta-aisladora-pvc\/\">Dimensiones<\/a><\/div>\n<div id=\"elementor-tab-content-2051\" class=\"elementor-tab-content elementor-clearfix elementor-active\" role=\"tabpanel\" data-tab=\"1\" aria-labelledby=\"elementor-tab-title-2051\">\n<div class=\"table-wrapper\">\n<table width=\"635\">\n<tbody>\n<tr>\n<td width=\"261\"><strong>Art\u00edculo\u00a0<\/strong><\/td>\n<td width=\"83\"><strong>Ancho (mm)<\/strong><\/td>\n<td width=\"178\"><strong>Largo (mts)<\/strong><\/td>\n<td width=\"113\"><strong>Rollos (por Caja)<\/strong><\/td>\n<\/tr>\n<tr>\n<td>0450 00719 BL010 (Blanco)<\/td>\n<td>19<\/td>\n<td>10<\/td>\n<td>200<\/td>\n<\/tr>\n<tr>\n<td>0450 00719 CE010 (Celeste)<\/td>\n<td>19<\/td>\n<td>10<\/td>\n<td>200<\/td>\n<\/tr>\n<tr>\n<td>0450 00719 NE010 (Negro)<\/td>\n<td>19<\/td>\n<td>10<\/td>\n<td>200<\/td>\n<\/tr>\n<tr>\n<td>0450 00719 RO010 (Rojo)<\/td>\n<td>19<\/td>\n<td>10<\/td>\n<td>200<\/td>\n<\/tr>\n<tr>\n<td>0450 00719 VE010 (Verde)<\/td>\n<td>19<\/td>\n<td>10<\/td>\n<td>200<\/td>\n<\/tr>\n<tr>\n<td>0450 00719 BL020 (Blanco)<\/td>\n<td>19<\/td>\n<td>20<\/td>\n<td>100<\/td>\n<\/tr>\n<tr>\n<td>0450 00719 CE020 (Celeste)<\/td>\n<td>19<\/td>\n<td>20<\/td>\n<td>100<\/td>\n<\/tr>\n<tr>\n<td>0450 00719 NE020 (Negro)<\/td>\n<td>19<\/td>\n<td>20<\/td>\n<td>100<\/td>\n<\/tr>\n<tr>\n<td>0450 00719 RO020 (Rojo)<\/td>\n<td>19<\/td>\n<td>20<\/td>\n<td>100<\/td>\n<\/tr>\n<tr>\n<td>0450 00719 MA020 (Marr\u00f3n)<\/td>\n<td>19<\/td>\n<td>20<\/td>\n<td>100<\/td>\n<\/tr>\n<tr>\n<td>0450 00719 VE020 (Verde)<\/td>\n<td>19<\/td>\n<td>20<\/td>\n<td>100<\/td>\n<\/tr>\n<\/tbody>\n<\/table>\n<\/div>\n<\/div>\n<\/div>\n<div class=\"elementor-toggle-item\">\n<div id=\"elementor-tab-title-2052\" class=\"elementor-tab-title elementor-active\" role=\"tab\" data-tab=\"2\"><i class=\"elementor-toggle-icon-opened fas fa-caret-up\"><\/i><a class=\"elementor-toggle-title\" href=\"https:\/\/faipsa.com\/cinta-aisladora-pvc\/\">Propiedades<\/a><\/div>\n<div id=\"elementor-tab-content-2052\" class=\"elementor-tab-content elementor-clearfix elementor-active\" role=\"tabpanel\" data-tab=\"2\" aria-labelledby=\"elementor-tab-title-2052\">\n<div class=\"table-wrapper\">\n<table class=\"wp-block-table aligncenter\" width=\"600\">\n<thead>\n<tr>\n<th width=\"195\">Propiedades<\/th>\n<th width=\"393\"><\/th>\n<\/tr>\n<tr>\n<td>Soporte<\/td>\n<td>PVC autoextinguible<\/td>\n<\/tr>\n<tr>\n<td>Espesor<\/td>\n<td>0,150 \u00b1 0,025 mm<\/td>\n<\/tr>\n<tr>\n<td>Resistencia a la tracci\u00f3n<\/td>\n<td>2,3 kg\/cm m\u00edn.<\/td>\n<\/tr>\n<\/thead>\n<tbody>\n<tr>\n<td>Adhesi\u00f3n al acero a 180\u00b0<\/td>\n<td>180 g\/cm m\u00edn.<\/td>\n<\/tr>\n<tr>\n<td>Adhesi\u00f3n al dorso<\/td>\n<td>180 g\/cm m\u00edn.<\/td>\n<\/tr>\n<tr>\n<td>Rigidez diel\u00e9ctrica<\/td>\n<td>40 Kv\/mm m\u00edn.<\/td>\n<\/tr>\n<\/tbody>\n<\/table>\n<\/div>\n<ul>\n<li><strong>IMPORTANTE:<\/strong>\u00a0Los datos de este producto est\u00e1n basados en ensayos considerados como confiables y se presentan como informaci\u00f3n. Por lo tanto, no se garantizan los resultados ni se acepta responsabilidad por da\u00f1os o perjuicios ocasionados por su uso, debiendo el usuario atenerse a los resultados previos obtenidos en sus propias pruebas.<\/li>\n<\/ul>\n<\/div>\n<\/div>\n<\/div>\n","protected":false},"excerpt":{"rendered":"<ul>\n<li>Cinta sensible a la presi\u00f3n, con film de policloruro de vinilo (PVC), especialmente dise\u00f1ada para cumplir la norma IRAM 2454 (IEC 454).<\/li>\n<li>Colores: negro, blanco, celeste, rojo y verde<\/li>\n<\/ul>\n","protected":false},"featured_media":1850,"template":"","meta":{"_joinchat":[]},"product_cat":[441],"product_tag":[443],"class_list":{"0":"post-1849","1":"product","2":"type-product","3":"status-publish","4":"has-post-thumbnail","6":"product_cat-cintas-de-uso-especifico","7":"product_tag-cinta-aislante","9":"first","10":"instock","11":"taxable","12":"shipping-taxable","13":"product-type-variable"},"_links":{"self":[{"href":"https:\/\/lidertecsa.com.ar\/catalogo\/wp-json\/wp\/v2\/product\/1849"}],"collection":[{"href":"https:\/\/lidertecsa.com.ar\/catalogo\/wp-json\/wp\/v2\/product"}],"about":[{"href":"https:\/\/lidertecsa.com.ar\/catalogo\/wp-json\/wp\/v2\/types\/product"}],"wp:featuredmedia":[{"embeddable":true,"href":"https:\/\/lidertecsa.com.ar\/catalogo\/wp-json\/wp\/v2\/media\/1850"}],"wp:attachment":[{"href":"https:\/\/lidertecsa.com.ar\/catalogo\/wp-json\/wp\/v2\/media?parent=1849"}],"wp:term":[{"taxonomy":"product_cat","embeddable":true,"href":"https:\/\/lidertecsa.com.ar\/catalogo\/wp-json\/wp\/v2\/product_cat?post=1849"},{"taxonomy":"product_tag","embeddable":true,"href":"https:\/\/lidertecsa.com.ar\/catalogo\/wp-json\/wp\/v2\/product_tag?post=1849"}],"curies":[{"name":"wp","href":"https:\/\/api.w.org\/{rel}","templated":true}]}}