{"id":1768,"date":"2023-06-28T15:17:42","date_gmt":"2023-06-28T18:17:42","guid":{"rendered":"https:\/\/lidertecsa.com.ar\/catalogo\/?post_type=product&#038;p=1768"},"modified":"2024-12-13T16:43:26","modified_gmt":"2024-12-13T19:43:26","slug":"cinta-doble-faz","status":"publish","type":"product","link":"https:\/\/lidertecsa.com.ar\/catalogo\/producto\/cinta-doble-faz\/","title":{"rendered":"Cinta OPP Doble Faz"},"content":{"rendered":"<div id=\"elementor-tab-content-1942\" class=\"elementor-tab-content elementor-clearfix elementor-active\" role=\"tabpanel\" data-tab=\"2\" aria-labelledby=\"elementor-tab-title-1942\">\n<div class=\"table-wrapper\">\n<div id=\"elementor-tab-title-1603\" class=\"elementor-tab-title elementor-active\" role=\"tab\" data-tab=\"3\"><a class=\"elementor-toggle-title\" href=\"https:\/\/faipsa.com\/cinta-doble-faz-polipropileno-transparente\/\">Usos<\/a><\/div>\n<div id=\"elementor-tab-content-1603\" class=\"elementor-tab-content elementor-clearfix elementor-active\" role=\"tabpanel\" data-tab=\"3\" aria-labelledby=\"elementor-tab-title-1603\">\n<ul>\n<li>Industria papelera, cerrado de material de empaque, librer\u00eda, sujeci\u00f3n de piezas de gigantograf\u00eda<\/li>\n<\/ul>\n<div class=\"elementor-toggle-item\">\n<div id=\"elementor-tab-title-1601\" class=\"elementor-tab-title elementor-active\" role=\"tab\" data-tab=\"1\"><a class=\"elementor-toggle-title\" href=\"https:\/\/faipsa.com\/cinta-doble-faz-polipropileno-transparente\/\">Dimensiones<\/a><\/div>\n<div id=\"elementor-tab-content-1601\" class=\"elementor-tab-content elementor-clearfix elementor-active\" role=\"tabpanel\" data-tab=\"1\" aria-labelledby=\"elementor-tab-title-1601\">\n<div class=\"table-wrapper\">\n<table width=\"579\">\n<tbody>\n<tr>\n<td width=\"205\"><strong>Art\u00edculo\u00a0<\/strong><\/td>\n<td width=\"83\"><strong>Ancho (mm)<\/strong><\/td>\n<td width=\"178\"><strong>Largo (mts)<\/strong><\/td>\n<td width=\"113\"><strong>Rollos (por Caja)<\/strong><\/td>\n<\/tr>\n<tr>\n<td>0380 00712 00010<\/td>\n<td>12<\/td>\n<td>10<\/td>\n<td>48<\/td>\n<\/tr>\n<tr>\n<td>0380 00012 00030<\/td>\n<td>12<\/td>\n<td>30<\/td>\n<td>72<\/td>\n<\/tr>\n<tr>\n<td>0380 00018 00030<\/td>\n<td>18<\/td>\n<td>30<\/td>\n<td>48<\/td>\n<\/tr>\n<tr>\n<td>0380 00024 00030<\/td>\n<td>24<\/td>\n<td>30<\/td>\n<td>36<\/td>\n<\/tr>\n<tr>\n<td>0380 00036 00030<\/td>\n<td>36<\/td>\n<td>30<\/td>\n<td>24<\/td>\n<\/tr>\n<tr>\n<td>0380 00048 00030<\/td>\n<td>48<\/td>\n<td>30<\/td>\n<td>18<\/td>\n<\/tr>\n<tr>\n<td>0380 00310 00030<\/td>\n<td>310<\/td>\n<td>30<\/td>\n<td>6<\/td>\n<\/tr>\n<tr>\n<td>0380 00510 00030<\/td>\n<td>510<\/td>\n<td>30<\/td>\n<td>6<\/td>\n<\/tr>\n<tr>\n<td>0380 00512 00030<\/td>\n<td>12<\/td>\n<td>30<\/td>\n<td>72<\/td>\n<\/tr>\n<tr>\n<td>0380 00518 00030<\/td>\n<td>18<\/td>\n<td>30<\/td>\n<td>48<\/td>\n<\/tr>\n<tr>\n<td>0380 00524 00030<\/td>\n<td>24<\/td>\n<td>30<\/td>\n<td>36<\/td>\n<\/tr>\n<tr>\n<td>0380 00536 00030<\/td>\n<td>36<\/td>\n<td>30<\/td>\n<td>24<\/td>\n<\/tr>\n<tr>\n<td>0380 00548 00030<\/td>\n<td>48<\/td>\n<td>30<\/td>\n<td>18<\/td>\n<\/tr>\n<\/tbody>\n<\/table>\n<\/div>\n<\/div>\n<\/div>\n<div class=\"elementor-toggle-item\">\n<div id=\"elementor-tab-title-1602\" class=\"elementor-tab-title elementor-active\" role=\"tab\" data-tab=\"2\"><i class=\"elementor-toggle-icon-opened far fa-check-circle\"><\/i><a class=\"elementor-toggle-title\" href=\"https:\/\/faipsa.com\/cinta-doble-faz-polipropileno-transparente\/\">Propiedades<\/a><\/div>\n<div id=\"elementor-tab-content-1602\" class=\"elementor-tab-content elementor-clearfix elementor-active\" role=\"tabpanel\" data-tab=\"2\" aria-labelledby=\"elementor-tab-title-1602\">\n<div class=\"table-wrapper\">\n<table>\n<thead>\n<tr>\n<th>Propiedades<\/th>\n<th><\/th>\n<\/tr>\n<tr>\n<td>Tipo de adhesivo<\/td>\n<td>acr\u00edlico<\/td>\n<\/tr>\n<tr>\n<td>Espesor (sin liner)<\/td>\n<td>0,050-0,060 mm<\/td>\n<\/tr>\n<tr>\n<td>Liner: papel kraft siliconado<\/td>\n<td>0,100 kg\/m2<\/td>\n<\/tr>\n<\/thead>\n<tbody>\n<tr>\n<td>Resistencia a la Tracci\u00f3n<\/td>\n<td>1,0 kg\/cm m\u00edn<\/td>\n<\/tr>\n<tr>\n<td>Adhesi\u00f3n al acero a 180\u00ba *<\/td>\n<td>200 g\/cm<\/td>\n<\/tr>\n<tr>\n<td><\/td>\n<td><strong>* M\u00e9todos de ensayo seg\u00fan PSTC \/31, \/31bis y \/1, respectivamente.<\/strong><\/td>\n<\/tr>\n<\/tbody>\n<\/table>\n<\/div>\n<p><strong>IMPORTANTE<\/strong>:\u00a0Los datos de este producto est\u00e1n basados en ensayos considerados como confiables y se presentan como informaci\u00f3n. Por lo tanto, no se garantizan los resultados ni se acepta responsabilidad por da\u00f1os o perjuicios ocasionados por su uso, debiendo el usuario atenerse a los resultados previos obtenidos en sus propias pruebas.<\/p>\n<\/div>\n<\/div>\n<\/div>\n<\/div>\n<\/div>\n","protected":false},"excerpt":{"rendered":"<section class=\"elementor-section elementor-top-section elementor-element elementor-element-de38c0c elementor-section-boxed elementor-section-height-default elementor-section-height-default\" data-id=\"de38c0c\" data-element_type=\"section\">\n<div class=\"elementor-container elementor-column-gap-default\">\n<div class=\"elementor-row\">\n<div class=\"elementor-column elementor-col-100 elementor-top-column elementor-element elementor-element-3eb2679e\" data-id=\"3eb2679e\" data-element_type=\"column\">\n<div class=\"elementor-column-wrap elementor-element-populated\">\n<div class=\"elementor-widget-wrap\">\n<section class=\"elementor-section elementor-inner-section elementor-element elementor-element-d9d8098 elementor-section-boxed elementor-section-height-default elementor-section-height-default\" data-id=\"d9d8098\" data-element_type=\"section\">\n<div class=\"elementor-container elementor-column-gap-default\">\n<div class=\"elementor-row\">\n<div class=\"elementor-column elementor-col-50 elementor-inner-column elementor-element elementor-element-565d1c9\" data-id=\"565d1c9\" data-element_type=\"column\">\n<div class=\"elementor-column-wrap elementor-element-populated\">\n<div class=\"elementor-widget-wrap\">\n<div class=\"elementor-element elementor-element-60f4f74b elementor-widget elementor-widget-text-editor animated fadeIn\" data-id=\"60f4f74b\" data-element_type=\"widget\" data-settings=\"{&quot;_animation&quot;:&quot;fadeIn&quot;}\" data-widget_type=\"text-editor.default\">\n<div class=\"elementor-widget-container\">\n<div class=\"elementor-text-editor elementor-clearfix\">\n<ul>\n<li>Cinta sensible a la presi\u00f3n con soporte de polipropileno biorientado, adhesivada de ambas caras con\u00a0adhesivo base acuosa permanente resistente a los rayos UV.<\/li>\n<li>Protegida por un papel liso siliconado para lograr una excelente transferencia y despegue.<\/li>\n<\/ul>\n<ul>\n<li><strong><em>380\u00a0<\/em><\/strong><em>Cinta de embalaje transparente en rollos<\/em><\/li>\n<li><strong><em>1380\u00a0<\/em><\/strong><em>Cinta de embalaje trasparente en bastones<\/em><\/li>\n<\/ul>\n<figure class=\"wp-block-table aligncenter\"><\/figure>\n<div class=\"wp-block-columns has-2-columns\">\n<div class=\"wp-block-column\"><\/div>\n<div class=\"wp-block-column\"><\/div>\n<\/div>\n<\/div>\n<\/div>\n<\/div>\n<\/div>\n<\/div>\n<\/div>\n<\/div>\n<\/div>\n<\/section>\n<div class=\"elementor-element elementor-element-9904d62 animated-slow elementor-invisible elementor-widget elementor-widget-toggle\" data-id=\"9904d62\" data-element_type=\"widget\" data-settings=\"{&quot;_animation&quot;:&quot;fadeIn&quot;}\" data-widget_type=\"toggle.default\">\n<div class=\"elementor-widget-container\">\n<div class=\"elementor-toggle\" role=\"tablist\">\n<div class=\"elementor-toggle-item\">\n<div id=\"elementor-tab-title-1601\" class=\"elementor-tab-title\" role=\"tab\" data-tab=\"1\"><\/div>\n<\/div>\n<div class=\"elementor-toggle-item\">\n<div id=\"elementor-tab-title-1602\" class=\"elementor-tab-title\" role=\"tab\" data-tab=\"2\"><\/div>\n<\/div>\n<div class=\"elementor-toggle-item\">\n<div id=\"elementor-tab-title-1603\" class=\"elementor-tab-title\" role=\"tab\" data-tab=\"3\"><\/div>\n<\/div>\n<\/div>\n<\/div>\n<\/div>\n<\/div>\n<\/div>\n<\/div>\n<\/div>\n<\/div>\n<\/section>\n<section class=\"elementor-section elementor-top-section elementor-element elementor-element-2926adf elementor-section-boxed elementor-section-height-default elementor-section-height-default\" data-id=\"2926adf\" data-element_type=\"section\">\n<div class=\"elementor-container elementor-column-gap-default\">\n<div class=\"elementor-row\">\n<div class=\"elementor-column elementor-col-100 elementor-top-column elementor-element elementor-element-9029de5\" data-id=\"9029de5\" data-element_type=\"column\">\n<div class=\"elementor-column-wrap\"><\/div>\n<\/div>\n<\/div>\n<\/div>\n<\/section>\n","protected":false},"featured_media":1771,"template":"","meta":{"_joinchat":[]},"product_cat":[429],"product_tag":[417],"class_list":{"0":"post-1768","1":"product","2":"type-product","3":"status-publish","4":"has-post-thumbnail","6":"product_cat-doble-faz","7":"product_tag-cinta-doble-faz","9":"first","10":"instock","11":"taxable","12":"shipping-taxable","13":"product-type-variable"},"_links":{"self":[{"href":"https:\/\/lidertecsa.com.ar\/catalogo\/wp-json\/wp\/v2\/product\/1768"}],"collection":[{"href":"https:\/\/lidertecsa.com.ar\/catalogo\/wp-json\/wp\/v2\/product"}],"about":[{"href":"https:\/\/lidertecsa.com.ar\/catalogo\/wp-json\/wp\/v2\/types\/product"}],"wp:featuredmedia":[{"embeddable":true,"href":"https:\/\/lidertecsa.com.ar\/catalogo\/wp-json\/wp\/v2\/media\/1771"}],"wp:attachment":[{"href":"https:\/\/lidertecsa.com.ar\/catalogo\/wp-json\/wp\/v2\/media?parent=1768"}],"wp:term":[{"taxonomy":"product_cat","embeddable":true,"href":"https:\/\/lidertecsa.com.ar\/catalogo\/wp-json\/wp\/v2\/product_cat?post=1768"},{"taxonomy":"product_tag","embeddable":true,"href":"https:\/\/lidertecsa.com.ar\/catalogo\/wp-json\/wp\/v2\/product_tag?post=1768"}],"curies":[{"name":"wp","href":"https:\/\/api.w.org\/{rel}","templated":true}]}}