{"id":1630,"date":"2023-06-26T15:32:22","date_gmt":"2023-06-26T18:32:22","guid":{"rendered":"https:\/\/lidertecsa.com.ar\/catalogo\/?post_type=product&#038;p=1630"},"modified":"2024-12-13T16:32:19","modified_gmt":"2024-12-13T19:32:19","slug":"mecha-conica-3-mm-a-14-mm","status":"publish","type":"product","link":"https:\/\/lidertecsa.com.ar\/catalogo\/producto\/mecha-conica-3-mm-a-14-mm\/","title":{"rendered":"Mecha C\u00f3nica 3 mm a 14 mm."},"content":{"rendered":"<p>Mecha c\u00f3nica, HSS, con punta para taladrado desde 3 mm hasta 14 mm. Sin pretaladrado en las chapas m\u00e1s finas, libre de rebabas gracias al redondeador de cantos, para chapa de acero, metales no f\u00e9rreos y pl\u00e1stico.<\/p>\n","protected":false},"excerpt":{"rendered":"<p>Mecha c\u00f3nica, HSS, con punta para taladrado desde 3 mm hasta 14 mm.<\/p>\n","protected":false},"featured_media":1631,"template":"","meta":{"_joinchat":[]},"product_cat":[366],"product_tag":[388],"class_list":{"0":"post-1630","1":"product","2":"type-product","3":"status-publish","4":"has-post-thumbnail","6":"product_cat-accesorios-para-taladradoras","7":"product_tag-mecha-conica","9":"first","10":"instock","11":"taxable","12":"shipping-taxable","13":"product-type-simple"},"_links":{"self":[{"href":"https:\/\/lidertecsa.com.ar\/catalogo\/wp-json\/wp\/v2\/product\/1630"}],"collection":[{"href":"https:\/\/lidertecsa.com.ar\/catalogo\/wp-json\/wp\/v2\/product"}],"about":[{"href":"https:\/\/lidertecsa.com.ar\/catalogo\/wp-json\/wp\/v2\/types\/product"}],"wp:featuredmedia":[{"embeddable":true,"href":"https:\/\/lidertecsa.com.ar\/catalogo\/wp-json\/wp\/v2\/media\/1631"}],"wp:attachment":[{"href":"https:\/\/lidertecsa.com.ar\/catalogo\/wp-json\/wp\/v2\/media?parent=1630"}],"wp:term":[{"taxonomy":"product_cat","embeddable":true,"href":"https:\/\/lidertecsa.com.ar\/catalogo\/wp-json\/wp\/v2\/product_cat?post=1630"},{"taxonomy":"product_tag","embeddable":true,"href":"https:\/\/lidertecsa.com.ar\/catalogo\/wp-json\/wp\/v2\/product_tag?post=1630"}],"curies":[{"name":"wp","href":"https:\/\/api.w.org\/{rel}","templated":true}]}}