{"id":1629,"date":"2023-06-26T15:31:07","date_gmt":"2023-06-26T18:31:07","guid":{"rendered":"https:\/\/lidertecsa.com.ar\/catalogo\/?post_type=product&#038;p=1629"},"modified":"2024-12-13T16:32:19","modified_gmt":"2024-12-13T19:32:19","slug":"mecha-escalonada-6-a-30-mm","status":"publish","type":"product","link":"https:\/\/lidertecsa.com.ar\/catalogo\/producto\/mecha-escalonada-6-a-30-mm\/","title":{"rendered":"Mecha Escalonada 6 a 30 mm."},"content":{"rendered":"<div class=\"description\">\n<p>Mecha escalonada, HSS, con punta para taladrar, para taladrar, desde 6 mm hasta\u00a0 30 mm, sin pretaladrado en las chapas m\u00e1s finas, libre de rebabas gracias al redondeador de cantos, escalonada en los di\u00e1metros de taladrado m\u00e1s corrientes, para chapa de acero, metales no f\u00e9rricos y pl\u00e1stico.<\/p>\n<\/div>\n","protected":false},"excerpt":{"rendered":"<p>Mecha escalonada, HSS, con punta para taladrar, para taladrar desde 6 mm a 60 mm<\/p>\n","protected":false},"featured_media":1626,"template":"","meta":{"_joinchat":[]},"product_cat":[366],"product_tag":[387],"class_list":{"0":"post-1629","1":"product","2":"type-product","3":"status-publish","4":"has-post-thumbnail","6":"product_cat-accesorios-para-taladradoras","7":"product_tag-mecha-escalonada","9":"first","10":"instock","11":"taxable","12":"shipping-taxable","13":"product-type-simple"},"_links":{"self":[{"href":"https:\/\/lidertecsa.com.ar\/catalogo\/wp-json\/wp\/v2\/product\/1629"}],"collection":[{"href":"https:\/\/lidertecsa.com.ar\/catalogo\/wp-json\/wp\/v2\/product"}],"about":[{"href":"https:\/\/lidertecsa.com.ar\/catalogo\/wp-json\/wp\/v2\/types\/product"}],"wp:featuredmedia":[{"embeddable":true,"href":"https:\/\/lidertecsa.com.ar\/catalogo\/wp-json\/wp\/v2\/media\/1626"}],"wp:attachment":[{"href":"https:\/\/lidertecsa.com.ar\/catalogo\/wp-json\/wp\/v2\/media?parent=1629"}],"wp:term":[{"taxonomy":"product_cat","embeddable":true,"href":"https:\/\/lidertecsa.com.ar\/catalogo\/wp-json\/wp\/v2\/product_cat?post=1629"},{"taxonomy":"product_tag","embeddable":true,"href":"https:\/\/lidertecsa.com.ar\/catalogo\/wp-json\/wp\/v2\/product_tag?post=1629"}],"curies":[{"name":"wp","href":"https:\/\/api.w.org\/{rel}","templated":true}]}}