{"id":155,"date":"2023-06-11T17:58:48","date_gmt":"2023-06-11T20:58:48","guid":{"rendered":"https:\/\/lidertecsa.com.ar\/catalogo\/?post_type=product&#038;p=155"},"modified":"2026-02-04T13:46:34","modified_gmt":"2026-02-04T16:46:34","slug":"limpia-manos-fast-orange-x-4435-ml","status":"publish","type":"product","link":"https:\/\/lidertecsa.com.ar\/catalogo\/producto\/limpia-manos-fast-orange-x-4435-ml\/","title":{"rendered":"Limpia Manos Fast Orange 443 Ml"},"content":{"rendered":"<h2>Limpiamanos<\/h2>\n<p>Potente limpiamanos a base de componentes c\u00edtricos naturales y piedra p\u00f3mez para remover la suciedad m\u00e1s dif\u00edcil, y acondicionado con lanolina, glicerina y alo\u00e9 vera para cuidar la piel. No necesita el uso del agua. Se aplica una peque\u00f1a cantidad y se frotan las manos hasta que la suciedad se disuelva. Los residuos se pueden quitar con un pa\u00f1o seco o papel, o enjuagar si lo prefiere. Es rendidor y econ\u00f3mico: s\u00f3lo es necesario usar una peque\u00f1a cantidad para obtener una limpieza profunda. Es biodegradable. No es agresivo con el medioambiente ni con la piel. Deja un aroma c\u00edtrico, que realza la limpieza de las manos. Su uso evita el agrietamiento y sequedad de la piel.<\/p>\n","protected":false},"excerpt":{"rendered":"<ul class=\"ficha\">\n<li>Usos:\u00a0Remueve aceites, grasa, resinas, tinta, epoxis, pintura, adhesivos, selladores, etc.<\/li>\n<\/ul>\n","protected":false},"featured_media":9193,"template":"","meta":{"_joinchat":[]},"product_cat":[60],"product_tag":[61],"class_list":{"0":"post-155","1":"product","2":"type-product","3":"status-publish","4":"has-post-thumbnail","6":"product_cat-fast-orange","7":"product_tag-limpia-manos","9":"first","10":"instock","11":"taxable","12":"shipping-taxable","13":"product-type-simple"},"_links":{"self":[{"href":"https:\/\/lidertecsa.com.ar\/catalogo\/wp-json\/wp\/v2\/product\/155"}],"collection":[{"href":"https:\/\/lidertecsa.com.ar\/catalogo\/wp-json\/wp\/v2\/product"}],"about":[{"href":"https:\/\/lidertecsa.com.ar\/catalogo\/wp-json\/wp\/v2\/types\/product"}],"wp:featuredmedia":[{"embeddable":true,"href":"https:\/\/lidertecsa.com.ar\/catalogo\/wp-json\/wp\/v2\/media\/9193"}],"wp:attachment":[{"href":"https:\/\/lidertecsa.com.ar\/catalogo\/wp-json\/wp\/v2\/media?parent=155"}],"wp:term":[{"taxonomy":"product_cat","embeddable":true,"href":"https:\/\/lidertecsa.com.ar\/catalogo\/wp-json\/wp\/v2\/product_cat?post=155"},{"taxonomy":"product_tag","embeddable":true,"href":"https:\/\/lidertecsa.com.ar\/catalogo\/wp-json\/wp\/v2\/product_tag?post=155"}],"curies":[{"name":"wp","href":"https:\/\/api.w.org\/{rel}","templated":true}]}}