{"id":153,"date":"2023-06-11T17:51:21","date_gmt":"2023-06-11T20:51:21","guid":{"rendered":"https:\/\/lidertecsa.com.ar\/catalogo\/?post_type=product&#038;p=153"},"modified":"2026-02-04T12:13:07","modified_gmt":"2026-02-04T15:13:07","slug":"trabasil-aa1-x-50g","status":"publish","type":"product","link":"https:\/\/lidertecsa.com.ar\/catalogo\/producto\/trabasil-aa1-x-50g\/","title":{"rendered":"Trabasil AA1 x 50g"},"content":{"rendered":"<h2>Trabasil AA1<\/h2>\n<div class=\"content\">\n<div class=\"ttl-subcat-producto\">SELLADO DE FISURAS Y POROSIDADES<\/div>\n<\/div>\n<p>Activador T permite optimizar y acelerar los resultados de los productos TRABASIL. De aplcaici\u00f3n previa al producto Trabasil elegido. D<\/p>\n<ul class=\"ficha\">\n<li>Holgura m\u00e1xima diametral (mm.):\u00a00.07<\/li>\n<li>Viscosidad (mPa.s) :\u00a0Liquido 15<\/li>\n<li>Torque quiebre (N.m):\u00a08-20<\/li>\n<li>Torque remanente (N.m):\u00a015-30<\/li>\n<li>Tiempo cura parcial (Minutos):\u00a010-15<\/li>\n<li>Tiempo cura total (Horas):\u00a04<\/li>\n<li>Resistencia temperatura (\u00b0C):\u00a0-50\u00b0C a +150\u00baC<\/li>\n<li>Usos:\u00a0Usos: tornillos de regulaci\u00f3n, amortiguadores y bulones de direcci\u00f3n; fisuras en tapa de v\u00e1lvulas, block, carters,<\/li>\n<\/ul>\n","protected":false},"excerpt":{"rendered":"<table class=\"table\" border=\"0\" cellspacing=\"0\" cellpadding=\"0\">\n<tbody>\n<tr class=\"selected\">\n<td class=\"numero\">AA1<\/td>\n<td class=\"aplicacion\">\n<div>Sellado de fisuras y porosidades<\/div>\n<p>Usos: tornillos de regulaci\u00f3n, amortiguadores y bulones de direcci\u00f3n; fisuras en tapa de v\u00e1lvulas, block, carters,<\/td>\n<\/tr>\n<\/tbody>\n<\/table>\n","protected":false},"featured_media":154,"template":"","meta":{"_joinchat":[]},"product_cat":[39],"product_tag":[59],"class_list":{"0":"post-153","1":"product","2":"type-product","3":"status-publish","4":"has-post-thumbnail","6":"product_cat-serie-azul","7":"product_tag-fisuras-y-porosidades","9":"first","10":"instock","11":"taxable","12":"shipping-taxable","13":"product-type-simple"},"_links":{"self":[{"href":"https:\/\/lidertecsa.com.ar\/catalogo\/wp-json\/wp\/v2\/product\/153"}],"collection":[{"href":"https:\/\/lidertecsa.com.ar\/catalogo\/wp-json\/wp\/v2\/product"}],"about":[{"href":"https:\/\/lidertecsa.com.ar\/catalogo\/wp-json\/wp\/v2\/types\/product"}],"wp:featuredmedia":[{"embeddable":true,"href":"https:\/\/lidertecsa.com.ar\/catalogo\/wp-json\/wp\/v2\/media\/154"}],"wp:attachment":[{"href":"https:\/\/lidertecsa.com.ar\/catalogo\/wp-json\/wp\/v2\/media?parent=153"}],"wp:term":[{"taxonomy":"product_cat","embeddable":true,"href":"https:\/\/lidertecsa.com.ar\/catalogo\/wp-json\/wp\/v2\/product_cat?post=153"},{"taxonomy":"product_tag","embeddable":true,"href":"https:\/\/lidertecsa.com.ar\/catalogo\/wp-json\/wp\/v2\/product_tag?post=153"}],"curies":[{"name":"wp","href":"https:\/\/api.w.org\/{rel}","templated":true}]}}