{"id":149,"date":"2023-06-11T17:43:32","date_gmt":"2023-06-11T20:43:32","guid":{"rendered":"https:\/\/lidertecsa.com.ar\/catalogo\/?post_type=product&#038;p=149"},"modified":"2026-02-04T12:17:35","modified_gmt":"2026-02-04T15:17:35","slug":"trabasil-nr2-x-50g","status":"publish","type":"product","link":"https:\/\/lidertecsa.com.ar\/catalogo\/producto\/trabasil-nr2-x-50g\/","title":{"rendered":"Trabasil NR2 x 50g"},"content":{"rendered":"<h2>NR2<\/h2>\n<div class=\"content\">\n<div class=\"ttl-subcat-producto\">CURADO POR RADIACI\u00d3N UV (L\u00c1MPARA UV)<\/div>\n<\/div>\n<p>Para adhesi\u00f3n vidrio-vidrio, vidrio-metal, y materiales r\u00edgidos en general. Al menos una de las superficies debe ser transparente a la radiaci\u00f3n UV.<\/p>\n<ul class=\"ficha\">\n<li>Holgura m\u00e1xima diametral (mm.):\u00a00.25<\/li>\n<li>Viscosidad (mPa.s) :\u00a0Liquido Viscoso 1.200<\/li>\n<li>Tiempo cura parcial (Minutos):\u00a020-30 segundos<\/li>\n<li>Tiempo cura total (Horas):\u00a03<\/li>\n<li>Resistencia temperatura (\u00b0C):\u00a0-50\u00b0C a +110\u00baC<\/li>\n<li>Resistencia traccion (MPa):\u00a0La adhesi\u00f3n supera la resistencia del vidrio<\/li>\n<\/ul>\n","protected":false},"excerpt":{"rendered":"<table class=\"table\" border=\"0\" cellspacing=\"0\" cellpadding=\"0\">\n<tbody>\n<tr class=\"selected\">\n<td class=\"numero\">NR2<\/td>\n<td class=\"aplicacion\">\n<div>Curado por radiaci\u00f3n UV (l\u00e1mpara UV)<\/div>\n<p>Para adhesi\u00f3n vidrio-vidrio, vidrio-metal, y materiales r\u00edgidos en general. Al menos una de las superficies debe ser transparente a la radiaci\u00f3n UV.<\/td>\n<\/tr>\n<\/tbody>\n<\/table>\n","protected":false},"featured_media":150,"template":"","meta":{"_joinchat":[]},"product_cat":[45],"product_tag":[58],"class_list":{"0":"post-149","1":"product","2":"type-product","3":"status-publish","4":"has-post-thumbnail","6":"product_cat-adhesivos-estructurales","7":"product_tag-adhesivo-esturctural","9":"first","10":"instock","11":"taxable","12":"shipping-taxable","13":"product-type-simple"},"_links":{"self":[{"href":"https:\/\/lidertecsa.com.ar\/catalogo\/wp-json\/wp\/v2\/product\/149"}],"collection":[{"href":"https:\/\/lidertecsa.com.ar\/catalogo\/wp-json\/wp\/v2\/product"}],"about":[{"href":"https:\/\/lidertecsa.com.ar\/catalogo\/wp-json\/wp\/v2\/types\/product"}],"wp:featuredmedia":[{"embeddable":true,"href":"https:\/\/lidertecsa.com.ar\/catalogo\/wp-json\/wp\/v2\/media\/150"}],"wp:attachment":[{"href":"https:\/\/lidertecsa.com.ar\/catalogo\/wp-json\/wp\/v2\/media?parent=149"}],"wp:term":[{"taxonomy":"product_cat","embeddable":true,"href":"https:\/\/lidertecsa.com.ar\/catalogo\/wp-json\/wp\/v2\/product_cat?post=149"},{"taxonomy":"product_tag","embeddable":true,"href":"https:\/\/lidertecsa.com.ar\/catalogo\/wp-json\/wp\/v2\/product_tag?post=149"}],"curies":[{"name":"wp","href":"https:\/\/api.w.org\/{rel}","templated":true}]}}