{"id":1473,"date":"2023-06-25T18:29:50","date_gmt":"2023-06-25T21:29:50","guid":{"rendered":"https:\/\/lidertecsa.com.ar\/catalogo\/?post_type=product&#038;p=1473"},"modified":"2024-12-13T16:32:05","modified_gmt":"2024-12-13T19:32:05","slug":"ingletadora-inalambrica-te-sm-36-210-li-solo","status":"publish","type":"product","link":"https:\/\/lidertecsa.com.ar\/catalogo\/producto\/ingletadora-inalambrica-te-sm-36-210-li-solo\/","title":{"rendered":"Ingletadora Inal\u00e1mbrica &#8211; TE-SM 36\/210 Li &#8211; Solo"},"content":{"rendered":"<div id=\"description\" class=\"section-row -padded-wide--mod-top-only -in-viewport\" data-anchornav=\"Artikelbeschreibung\">\n<div class=\"col-wrapper -max-width-limited\">\n<div class=\"content-item module-description\">\n<div class=\"description-wrapper\">\n<div class=\"col-two\">\n<div class=\"description__content\">\n<p>La sierra ingletadora inal\u00e1mbrica Einhell TE-SM 36\/210 Li \u2013 Solo se puede utilizar de forma flexible para trabajos relacionados con la madera para cortar o cortar ingletes o incluso acortar parquet. La versi\u00f3n inal\u00e1mbrica de la sierra ofrece un radio de acci\u00f3n ilimitado: sin cables molestos en el trabajo, sin bobinado despu\u00e9s del trabajo. Como miembro de la familia Power X-Change, todas las bater\u00edas de la serie de iones de litio de alto rendimiento se pueden combinar con la sierra de inglete pull-cut. Para obtener los mejores resultados, se recomienda al menos una bater\u00eda Plus de 2,5 Ah de la gama PXC, que se vende por separado. La sierra ingletadora de corte por tracci\u00f3n Einhell est\u00e1 equipada con una funci\u00f3n de tracci\u00f3n de funcionamiento suave que tambi\u00e9n es adecuada para piezas de trabajo m\u00e1s anchas. Los soportes de la pieza de trabajo X-Tend se pueden ajustar con una mano y sin herramientas. El dispositivo de sujeci\u00f3n se utiliza para la fijaci\u00f3n segura de la pieza de trabajo. La plataforma giratoria incluye un ajuste preciso del \u00e1ngulo para cortes c\u00f3nicos. Adem\u00e1s, el cabezal de sierra se puede inclinar hasta 45\u00b0 hacia la izquierda para cortes a inglete. La potente sierra est\u00e1 equipada con una hoja de sierra de precisi\u00f3n de carburo de alta calidad, que fue especialmente desarrollada para sierras inal\u00e1mbricas y permite un patr\u00f3n de corte fino. Un l\u00e1ser de l\u00ednea de corte y una luz LED garantizan cortes r\u00e1pidos, precisos y seguros. Adem\u00e1s, la sierra ingletadora inal\u00e1mbrica tiene una bolsa de recolecci\u00f3n de virutas o un adaptador para extracci\u00f3n para mantener limpio tanto el lugar de trabajo como el aire.<\/p>\n<\/div>\n<\/div>\n<\/div>\n<\/div>\n<\/div>\n<\/div>\n<div id=\"technical-details\" class=\"section-row -padded-wide--mod-top-only -in-viewport\" data-anchornav=\"Technische Daten\">\n<div class=\"col-wrapper -max-width-limited -decrease-width\">\n<div class=\"col\">\n<div class=\"content-item module-headline-paragraph headline paragraph -color-headline-black\">\n<h2 class=\"heading delta\">Caracter\u00edsticas t\u00e9cnicas<\/h2>\n<\/div>\n<div class=\"content-item module-table -styling-beta\">\n<table class=\"table__table\">\n<tbody>\n<tr class=\"-show tr-odd\">\n<td><span class=\"bold\">N\u00famero de bater\u00edas incluidas<\/span><\/td>\n<td>0 piezas<\/td>\n<\/tr>\n<tr class=\"-show tr-even\">\n<td><span class=\"bold\">N\u00famero de cargadores incluidos<\/span><\/td>\n<td>0 piezas<\/td>\n<\/tr>\n<tr class=\"-show tr-odd\">\n<td><span class=\"bold\">Conexi\u00f3n de succi\u00f3n de di\u00e1metro<\/span><\/td>\n<td>36 mm<\/td>\n<\/tr>\n<tr class=\"-show tr-even\">\n<td><span class=\"bold\">Velocidad de ralent\u00ed m\u00e1x.<\/span><\/td>\n<td>3800 min^-1<\/td>\n<\/tr>\n<tr class=\"-show tr-odd\">\n<td><span class=\"bold\">Voltaje del motor<\/span><\/td>\n<td>36 V<\/td>\n<\/tr>\n<tr class=\"-show tr-even\">\n<td><span class=\"bold\">Peso del producto<\/span><\/td>\n<td>12,57 kg<\/td>\n<\/tr>\n<tr class=\"-show tr-odd\">\n<td><span class=\"bold\">Ancho de corte 45\u00b0 x 45\u00b0<\/span><\/td>\n<td>210 mm<\/td>\n<\/tr>\n<tr class=\"-show tr-even\">\n<td><span class=\"bold\">Ancho de corte 45\u00b0 x 90\u00b0<\/span><\/td>\n<td>310 mm<\/td>\n<\/tr>\n<tr class=\"-show tr-odd\">\n<td><span class=\"bold\">Ancho de corte 90\u00b0 x 45\u00b0<\/span><\/td>\n<td>210 mm<\/td>\n<\/tr>\n<tr class=\"-show tr-even\">\n<td><span class=\"bold\">Ancho de corte 90\u00b0 x 90\u00b0<\/span><\/td>\n<td>310 mm<\/td>\n<\/tr>\n<tr class=\"-show tr-odd\">\n<td><span class=\"bold\">Profundidad de corte 45\u00b0 x 45\u00b0<\/span><\/td>\n<td>35 mm<\/td>\n<\/tr>\n<tr class=\"-show tr-even\">\n<td><span class=\"bold\">Profundidad de corte 45\u00b0 x 90\u00b0<\/span><\/td>\n<td>35 mm<\/td>\n<\/tr>\n<tr class=\"-show tr-odd\">\n<td><span class=\"bold\">Profundidad de corte 90\u00b0 x 45\u00b0<\/span><\/td>\n<td>65 mm<\/td>\n<\/tr>\n<tr class=\"-show tr-even\">\n<td><span class=\"bold\">Profundidad de corte 90\u00b0 x 90\u00b0<\/span><\/td>\n<td>65 mm<\/td>\n<\/tr>\n<\/tbody>\n<\/table>\n<\/div>\n<\/div>\n<\/div>\n<\/div>\n","protected":false},"excerpt":{"rendered":"<div class=\"information__content -standard-list\">\n<ul>\n<li class=\" meta\">Miembro de la familia Power X-Change<\/li>\n<li class=\" meta\">Rango de acci\u00f3n ilimitado, sin cables molestos, sin bobinado<\/li>\n<li class=\" meta\">Funci\u00f3n de tracci\u00f3n de funcionamiento suave incluso para piezas de trabajo m\u00e1s anchas<\/li>\n<li class=\" meta\">Plato giratorio con ajuste preciso del \u00e1ngulo para cortes c\u00f3nicos<\/li>\n<li class=\" meta\">Cabezal de sierra que se puede inclinar hacia la izquierda hasta 45\u00b0 para cortes a inglete<\/li>\n<li class=\"meta\">Soportes de piezas de trabajo X-Tend con ajuste con una sola mano sin herramientas<\/li>\n<li class=\"meta\">Hoja de sierra de precisi\u00f3n de carburo de alta calidad, desarrollada para sierras inal\u00e1mbricas<\/li>\n<li class=\"meta\">L\u00e1seres de l\u00ednea de corte y LED para un trabajo r\u00e1pido y seguro<\/li>\n<li class=\"meta\">Dispositivo de sujeci\u00f3n para una fijaci\u00f3n segura de la pieza de trabajo<\/li>\n<li class=\"meta\">La bolsa de recolecci\u00f3n de virutas o la succi\u00f3n mantienen limpio tanto el espacio como el aire<\/li>\n<li class=\"meta\">Recomendaci\u00f3n para obtener los mejores resultados: bater\u00eda Plus de 2,5 Ah o m\u00e1s<\/li>\n<\/ul>\n<\/div>\n","protected":false},"featured_media":1474,"template":"","meta":{"_joinchat":[]},"product_cat":[50],"product_tag":[361],"class_list":{"0":"post-1473","1":"product","2":"type-product","3":"status-publish","4":"has-post-thumbnail","6":"product_cat-herramientas-a-bateria","7":"product_tag-ingletadora-inalambrica","9":"first","10":"instock","11":"taxable","12":"shipping-taxable","13":"product-type-simple"},"_links":{"self":[{"href":"https:\/\/lidertecsa.com.ar\/catalogo\/wp-json\/wp\/v2\/product\/1473"}],"collection":[{"href":"https:\/\/lidertecsa.com.ar\/catalogo\/wp-json\/wp\/v2\/product"}],"about":[{"href":"https:\/\/lidertecsa.com.ar\/catalogo\/wp-json\/wp\/v2\/types\/product"}],"wp:featuredmedia":[{"embeddable":true,"href":"https:\/\/lidertecsa.com.ar\/catalogo\/wp-json\/wp\/v2\/media\/1474"}],"wp:attachment":[{"href":"https:\/\/lidertecsa.com.ar\/catalogo\/wp-json\/wp\/v2\/media?parent=1473"}],"wp:term":[{"taxonomy":"product_cat","embeddable":true,"href":"https:\/\/lidertecsa.com.ar\/catalogo\/wp-json\/wp\/v2\/product_cat?post=1473"},{"taxonomy":"product_tag","embeddable":true,"href":"https:\/\/lidertecsa.com.ar\/catalogo\/wp-json\/wp\/v2\/product_tag?post=1473"}],"curies":[{"name":"wp","href":"https:\/\/api.w.org\/{rel}","templated":true}]}}