{"id":1441,"date":"2023-06-25T17:33:10","date_gmt":"2023-06-25T20:33:10","guid":{"rendered":"https:\/\/lidertecsa.com.ar\/catalogo\/?post_type=product&#038;p=1441"},"modified":"2024-12-13T16:32:00","modified_gmt":"2024-12-13T19:32:00","slug":"lijadora-orbital-inalambrica-te-os-18-230-li-solo","status":"publish","type":"product","link":"https:\/\/lidertecsa.com.ar\/catalogo\/producto\/lijadora-orbital-inalambrica-te-os-18-230-li-solo\/","title":{"rendered":"Lijadora Orbital Inal\u00e1mbrica &#8211;  TE-OS 18\/230 Li Solo"},"content":{"rendered":"<div id=\"description\" class=\"section-row -padded-wide--mod-top-only -in-viewport\" data-anchornav=\"Artikelbeschreibung\">\n<div class=\"col-wrapper -max-width-limited\">\n<div class=\"content-item module-description\">\n<div class=\"description-wrapper\">\n<div class=\"col-two\">\n<div class=\"description__content\">\n<p>La lijadora orbital inal\u00e1mbrica Einhell TE-OS 18\/230 Li Solo es un miembro fuerte de la familia flexible Power X-Change de Einhell, que se pueden combinar entre s\u00ed sin l\u00edmites. La lijadora orbital robusta y potente es perfectamente adecuada para lijar superficies planas, como piezas de trabajo, tablones de madera o paneles, as\u00ed como revestimientos. La adaptaci\u00f3n de la velocidad se lleva a cabo mediante la electr\u00f3nica de velocidad de acuerdo con el material y la aplicaci\u00f3n. Gracias al dispositivo de adhesi\u00f3n y sujeci\u00f3n de micro Velcro, los abrasivos se pueden cambiar r\u00e1pida y f\u00e1cilmente en la placa base de aluminio robusta y duradera. Un agarre firme y seguro es proporcionado por las superficies de agarre equipadas con agarre suave. La bolsa de recolecci\u00f3n de polvo recoge cualquier polvo de molienda que se acumule. Adem\u00e1s, la posibilidad de conectar una aspiradora ofrece la m\u00e1xima limpieza en la superficie de trabajo. La entrega incluye tres lijas para el inicio inmediato del proyecto. No se incluyen la bater\u00eda y el cargador (se venden por separado).<\/p>\n<\/div>\n<\/div>\n<\/div>\n<\/div>\n<\/div>\n<\/div>\n<div id=\"technical-details\" class=\"section-row -padded-wide--mod-top-only -in-viewport\" data-anchornav=\"Technische Daten\">\n<div class=\"col-wrapper -max-width-limited -decrease-width\">\n<div class=\"col\">\n<div class=\"content-item module-headline-paragraph headline paragraph -color-headline-black\">\n<h2 class=\"heading delta\">Caracter\u00edsticas t\u00e9cnicas<\/h2>\n<\/div>\n<div class=\"content-item module-table -styling-beta\">\n<table class=\"table__table\">\n<tbody>\n<tr class=\"-show tr-odd\">\n<td><span class=\"bold\">N\u00famero de bater\u00edas incluidas<\/span><\/td>\n<td>0 piezas<\/td>\n<\/tr>\n<tr class=\"-show tr-even\">\n<td><span class=\"bold\">N\u00famero de cargadores incluidos<\/span><\/td>\n<td>0 piezas<\/td>\n<\/tr>\n<tr class=\"-show tr-odd\">\n<td><span class=\"bold\">Conexi\u00f3n de succi\u00f3n de di\u00e1metro<\/span><\/td>\n<td>35 mm<\/td>\n<\/tr>\n<tr class=\"-show tr-even\">\n<td><span class=\"bold\">Voltaje del motor<\/span><\/td>\n<td>18 V<\/td>\n<\/tr>\n<tr class=\"-show tr-odd\">\n<td><span class=\"bold\">Motor<\/span><\/td>\n<td>Motor cepillado<\/td>\n<\/tr>\n<tr class=\"-show tr-even\">\n<td><span class=\"bold\">Peso del producto<\/span><\/td>\n<td>1,5 kg<\/td>\n<\/tr>\n<tr class=\"-show tr-odd\">\n<td><span class=\"bold\">Ancho del papel de lija<\/span><\/td>\n<td>115 mm<\/td>\n<\/tr>\n<tr class=\"-show tr-even\">\n<td><span class=\"bold\">Longitud del papel de lija<\/span><\/td>\n<td>230 mm<\/td>\n<\/tr>\n<tr class=\"-show tr-odd\">\n<td><span class=\"bold\">Circuito resonante<\/span><\/td>\n<td>2,5 mm<\/td>\n<\/tr>\n<tr class=\"-show tr-even\">\n<td><span class=\"bold\">Relaci\u00f3n de vibraci\u00f3n m\u00e1x.<\/span><\/td>\n<td>22000 min^-1<\/td>\n<\/tr>\n<tr class=\"-show tr-odd\">\n<td><span class=\"bold\">Umbral m\u00edn.<\/span><\/td>\n<td>14000 min^-1<\/td>\n<\/tr>\n<\/tbody>\n<\/table>\n<\/div>\n<\/div>\n<\/div>\n<\/div>\n","protected":false},"excerpt":{"rendered":"<ul>\n<li class=\" meta\">Miembro de la familia Power X-Change<\/li>\n<li class=\" meta\">Lijadora orbital robusta y potente<\/li>\n<li class=\" meta\">Perfectamente adecuado para lijar superficies planas<\/li>\n<li class=\" meta\">Ajuste de velocidad espec\u00edfico del material mediante electr\u00f3nica de velocidad<\/li>\n<li class=\" meta\">Cambio r\u00e1pido y f\u00e1cil de papel de lija gracias a la micro-Velcro<\/li>\n<li class=\"meta\">Tambi\u00e9n es adecuado para lijas sin Velcro adherencia<\/li>\n<li class=\"meta\">Placa base de aluminio robusta y duradera<\/li>\n<li class=\"meta\">Superficies de agarre ergon\u00f3micas equipadas con agarre suave<\/li>\n<li class=\"meta\">La bolsa de recolecci\u00f3n de polvo recoge el polvo de lijado<\/li>\n<li class=\"meta\">M\u00e1xima limpieza posible conectando una aspiradora<\/li>\n<li class=\"meta\">Incluye 3x papel de lija para el inicio inmediato del proyecto<\/li>\n<li class=\"meta\">Se suministra sin bater\u00eda y sin cargador (se vende por separado)<\/li>\n<\/ul>\n","protected":false},"featured_media":1442,"template":"","meta":{"_joinchat":[]},"product_cat":[50],"product_tag":[352],"class_list":{"0":"post-1441","1":"product","2":"type-product","3":"status-publish","4":"has-post-thumbnail","6":"product_cat-herramientas-a-bateria","7":"product_tag-lijadora-orbital-inalambrica","9":"first","10":"instock","11":"product-type-simple"},"_links":{"self":[{"href":"https:\/\/lidertecsa.com.ar\/catalogo\/wp-json\/wp\/v2\/product\/1441"}],"collection":[{"href":"https:\/\/lidertecsa.com.ar\/catalogo\/wp-json\/wp\/v2\/product"}],"about":[{"href":"https:\/\/lidertecsa.com.ar\/catalogo\/wp-json\/wp\/v2\/types\/product"}],"wp:featuredmedia":[{"embeddable":true,"href":"https:\/\/lidertecsa.com.ar\/catalogo\/wp-json\/wp\/v2\/media\/1442"}],"wp:attachment":[{"href":"https:\/\/lidertecsa.com.ar\/catalogo\/wp-json\/wp\/v2\/media?parent=1441"}],"wp:term":[{"taxonomy":"product_cat","embeddable":true,"href":"https:\/\/lidertecsa.com.ar\/catalogo\/wp-json\/wp\/v2\/product_cat?post=1441"},{"taxonomy":"product_tag","embeddable":true,"href":"https:\/\/lidertecsa.com.ar\/catalogo\/wp-json\/wp\/v2\/product_tag?post=1441"}],"curies":[{"name":"wp","href":"https:\/\/api.w.org\/{rel}","templated":true}]}}