{"id":1436,"date":"2023-06-25T17:25:20","date_gmt":"2023-06-25T20:25:20","guid":{"rendered":"https:\/\/lidertecsa.com.ar\/catalogo\/?post_type=product&#038;p=1436"},"modified":"2024-12-13T16:31:59","modified_gmt":"2024-12-13T19:31:59","slug":"lijadora-telecopica-inalambrica-tp-dw-18-225-li-solo","status":"publish","type":"product","link":"https:\/\/lidertecsa.com.ar\/catalogo\/producto\/lijadora-telecopica-inalambrica-tp-dw-18-225-li-solo\/","title":{"rendered":"Lijadora Telec\u00f3pica Inal\u00e1mbrica &#8211; TP-DW 18\/225 Li &#8211; Solo"},"content":{"rendered":"<div id=\"description\" class=\"section-row -padded-wide--mod-top-only -in-viewport\" data-anchornav=\"Artikelbeschreibung\">\n<div class=\"col-wrapper -max-width-limited\">\n<div class=\"content-item module-description\">\n<div class=\"description-wrapper\">\n<div class=\"col-two\">\n<div class=\"description__content\">\n<p>La lijadora inal\u00e1mbrica para paneles de yeso Einhell Professional TP-DW 18\/225 Li \u2013 Solo es un miembro potente y flexible de la familia Power X-Change. La lijadora para paneles de yeso es un ayudante indispensable para lijar yeso y placas de yeso en techos y paredes durante trabajos de renovaci\u00f3n y renovaci\u00f3n. La electr\u00f3nica de velocidad garantiza que el trabajo se adapte al material y la aplicaci\u00f3n durante el uso. La lijadora inal\u00e1mbrica para paneles de yeso es f\u00e1cil de usar y c\u00f3moda en uso continuo gracias al interruptor de funci\u00f3n con bot\u00f3n de bloqueo de tapas y las superficies de agarre suave. El sistema integrado de extracci\u00f3n de polvo garantiza un \u00e1rea de trabajo limpia, y el anillo del cepillo se puede girar de forma flexible. La placa de lijado accionada por resorte garantiza un contacto \u00f3ptimo con la pared o el techo. La almohadilla de lijado est\u00e1 equipada con cierre de micro gancho y bucle. El manillar plegable facilita el transporte y la lijadora para paneles de yeso ahorra espacio en el almacenamiento, y la extensi\u00f3n de aluminio con asa adicional es extra\u00edble. El volumen de suministro incluye una manguera de extensi\u00f3n con soporte integrado, una bolsa de recolecci\u00f3n de polvo con cierre de liberaci\u00f3n r\u00e1pida y correa de transporte, as\u00ed como 6 piezas de papel de lija, una l\u00ednea de rejilla y un adaptador para conectar una aspiradora adecuada. La entrega se realiza en un pr\u00e1ctico estuche de transporte, pero sin bater\u00eda ni cargador. Estos se venden por separado.<\/p>\n<\/div>\n<\/div>\n<\/div>\n<\/div>\n<\/div>\n<\/div>\n<div id=\"technical-details\" class=\"section-row -padded-wide--mod-top-only -in-viewport\" data-anchornav=\"Technische Daten\">\n<div class=\"col-wrapper -max-width-limited -decrease-width\">\n<div class=\"col\">\n<div class=\"content-item module-headline-paragraph headline paragraph -color-headline-black\">\n<h2 class=\"heading delta\">Caracter\u00edsticas t\u00e9cnicas<\/h2>\n<\/div>\n<div class=\"content-item module-table -styling-beta\">\n<table class=\"table__table\">\n<tbody>\n<tr class=\"-show tr-odd\">\n<td><span class=\"bold\">N\u00famero de 120 redondos de papel de lija de grano<\/span><\/td>\n<td>2 piezas<\/td>\n<\/tr>\n<tr class=\"-show tr-even\">\n<td><span class=\"bold\">N\u00famero de 60 redondos de papel de lija de grano<\/span><\/td>\n<td>2 piezas<\/td>\n<\/tr>\n<tr class=\"-show tr-odd\">\n<td><span class=\"bold\">N\u00famero de 80 redondos de papel de lija de grano<\/span><\/td>\n<td>2 piezas<\/td>\n<\/tr>\n<tr class=\"-show tr-even\">\n<td><span class=\"bold\">N\u00famero de bater\u00edas incluidas<\/span><\/td>\n<td>0 piezas<\/td>\n<\/tr>\n<tr class=\"-show tr-odd\">\n<td><span class=\"bold\">N\u00famero de l\u00edneas de celos\u00eda redondas<\/span><\/td>\n<td>1 piezas<\/td>\n<\/tr>\n<tr class=\"-show tr-even\">\n<td><span class=\"bold\">N\u00famero de cargadores incluidos<\/span><\/td>\n<td>0 piezas<\/td>\n<\/tr>\n<tr class=\"-show tr-odd\">\n<td><span class=\"bold\">Di\u00e1metro de la almohadilla de lijado<\/span><\/td>\n<td>225 mm<\/td>\n<\/tr>\n<tr class=\"-show tr-even\">\n<td><span class=\"bold\">Voltaje del motor<\/span><\/td>\n<td>18 V<\/td>\n<\/tr>\n<tr class=\"-show tr-odd\">\n<td><span class=\"bold\">Motor<\/span><\/td>\n<td>Motor sin escobillas<\/td>\n<\/tr>\n<tr class=\"-show tr-even\">\n<td><span class=\"bold\">Peso del producto<\/span><\/td>\n<td>3,62 kg<\/td>\n<\/tr>\n<tr class=\"-show tr-odd\">\n<td><span class=\"bold\">Relaci\u00f3n de vibraci\u00f3n m\u00e1x.<\/span><\/td>\n<td>1200 min^-1<\/td>\n<\/tr>\n<\/tbody>\n<\/table>\n<\/div>\n<\/div>\n<\/div>\n<\/div>\n","protected":false},"excerpt":{"rendered":"<ul>\n<li class=\" meta\">Miembro de la familia Power X-Change<\/li>\n<li class=\" meta\">Electr\u00f3nica de velocidad para trabajos espec\u00edficos de materiales y aplicaciones<\/li>\n<li class=\" meta\">Interruptor de funci\u00f3n con tecla de bloqueo de may\u00fasculas para trabajar con baja fatiga<\/li>\n<li class=\" meta\">Extracci\u00f3n de polvo integrada para un trabajo limpio y flexible<\/li>\n<li class=\" meta\">Placa de lijado accionada por resorte para un contacto \u00f3ptimo con la pared<\/li>\n<li class=\"meta\">Lijadora con adhesi\u00f3n micro-Velcro<\/li>\n<li class=\"meta\">Borde de cepillo giratorio flexible para un \u00e1rea de trabajo limpia<\/li>\n<li class=\"meta\">Manillar plegable para facilitar su transporte y almacenamiento<\/li>\n<li class=\"meta\">Las superficies de agarre suave permiten un trabajo sin fatiga<\/li>\n<li class=\"meta\">Extensi\u00f3n de aluminio desmontable con asa adicional<\/li>\n<li class=\"meta\">Incluye manguera de extensi\u00f3n con soporte integrado<\/li>\n<li class=\"meta\">Incluye bolsa de recogida de polvo con cierre de liberaci\u00f3n r\u00e1pida y correa de transporte<\/li>\n<li class=\"meta\">Incluye 6x papel de lija y 1x lija<\/li>\n<li class=\"meta\">Incluye 1x adaptador para conectar una aspiradora adecuada<\/li>\n<li class=\"meta\">Se suministra en un pr\u00e1ctico estuche de transporte<\/li>\n<li class=\"meta\">Se suministra sin bater\u00eda ni cargador (se vende por separado)<\/li>\n<\/ul>\n","protected":false},"featured_media":1438,"template":"","meta":{"_joinchat":[]},"product_cat":[50],"product_tag":[351],"class_list":{"0":"post-1436","1":"product","2":"type-product","3":"status-publish","4":"has-post-thumbnail","6":"product_cat-herramientas-a-bateria","7":"product_tag-lijadora-telescopica-inalambrica","9":"first","10":"instock","11":"product-type-simple"},"_links":{"self":[{"href":"https:\/\/lidertecsa.com.ar\/catalogo\/wp-json\/wp\/v2\/product\/1436"}],"collection":[{"href":"https:\/\/lidertecsa.com.ar\/catalogo\/wp-json\/wp\/v2\/product"}],"about":[{"href":"https:\/\/lidertecsa.com.ar\/catalogo\/wp-json\/wp\/v2\/types\/product"}],"wp:featuredmedia":[{"embeddable":true,"href":"https:\/\/lidertecsa.com.ar\/catalogo\/wp-json\/wp\/v2\/media\/1438"}],"wp:attachment":[{"href":"https:\/\/lidertecsa.com.ar\/catalogo\/wp-json\/wp\/v2\/media?parent=1436"}],"wp:term":[{"taxonomy":"product_cat","embeddable":true,"href":"https:\/\/lidertecsa.com.ar\/catalogo\/wp-json\/wp\/v2\/product_cat?post=1436"},{"taxonomy":"product_tag","embeddable":true,"href":"https:\/\/lidertecsa.com.ar\/catalogo\/wp-json\/wp\/v2\/product_tag?post=1436"}],"curies":[{"name":"wp","href":"https:\/\/api.w.org\/{rel}","templated":true}]}}