{"id":1398,"date":"2023-06-25T10:23:47","date_gmt":"2023-06-25T13:23:47","guid":{"rendered":"https:\/\/lidertecsa.com.ar\/catalogo\/?post_type=product&#038;p=1398"},"modified":"2025-06-27T17:58:16","modified_gmt":"2025-06-27T20:58:16","slug":"multiherramienta-inalambrica-tc-mg-18-li-solo","status":"publish","type":"product","link":"https:\/\/lidertecsa.com.ar\/catalogo\/producto\/multiherramienta-inalambrica-tc-mg-18-li-solo\/","title":{"rendered":"Multiherramienta Inal\u00e1mbrica &#8211; TC-MG 18 Li-Solo"},"content":{"rendered":"<div id=\"description\" class=\"section-row -padded-wide--mod-top-only -in-viewport\" data-anchornav=\"Artikelbeschreibung\">\n<div class=\"col-wrapper -max-width-limited\">\n<div class=\"content-item module-description\">\n<div class=\"description-wrapper\">\n<div class=\"col-two\">\n<div class=\"description__content\">\n<p>La herramienta multifunci\u00f3n inal\u00e1mbrica Einhell TC-MG 18 Li-Solo es un ayudante flexible y de alta calidad para trabajos de expansi\u00f3n, renovaci\u00f3n o renovaci\u00f3n. Gracias al amplio equipo, los pasos de trabajo como el aserrado, el lijado o el raspado son f\u00e1ciles. Como miembro de la familia Power X-Change, los usuarios tienen acceso a todas las ventajas de la tecnolog\u00eda de iones de litio de alta calidad de Einhell. La multiherramienta inal\u00e1mbrica es de alta calidad y est\u00e1 dise\u00f1ada ergon\u00f3micamente, por lo que es un enorme alivio para su uso en la pr\u00e1ctica. La multiherramienta tambi\u00e9n est\u00e1 equipada con un soporte de bater\u00eda desacoplado por vibraci\u00f3n para reducir la vibraci\u00f3n. El portaherramientas magn\u00e9tico permite un cambio de herramienta r\u00e1pido y conveniente. El portaherramientas tambi\u00e9n es ajustable en doce direcciones. La electr\u00f3nica de velocidad permite que el trabajo se lleve a cabo de una manera adecuada al material y la aplicaci\u00f3n. El TC-MG 18 Li-Solo funciona en el rango de 22.000 a 40.000 vibraciones, lo que permite un uso preciso. El trabajo seguro y c\u00f3modo es posible gracias al agarre suave. El equipo incluye una placa de lijado triangular y un conjunto de nueve piezas de papel de lija en diferentes tama\u00f1os de grano (3 * P60 \/ 3 * P80 \/ 3 * P120). Tambi\u00e9n se incluye en el volumen de entrega un raspador, una hoja de sierra de corte por inmersi\u00f3n para madera y pl\u00e1stico y una hoja de sierra de segmento adicional para metal blando (HSS). El TC-MG 18 Li-Solo es un miembro de la familia Power X-Change. La ventaja de las herramientas inal\u00e1mbricas es obvia: los cables molestos, los \u00abpeligros de tropiezo\u00bb y las distracciones no deseadas debido a la limitada libertad de movimiento son cosa del pasado con la nueva, potente y duradera generaci\u00f3n de herramientas inal\u00e1mbricas Einhell. Las bater\u00edas con celdas de iones de litio de alta calidad se pueden utilizar con todos los miembros de la familia Power X-Change. La entrega se realiza sin bater\u00eda y sin cargador, estos se venden por separado.<\/p>\n<\/div>\n<\/div>\n<\/div>\n<\/div>\n<\/div>\n<\/div>\n<div id=\"technical-details\" class=\"section-row -padded-wide--mod-top-only\" data-anchornav=\"Technische Daten\">\n<div class=\"col-wrapper -max-width-limited -decrease-width\">\n<div class=\"col\">\n<div class=\"content-item module-headline-paragraph headline paragraph -color-headline-black\">\n<h2 class=\"heading delta\">Caracter\u00edsticas t\u00e9cnicas<\/h2>\n<\/div>\n<div class=\"content-item module-table -styling-beta\">\n<table class=\"table__table\">\n<tbody>\n<tr class=\"-show tr-odd\">\n<td><span class=\"bold\">N\u00famero de bater\u00edas incluidas<\/span><\/td>\n<td>0 piezas<\/td>\n<\/tr>\n<tr class=\"-show tr-even\">\n<td><span class=\"bold\">N\u00famero de cargadores incluidos<\/span><\/td>\n<td>0 piezas<\/td>\n<\/tr>\n<tr class=\"-show tr-odd\">\n<td><span class=\"bold\">Voltaje del motor<\/span><\/td>\n<td>18 V<\/td>\n<\/tr>\n<tr class=\"-show tr-even\">\n<td><span class=\"bold\">Motor<\/span><\/td>\n<td>Motor cepillado<\/td>\n<\/tr>\n<tr class=\"-show tr-odd\">\n<td><span class=\"bold\">Peso del producto<\/span><\/td>\n<td>0,88 kg<\/td>\n<\/tr>\n<\/tbody>\n<\/table>\n<\/div>\n<\/div>\n<\/div>\n<\/div>\n<div id=\"video\" class=\"section-row -padded-wide--mod-top-only\" data-anchornav=\"Video\">\n<div class=\"col-wrapper l-1col -max-width-limited\">\n<div class=\"col\">\n<div class=\"content-item module-video -full-size\">\n<div class=\"cards__card\" data-video-id=\"video-0\">\n<div class=\"card__video\"><\/div>\n<\/div>\n<\/div>\n<\/div>\n<\/div>\n<\/div>\n","protected":false},"excerpt":{"rendered":"<ul>\n<li class=\" meta\">Miembro de la familia Power X-Change<\/li>\n<li class=\" meta\">C\u00f3modo cambio de accesorio gracias al portaherramientas magn\u00e9tico<\/li>\n<li class=\" meta\">Electr\u00f3nica de velocidad para trabajos espec\u00edficos de materiales y aplicaciones<\/li>\n<li class=\" meta\">Soporte de bater\u00eda desacoplado por vibraci\u00f3n para reducir la vibraci\u00f3n<\/li>\n<li class=\" meta\">Trabajo seguro y c\u00f3modo gracias al agarre suave<\/li>\n<li class=\"meta\">Soporte de herramientas de 12 pines para un posicionamiento flexible de los accesorios<\/li>\n<li class=\"meta\">Incluye placa de lijado triangular<\/li>\n<li class=\"meta\">Incluye 9x papel de lija (3*P60\/3*P80\/3*P120)<\/li>\n<li class=\"meta\">Rascador incluido<\/li>\n<li class=\"meta\">Incluye hoja de sierra de corte por inmersi\u00f3n para madera y pl\u00e1stico<\/li>\n<li class=\"meta\">Incluye hoja de sierra segmentada para madera, pl\u00e1stico y metal blando (HSS)<\/li>\n<li class=\"meta\">Se suministra sin bater\u00eda ni cargador (se vende por separado)<\/li>\n<\/ul>\n","protected":false},"featured_media":1399,"template":"","meta":{"_joinchat":[]},"product_cat":[50],"product_tag":[344],"class_list":{"0":"post-1398","1":"product","2":"type-product","3":"status-publish","4":"has-post-thumbnail","6":"product_cat-herramientas-a-bateria","7":"product_tag-multiherramienta-inalambrica","9":"first","10":"instock","11":"product-type-simple"},"_links":{"self":[{"href":"https:\/\/lidertecsa.com.ar\/catalogo\/wp-json\/wp\/v2\/product\/1398"}],"collection":[{"href":"https:\/\/lidertecsa.com.ar\/catalogo\/wp-json\/wp\/v2\/product"}],"about":[{"href":"https:\/\/lidertecsa.com.ar\/catalogo\/wp-json\/wp\/v2\/types\/product"}],"wp:featuredmedia":[{"embeddable":true,"href":"https:\/\/lidertecsa.com.ar\/catalogo\/wp-json\/wp\/v2\/media\/1399"}],"wp:attachment":[{"href":"https:\/\/lidertecsa.com.ar\/catalogo\/wp-json\/wp\/v2\/media?parent=1398"}],"wp:term":[{"taxonomy":"product_cat","embeddable":true,"href":"https:\/\/lidertecsa.com.ar\/catalogo\/wp-json\/wp\/v2\/product_cat?post=1398"},{"taxonomy":"product_tag","embeddable":true,"href":"https:\/\/lidertecsa.com.ar\/catalogo\/wp-json\/wp\/v2\/product_tag?post=1398"}],"curies":[{"name":"wp","href":"https:\/\/api.w.org\/{rel}","templated":true}]}}