{"id":1387,"date":"2023-06-25T10:04:55","date_gmt":"2023-06-25T13:04:55","guid":{"rendered":"https:\/\/lidertecsa.com.ar\/catalogo\/?post_type=product&#038;p=1387"},"modified":"2024-12-13T16:31:53","modified_gmt":"2024-12-13T19:31:53","slug":"amoladora-angular-inalambrica-te-ag-18-115-li-solo","status":"publish","type":"product","link":"https:\/\/lidertecsa.com.ar\/catalogo\/producto\/amoladora-angular-inalambrica-te-ag-18-115-li-solo\/","title":{"rendered":"Amoladora Angular Inal\u00e1mbrica &#8211; TE-AG 18\/115 Li-Solo"},"content":{"rendered":"<div id=\"description\" class=\"section-row -padded-wide--mod-top-only -in-viewport\" data-anchornav=\"Artikelbeschreibung\">\n<div class=\"col-wrapper -max-width-limited\">\n<div class=\"content-item module-description\">\n<div class=\"description-wrapper\">\n<div class=\"col-two\">\n<div class=\"description__content\">\n<p>La amoladora angular inal\u00e1mbrica Einhell TE-AG 18\/115 Li \u2013 Solo es la amoladora angular m\u00e1s ligera de su clase y est\u00e1 equipada con una robusta carcasa de engranajes de aluminio. Como miembro de la familia Power X-Change, las bater\u00edas con celdas de iones de litio de alta calidad se pueden utilizar con todos los miembros de la familia Power X-Change. La bater\u00eda y el cargador est\u00e1n disponibles por separado, por ejemplo, como un potente conjunto de arranque. Para obtener resultados \u00f3ptimos de corte, molienda o desbaste, se recomienda la bater\u00eda de 2,5 Ah o superior. El arranque suave permite un arranque suave y la protecci\u00f3n de reinicio garantiza una mayor seguridad para el usuario. El dise\u00f1o delgado con agarre suave ergon\u00f3mico y el mango adicional que se puede montar de forma flexible en tres posiciones permite un manejo c\u00f3modo del dispositivo. El flujo de aire modificado garantiza una refrigeraci\u00f3n \u00f3ptima del dispositivo y un funcionamiento suave en la caja de cambios. El protector del parabrisas se puede adaptar a cualquier tarea en muy poco tiempo gracias al ajuste r\u00e1pido. La protecci\u00f3n contra sobrecarga garantiza una mayor seguridad y durabilidad. La entrega se realiza sin un disco de corte.<\/p>\n<\/div>\n<\/div>\n<\/div>\n<\/div>\n<\/div>\n<\/div>\n<div id=\"technical-details\" class=\"section-row -padded-wide--mod-top-only -in-viewport\" data-anchornav=\"Technische Daten\">\n<div class=\"col-wrapper -max-width-limited -decrease-width\">\n<div class=\"col\">\n<div class=\"content-item module-headline-paragraph headline paragraph -color-headline-black\">\n<h2 class=\"heading delta\">Caracter\u00edsticas t\u00e9cnicas<\/h2>\n<\/div>\n<div class=\"content-item module-table -styling-beta\">\n<table class=\"table__table\">\n<tbody>\n<tr class=\"-show tr-odd\">\n<td><span class=\"bold\">Di\u00e1metro del disco<\/span><\/td>\n<td>115 mm<\/td>\n<\/tr>\n<tr class=\"-show tr-even\">\n<td><span class=\"bold\">Velocidad de ralent\u00ed m\u00e1x.<\/span><\/td>\n<td>8500 min^-1<\/td>\n<\/tr>\n<tr class=\"-show tr-odd\">\n<td><span class=\"bold\">Profundidad de corte m\u00e1x.<\/span><\/td>\n<td>28 mm<\/td>\n<\/tr>\n<\/tbody>\n<\/table>\n<\/div>\n<\/div>\n<\/div>\n<\/div>\n","protected":false},"excerpt":{"rendered":"<ul>\n<li class=\" meta\">Miembro de la familia Power X-Change<\/li>\n<li class=\" meta\">Amoladora angular m\u00e1s ligera de su clase<\/li>\n<li class=\" meta\">Protecci\u00f3n de arranque y reinicio suave para una mayor seguridad del usuario<\/li>\n<li class=\" meta\">Protecci\u00f3n contra sobrecarga para mayor longevidad<\/li>\n<li class=\" meta\">Flujo de aire modificado para una mejor refrigeraci\u00f3n y longevidad<\/li>\n<li class=\"meta\">Funcionamiento extremadamente suave debido al desacoplamiento del motor y la transmisi\u00f3n<\/li>\n<li class=\"meta\">Protecci\u00f3n del parabrisas con ajuste r\u00e1pido<\/li>\n<li class=\"meta\">Carcasa robusta de caja de cambios de aluminio<\/li>\n<li class=\"meta\">Dise\u00f1o delgado con agarre suave ergon\u00f3mico<\/li>\n<li class=\"meta\">El mango adicional se puede montar de forma flexible en 3 posiciones<\/li>\n<li class=\"meta\">Recomendaci\u00f3n para obtener resultados \u00f3ptimos: bater\u00eda de 2,5 Ah y m\u00e1s grande<\/li>\n<li class=\"meta\">Se suministra sin bater\u00eda y sin cargador (se vende por separado)<\/li>\n<li class=\"meta\">Entrega sin disco de corte<\/li>\n<\/ul>\n","protected":false},"featured_media":1386,"template":"","meta":{"_joinchat":[]},"product_cat":[50],"product_tag":[183],"class_list":{"0":"post-1387","1":"product","2":"type-product","3":"status-publish","4":"has-post-thumbnail","6":"product_cat-herramientas-a-bateria","7":"product_tag-amoladora-angular","9":"first","10":"instock","11":"product-type-simple"},"_links":{"self":[{"href":"https:\/\/lidertecsa.com.ar\/catalogo\/wp-json\/wp\/v2\/product\/1387"}],"collection":[{"href":"https:\/\/lidertecsa.com.ar\/catalogo\/wp-json\/wp\/v2\/product"}],"about":[{"href":"https:\/\/lidertecsa.com.ar\/catalogo\/wp-json\/wp\/v2\/types\/product"}],"wp:featuredmedia":[{"embeddable":true,"href":"https:\/\/lidertecsa.com.ar\/catalogo\/wp-json\/wp\/v2\/media\/1386"}],"wp:attachment":[{"href":"https:\/\/lidertecsa.com.ar\/catalogo\/wp-json\/wp\/v2\/media?parent=1387"}],"wp:term":[{"taxonomy":"product_cat","embeddable":true,"href":"https:\/\/lidertecsa.com.ar\/catalogo\/wp-json\/wp\/v2\/product_cat?post=1387"},{"taxonomy":"product_tag","embeddable":true,"href":"https:\/\/lidertecsa.com.ar\/catalogo\/wp-json\/wp\/v2\/product_tag?post=1387"}],"curies":[{"name":"wp","href":"https:\/\/api.w.org\/{rel}","templated":true}]}}