{"id":11679,"date":"2026-01-19T11:47:02","date_gmt":"2026-01-19T14:47:02","guid":{"rendered":"https:\/\/lidertecsa.com.ar\/catalogo\/?post_type=product&#038;p=11679"},"modified":"2026-01-19T11:47:02","modified_gmt":"2026-01-19T14:47:02","slug":"inflador-aire-sce520","status":"publish","type":"product","link":"https:\/\/lidertecsa.com.ar\/catalogo\/producto\/inflador-aire-sce520\/","title":{"rendered":"Inflador Aire SCE520"},"content":{"rendered":"<p>Dise\u00f1o compacto y f\u00e1cil de transportar Asa de transporte con agarre ergon\u00f3mico para mayor comodidad. Espacio para guardar accesorios, mangueras y extensiones para aplicaciones de inflado. 3 fuentes de alimentaci\u00f3n para autom\u00f3vil de 12v, CA el\u00e9ctrica y bater\u00eda de 20v. Mayor versatilidad para m\u00faltiples aplicaciones. 4 adaptadores de gran versatilidad, boquillas para m\u00faltiples prop\u00f3sitos. Gran \u00e1rea de salida de aire Herramienta vers\u00e1til para muchas aplicaciones. M\u00f3dulo para configurar la presi\u00f3n, apagado autom\u00e1tico al alcanzar la presi\u00f3n establecida, aumenta la precisi\u00f3n de la presi\u00f3n para comodidad del usuario.<\/p>\n","protected":false},"excerpt":{"rendered":"<p>Inflador Aire SCE520<\/p>\n","protected":false},"featured_media":11680,"template":"","meta":{"_joinchat":[]},"product_cat":[1575],"product_tag":[],"class_list":{"0":"post-11679","1":"product","2":"type-product","3":"status-publish","4":"has-post-thumbnail","6":"product_cat-herramientas-inalambricas","8":"first","9":"instock","10":"taxable","11":"shipping-taxable","12":"product-type-simple"},"_links":{"self":[{"href":"https:\/\/lidertecsa.com.ar\/catalogo\/wp-json\/wp\/v2\/product\/11679"}],"collection":[{"href":"https:\/\/lidertecsa.com.ar\/catalogo\/wp-json\/wp\/v2\/product"}],"about":[{"href":"https:\/\/lidertecsa.com.ar\/catalogo\/wp-json\/wp\/v2\/types\/product"}],"wp:featuredmedia":[{"embeddable":true,"href":"https:\/\/lidertecsa.com.ar\/catalogo\/wp-json\/wp\/v2\/media\/11680"}],"wp:attachment":[{"href":"https:\/\/lidertecsa.com.ar\/catalogo\/wp-json\/wp\/v2\/media?parent=11679"}],"wp:term":[{"taxonomy":"product_cat","embeddable":true,"href":"https:\/\/lidertecsa.com.ar\/catalogo\/wp-json\/wp\/v2\/product_cat?post=11679"},{"taxonomy":"product_tag","embeddable":true,"href":"https:\/\/lidertecsa.com.ar\/catalogo\/wp-json\/wp\/v2\/product_tag?post=11679"}],"curies":[{"name":"wp","href":"https:\/\/api.w.org\/{rel}","templated":true}]}}