{"id":11673,"date":"2026-01-19T11:11:50","date_gmt":"2026-01-19T14:11:50","guid":{"rendered":"https:\/\/lidertecsa.com.ar\/catalogo\/?post_type=product&#038;p=11673"},"modified":"2026-01-19T11:11:51","modified_gmt":"2026-01-19T14:11:51","slug":"sierra-circular-brushless-fatmax-stanley-sbc550","status":"publish","type":"product","link":"https:\/\/lidertecsa.com.ar\/catalogo\/producto\/sierra-circular-brushless-fatmax-stanley-sbc550\/","title":{"rendered":"Sierra Circular Brushless Fatmax Stanley SBC550"},"content":{"rendered":"<p>La marca Stanley fabrica herramientas desde 1843, con la premisa de ofrecer un producto preciso, confiable y resistente. La sierra SBC550 est\u00e1 pensada para que puedas conseguir resultados profesionales en tu trabajo. Di\u00e1metro del disco Su disco de 185mm posibilita cortes definidos y prolijos, dif\u00edciles de alcanzar de manera manual.<\/p>\n","protected":false},"excerpt":{"rendered":"<p>Sierra Circular Brushless Fatmax Stanley SBC550<\/p>\n","protected":false},"featured_media":11674,"template":"","meta":{"_joinchat":[]},"product_cat":[1575],"product_tag":[],"class_list":{"0":"post-11673","1":"product","2":"type-product","3":"status-publish","4":"has-post-thumbnail","6":"product_cat-herramientas-inalambricas","8":"first","9":"instock","10":"taxable","11":"shipping-taxable","12":"product-type-simple"},"_links":{"self":[{"href":"https:\/\/lidertecsa.com.ar\/catalogo\/wp-json\/wp\/v2\/product\/11673"}],"collection":[{"href":"https:\/\/lidertecsa.com.ar\/catalogo\/wp-json\/wp\/v2\/product"}],"about":[{"href":"https:\/\/lidertecsa.com.ar\/catalogo\/wp-json\/wp\/v2\/types\/product"}],"wp:featuredmedia":[{"embeddable":true,"href":"https:\/\/lidertecsa.com.ar\/catalogo\/wp-json\/wp\/v2\/media\/11674"}],"wp:attachment":[{"href":"https:\/\/lidertecsa.com.ar\/catalogo\/wp-json\/wp\/v2\/media?parent=11673"}],"wp:term":[{"taxonomy":"product_cat","embeddable":true,"href":"https:\/\/lidertecsa.com.ar\/catalogo\/wp-json\/wp\/v2\/product_cat?post=11673"},{"taxonomy":"product_tag","embeddable":true,"href":"https:\/\/lidertecsa.com.ar\/catalogo\/wp-json\/wp\/v2\/product_tag?post=11673"}],"curies":[{"name":"wp","href":"https:\/\/api.w.org\/{rel}","templated":true}]}}