{"id":11669,"date":"2026-01-19T10:52:49","date_gmt":"2026-01-19T13:52:49","guid":{"rendered":"https:\/\/lidertecsa.com.ar\/catalogo\/?post_type=product&#038;p=11669"},"modified":"2026-01-19T10:52:50","modified_gmt":"2026-01-19T13:52:50","slug":"llave-de-impacto-370nm-brushless-sbw920b","status":"publish","type":"product","link":"https:\/\/lidertecsa.com.ar\/catalogo\/producto\/llave-de-impacto-370nm-brushless-sbw920b\/","title":{"rendered":"Llave de impacto 370Nm Brushless SBW920B"},"content":{"rendered":"<p>Stanley tiene una larga trayectoria en la fabricaci\u00f3n de herramientas potentes y duraderas, lo que le brinda confianza para realizar su trabajo. Sus llaves de impacto ofrecen innovaci\u00f3n y calidad al trabajo que realiza, de manera eficiente y sin problemas. Gracias a su peso ligero, esta herramienta ser\u00e1 f\u00e1cil de manipular para que obtengas resultados precisos y acabados perfectos. Firmeza garantizada Al ser impactante, su funci\u00f3n de atornillado se realiza mediante la aplicaci\u00f3n de una fuerza perpendicular al tornillo que lo deja completamente fijo sin riesgo de que se suelte. Si se detecta alg\u00fan bloqueo, la herramienta reducir\u00e1 su velocidad de rotaci\u00f3n evitando que el tornillo pierda su firmeza. Calidad y versatilidad Esta herramienta alcanza velocidades que van desde 0 rpm hasta 1900 rpm. Adem\u00e1s de ser la mejor opci\u00f3n para trabajos dom\u00e9sticos de dificultad baja o media, te permitir\u00e1 ajustar la intensidad para adaptarla a la superficie que quieras atornillar.<\/p>\n","protected":false},"excerpt":{"rendered":"<p>Llave de impacto 370Nm Brushless SBW920B<\/p>\n","protected":false},"featured_media":11670,"template":"","meta":{"_joinchat":[]},"product_cat":[1575],"product_tag":[],"class_list":{"0":"post-11669","1":"product","2":"type-product","3":"status-publish","4":"has-post-thumbnail","6":"product_cat-herramientas-inalambricas","8":"first","9":"instock","10":"taxable","11":"shipping-taxable","12":"product-type-simple"},"_links":{"self":[{"href":"https:\/\/lidertecsa.com.ar\/catalogo\/wp-json\/wp\/v2\/product\/11669"}],"collection":[{"href":"https:\/\/lidertecsa.com.ar\/catalogo\/wp-json\/wp\/v2\/product"}],"about":[{"href":"https:\/\/lidertecsa.com.ar\/catalogo\/wp-json\/wp\/v2\/types\/product"}],"wp:featuredmedia":[{"embeddable":true,"href":"https:\/\/lidertecsa.com.ar\/catalogo\/wp-json\/wp\/v2\/media\/11670"}],"wp:attachment":[{"href":"https:\/\/lidertecsa.com.ar\/catalogo\/wp-json\/wp\/v2\/media?parent=11669"}],"wp:term":[{"taxonomy":"product_cat","embeddable":true,"href":"https:\/\/lidertecsa.com.ar\/catalogo\/wp-json\/wp\/v2\/product_cat?post=11669"},{"taxonomy":"product_tag","embeddable":true,"href":"https:\/\/lidertecsa.com.ar\/catalogo\/wp-json\/wp\/v2\/product_tag?post=11669"}],"curies":[{"name":"wp","href":"https:\/\/api.w.org\/{rel}","templated":true}]}}