{"id":11657,"date":"2026-01-19T09:41:38","date_gmt":"2026-01-19T12:41:38","guid":{"rendered":"https:\/\/lidertecsa.com.ar\/catalogo\/?post_type=product&#038;p=11657"},"modified":"2026-01-19T09:41:38","modified_gmt":"2026-01-19T12:41:38","slug":"taladro-atornillador-13mm-stanley-scd700b","status":"publish","type":"product","link":"https:\/\/lidertecsa.com.ar\/catalogo\/producto\/taladro-atornillador-13mm-stanley-scd700b\/","title":{"rendered":"Taladro Atornillador 13mm Stanley SCD700B"},"content":{"rendered":"<p>Caracter\u00edsticas del producto: &#8211; Marca: Stanley. &#8211; Referencia: SCD700B-B3 &#8211; Potencia: 20 V. &#8211; Rotaciones: 0-400\/0-1,500 RPM. &#8211; 2 velocidades variables y reversibles. &#8211; Control de velocidad en el gatillo. &#8211; Par m\u00e1ximo: 50 Nm, 22 posiciones de par. &#8211; Empu\u00f1adura frontal engomada. &#8211; Mandril de ajuste r\u00e1pido de 13 mm (1\/2 pulgada). &#8211; Capacidad de perforaci\u00f3n de metal: 13 mm. &#8211; Capacidad de perforaci\u00f3n de madera: 35 mm. &#8211; Capacidad de perforaci\u00f3n de mamposter\u00eda: 13 mm. &#8211; Luz LED colocada para ser taladrada o atornillada. &#8211; Peso: 1,3 kg.<\/p>\n","protected":false},"excerpt":{"rendered":"<p>Taladro Atornillador 13mm Stanley SCD700B<\/p>\n","protected":false},"featured_media":11658,"template":"","meta":{"_joinchat":[]},"product_cat":[1575],"product_tag":[],"class_list":{"0":"post-11657","1":"product","2":"type-product","3":"status-publish","4":"has-post-thumbnail","6":"product_cat-herramientas-inalambricas","8":"first","9":"instock","10":"taxable","11":"shipping-taxable","12":"product-type-simple"},"_links":{"self":[{"href":"https:\/\/lidertecsa.com.ar\/catalogo\/wp-json\/wp\/v2\/product\/11657"}],"collection":[{"href":"https:\/\/lidertecsa.com.ar\/catalogo\/wp-json\/wp\/v2\/product"}],"about":[{"href":"https:\/\/lidertecsa.com.ar\/catalogo\/wp-json\/wp\/v2\/types\/product"}],"wp:featuredmedia":[{"embeddable":true,"href":"https:\/\/lidertecsa.com.ar\/catalogo\/wp-json\/wp\/v2\/media\/11658"}],"wp:attachment":[{"href":"https:\/\/lidertecsa.com.ar\/catalogo\/wp-json\/wp\/v2\/media?parent=11657"}],"wp:term":[{"taxonomy":"product_cat","embeddable":true,"href":"https:\/\/lidertecsa.com.ar\/catalogo\/wp-json\/wp\/v2\/product_cat?post=11657"},{"taxonomy":"product_tag","embeddable":true,"href":"https:\/\/lidertecsa.com.ar\/catalogo\/wp-json\/wp\/v2\/product_tag?post=11657"}],"curies":[{"name":"wp","href":"https:\/\/api.w.org\/{rel}","templated":true}]}}