{"id":11634,"date":"2026-01-16T12:05:49","date_gmt":"2026-01-16T15:05:49","guid":{"rendered":"https:\/\/lidertecsa.com.ar\/catalogo\/?post_type=product&#038;p=11634"},"modified":"2026-01-16T12:05:49","modified_gmt":"2026-01-16T15:05:49","slug":"sierra-circular-stanley-v20-brushless-7-1-4-sbc550d2k-ar","status":"publish","type":"product","link":"https:\/\/lidertecsa.com.ar\/catalogo\/producto\/sierra-circular-stanley-v20-brushless-7-1-4-sbc550d2k-ar\/","title":{"rendered":"Sierra Circular Stanley V20 Brushless 7 1\/4 SBC550D2K-AR"},"content":{"rendered":"<p data-start=\"5335\" data-end=\"5567\">Sierra circular inal\u00e1mbrica con hoja de 7 1\/4\u201d y motor sin carbones. Ofrece cortes precisos y estables en madera. Dise\u00f1o robusto y port\u00e1til para uso en obra o taller. Incluye 2 bater\u00edas de 2Ah, cargador y kit box.<\/p>\n","protected":false},"excerpt":{"rendered":"<p>Sierra Circular Stanley V20 Brushless 7 1\/4 SBC550D2K-AR<\/p>\n","protected":false},"featured_media":11635,"template":"","meta":{"_joinchat":[]},"product_cat":[1575],"product_tag":[],"class_list":{"0":"post-11634","1":"product","2":"type-product","3":"status-publish","4":"has-post-thumbnail","6":"product_cat-herramientas-inalambricas","8":"first","9":"instock","10":"taxable","11":"shipping-taxable","12":"product-type-simple"},"_links":{"self":[{"href":"https:\/\/lidertecsa.com.ar\/catalogo\/wp-json\/wp\/v2\/product\/11634"}],"collection":[{"href":"https:\/\/lidertecsa.com.ar\/catalogo\/wp-json\/wp\/v2\/product"}],"about":[{"href":"https:\/\/lidertecsa.com.ar\/catalogo\/wp-json\/wp\/v2\/types\/product"}],"wp:featuredmedia":[{"embeddable":true,"href":"https:\/\/lidertecsa.com.ar\/catalogo\/wp-json\/wp\/v2\/media\/11635"}],"wp:attachment":[{"href":"https:\/\/lidertecsa.com.ar\/catalogo\/wp-json\/wp\/v2\/media?parent=11634"}],"wp:term":[{"taxonomy":"product_cat","embeddable":true,"href":"https:\/\/lidertecsa.com.ar\/catalogo\/wp-json\/wp\/v2\/product_cat?post=11634"},{"taxonomy":"product_tag","embeddable":true,"href":"https:\/\/lidertecsa.com.ar\/catalogo\/wp-json\/wp\/v2\/product_tag?post=11634"}],"curies":[{"name":"wp","href":"https:\/\/api.w.org\/{rel}","templated":true}]}}