{"id":11612,"date":"2026-01-16T11:00:38","date_gmt":"2026-01-16T14:00:38","guid":{"rendered":"https:\/\/lidertecsa.com.ar\/catalogo\/?post_type=product&#038;p=11612"},"modified":"2026-01-16T11:00:39","modified_gmt":"2026-01-16T14:00:39","slug":"combo-stanley-12v-taladro-percutor-impacto-inalambrico-schi10d2fk-ar","status":"publish","type":"product","link":"https:\/\/lidertecsa.com.ar\/catalogo\/producto\/combo-stanley-12v-taladro-percutor-impacto-inalambrico-schi10d2fk-ar\/","title":{"rendered":"Combo Stanley 12V Taladro Percutor + Impacto Inal\u00e1mbrico SCHI10D2FK-AR"},"content":{"rendered":"<p data-start=\"1032\" data-end=\"1250\">Combo inal\u00e1mbrico 12V compuesto por taladro percutor con mandril de 10 mm y atornillador de impacto. Pensado para tareas de perforaci\u00f3n, fijaci\u00f3n y montaje. Incluye 2 bater\u00edas de 2Ah, cargador y box.<\/p>\n","protected":false},"excerpt":{"rendered":"<p>Combo Stanley 12V Taladro Percutor + Impacto Inal\u00e1mbrico SCHI10D2FK-AR<\/p>\n","protected":false},"featured_media":11613,"template":"","meta":{"_joinchat":[]},"product_cat":[1575],"product_tag":[],"class_list":{"0":"post-11612","1":"product","2":"type-product","3":"status-publish","4":"has-post-thumbnail","6":"product_cat-herramientas-inalambricas","8":"first","9":"instock","10":"taxable","11":"shipping-taxable","12":"product-type-simple"},"_links":{"self":[{"href":"https:\/\/lidertecsa.com.ar\/catalogo\/wp-json\/wp\/v2\/product\/11612"}],"collection":[{"href":"https:\/\/lidertecsa.com.ar\/catalogo\/wp-json\/wp\/v2\/product"}],"about":[{"href":"https:\/\/lidertecsa.com.ar\/catalogo\/wp-json\/wp\/v2\/types\/product"}],"wp:featuredmedia":[{"embeddable":true,"href":"https:\/\/lidertecsa.com.ar\/catalogo\/wp-json\/wp\/v2\/media\/11613"}],"wp:attachment":[{"href":"https:\/\/lidertecsa.com.ar\/catalogo\/wp-json\/wp\/v2\/media?parent=11612"}],"wp:term":[{"taxonomy":"product_cat","embeddable":true,"href":"https:\/\/lidertecsa.com.ar\/catalogo\/wp-json\/wp\/v2\/product_cat?post=11612"},{"taxonomy":"product_tag","embeddable":true,"href":"https:\/\/lidertecsa.com.ar\/catalogo\/wp-json\/wp\/v2\/product_tag?post=11612"}],"curies":[{"name":"wp","href":"https:\/\/api.w.org\/{rel}","templated":true}]}}