{"id":11552,"date":"2026-01-15T11:52:23","date_gmt":"2026-01-15T14:52:23","guid":{"rendered":"https:\/\/lidertecsa.com.ar\/catalogo\/?post_type=product&#038;p=11552"},"modified":"2026-01-15T11:52:23","modified_gmt":"2026-01-15T14:52:23","slug":"taladro-atornillador-10mm-stanley-scd10d2k-2-baterias-de-2ah-maletin-de-transporte","status":"publish","type":"product","link":"https:\/\/lidertecsa.com.ar\/catalogo\/producto\/taladro-atornillador-10mm-stanley-scd10d2k-2-baterias-de-2ah-maletin-de-transporte\/","title":{"rendered":"Taladro Atornillador 10mm Stanley SCD10D2K + 2 bater\u00edas de 2Ah + Malet\u00edn de transporte"},"content":{"rendered":"<p>CARACTERISTICAS: &#8211; Potente motor de 2 velocidades para mayor durabilidad y 30Nm de torque para taladrar y atornillar. &#8211; Tama\u00f1o compacto y peso ligero con bater\u00eda de 12V encapsulada (em forma de torre). &#8211; 20 configuraciones de torque ajustables para la selecci\u00f3n del torque del embrague. &#8211; Portabrocas sin llave para un cambio de puntas r\u00e1pido y sencillo. &#8211; Gatillo de velocidad variable para un mejor control de la aplicaci\u00f3n y modo de avance\/retroceso. &#8211; Funci\u00f3n SOC incorporada para identificar f\u00e1cilmente cuando es necesario recargar la bater\u00eda. &#8211; Luz LED para uso en condiciones de poca iluminaci\u00f3n. &#8211; Mango sobremoldeado de goma para evitar deslizamientos durante el uso. ESPECIFICACIONES: &#8211; Modelo: SCD10D2K-AR &#8211; Origen: China &#8211; Mandril: 10 mm &#8211; Acci\u00f3n percutora: No &#8211; Torque: 30 Nm &#8211; Bater\u00eda: 12V &#8211; Funci\u00f3n destornillador: S\u00ed.<\/p>\n","protected":false},"excerpt":{"rendered":"<p>Taladro Atornillador 10mm Stanley SCD10D2K + 2 bater\u00edas de 2Ah + Malet\u00edn de transporte<\/p>\n","protected":false},"featured_media":11553,"template":"","meta":{"_joinchat":[]},"product_cat":[1575],"product_tag":[],"class_list":{"0":"post-11552","1":"product","2":"type-product","3":"status-publish","4":"has-post-thumbnail","6":"product_cat-herramientas-inalambricas","8":"first","9":"instock","10":"taxable","11":"shipping-taxable","12":"product-type-simple"},"_links":{"self":[{"href":"https:\/\/lidertecsa.com.ar\/catalogo\/wp-json\/wp\/v2\/product\/11552"}],"collection":[{"href":"https:\/\/lidertecsa.com.ar\/catalogo\/wp-json\/wp\/v2\/product"}],"about":[{"href":"https:\/\/lidertecsa.com.ar\/catalogo\/wp-json\/wp\/v2\/types\/product"}],"wp:featuredmedia":[{"embeddable":true,"href":"https:\/\/lidertecsa.com.ar\/catalogo\/wp-json\/wp\/v2\/media\/11553"}],"wp:attachment":[{"href":"https:\/\/lidertecsa.com.ar\/catalogo\/wp-json\/wp\/v2\/media?parent=11552"}],"wp:term":[{"taxonomy":"product_cat","embeddable":true,"href":"https:\/\/lidertecsa.com.ar\/catalogo\/wp-json\/wp\/v2\/product_cat?post=11552"},{"taxonomy":"product_tag","embeddable":true,"href":"https:\/\/lidertecsa.com.ar\/catalogo\/wp-json\/wp\/v2\/product_tag?post=11552"}],"curies":[{"name":"wp","href":"https:\/\/api.w.org\/{rel}","templated":true}]}}