{"id":11304,"date":"2025-12-23T09:04:06","date_gmt":"2025-12-23T12:04:06","guid":{"rendered":"https:\/\/lidertecsa.com.ar\/catalogo\/?post_type=product&#038;p=11304"},"modified":"2025-12-23T09:08:56","modified_gmt":"2025-12-23T12:08:56","slug":"torno-para-madera","status":"publish","type":"product","link":"https:\/\/lidertecsa.com.ar\/catalogo\/producto\/torno-para-madera\/","title":{"rendered":"Torno para Madera"},"content":{"rendered":"<p>El Einhell torno TC-WW 600 CE Vario es una m\u00e1quina potente y fiable para trabajos de torneado precisos. Con su motor de 600 W y la electr\u00f3nica constante integrada, la m\u00e1quina de torneado ofrece de forma fiable alta potencia fiable, incluso bajo carga. Por lo tanto, es adecuado para el procesamiento de diversos tipos de madera, desde madera blanda hasta madera dura. A trav\u00e9s de la regulaci\u00f3n de velocidad electr\u00f3nica, la velocidad de giro se puede ajustar de forma continua entre 800 y 3.000 revoluciones por minuto y adaptarse al paso de trabajo respectivo. El posicionador con punta de punz\u00f3n, al igual que el soporte de la pieza de trabajo, se puede ajustar de forma flexible en el carril gu\u00eda de aluminio y se puede fijar f\u00e1cilmente mediante una palanca de sujeci\u00f3n r\u00e1pida. De este modo, se pueden sujetar y mecanizar piezas de hasta 60 cm con un di\u00e1metro m\u00e1x. de hasta 25 cm. El soporte de pieza de trabajo tiene una longitud de 22 cm y se puede adaptar en funci\u00f3n de la herramienta de torneado utilizada y la tarea. En lugar de la punta del punz\u00f3n, tambi\u00e9n se puede montar el disco frontal suministrado (\u00d8 80 mm) para tornear, por ejemplo, platos, bandejas o vasos. Mediante orificios en el carril gu\u00eda y el material de montaje suministrado, la m\u00e1quina de torneado tambi\u00e9n se puede fijar de forma fija, por ejemplo, en el banco de trabajo.<\/p>\n","protected":false},"excerpt":{"rendered":"<p>La electr\u00f3nica constante mantiene la velocidad de giro incluso bajo carga. Potente motor para mecanizar diversos tipos de maderas. Regulaci\u00f3n de velocidad para un ajuste \u00f3ptimo de la velocidad. Soporte de herramientas flexible y f\u00e1cilmente ajustable. Posicionador con punta de punz\u00f3n para la fijaci\u00f3n de la pieza de trabajo. Palanca de sujeci\u00f3n r\u00e1pida para ajustar el posicionador y el apoyo.<\/p>\n","protected":false},"featured_media":11305,"template":"","meta":{"_joinchat":[]},"product_cat":[181],"product_tag":[],"class_list":{"0":"post-11304","1":"product","2":"type-product","3":"status-publish","4":"has-post-thumbnail","6":"product_cat-herramientas-electricas","8":"first","9":"instock","10":"taxable","11":"shipping-taxable","12":"product-type-simple"},"_links":{"self":[{"href":"https:\/\/lidertecsa.com.ar\/catalogo\/wp-json\/wp\/v2\/product\/11304"}],"collection":[{"href":"https:\/\/lidertecsa.com.ar\/catalogo\/wp-json\/wp\/v2\/product"}],"about":[{"href":"https:\/\/lidertecsa.com.ar\/catalogo\/wp-json\/wp\/v2\/types\/product"}],"wp:featuredmedia":[{"embeddable":true,"href":"https:\/\/lidertecsa.com.ar\/catalogo\/wp-json\/wp\/v2\/media\/11305"}],"wp:attachment":[{"href":"https:\/\/lidertecsa.com.ar\/catalogo\/wp-json\/wp\/v2\/media?parent=11304"}],"wp:term":[{"taxonomy":"product_cat","embeddable":true,"href":"https:\/\/lidertecsa.com.ar\/catalogo\/wp-json\/wp\/v2\/product_cat?post=11304"},{"taxonomy":"product_tag","embeddable":true,"href":"https:\/\/lidertecsa.com.ar\/catalogo\/wp-json\/wp\/v2\/product_tag?post=11304"}],"curies":[{"name":"wp","href":"https:\/\/api.w.org\/{rel}","templated":true}]}}