{"id":11251,"date":"2025-12-19T10:11:40","date_gmt":"2025-12-19T13:11:40","guid":{"rendered":"https:\/\/lidertecsa.com.ar\/catalogo\/?post_type=product&#038;p=11251"},"modified":"2025-12-19T10:14:58","modified_gmt":"2025-12-19T13:14:58","slug":"clavadora-inalambrica","status":"publish","type":"product","link":"https:\/\/lidertecsa.com.ar\/catalogo\/producto\/clavadora-inalambrica\/","title":{"rendered":"Clavadora inal\u00e1mbrica"},"content":{"rendered":"<p>La clavadora\/grapadora inal\u00e1mbrica TE-CN 18\/32 Li &#8211; Solo de Einhell es una herramienta pr\u00e1ctica para trabajos en el taller, el jard\u00edn, el hogar o proyectos de bricolaje. Forma parte de la familia Power X-Change de Einhell y permite un uso inal\u00e1mbrico flexible, adem\u00e1s de ser compatible con todas las bater\u00edas y cargadores del sistema. Gracias a su funci\u00f3n 2 en 1, combina grapadora y clavadora en un solo dispositivo. La nariz de seguridad, delgada, permite trabajar con precisi\u00f3n incluso en bordes o zonas estrechas. El mecanismo robusto de la clavadora permite hasta 20 disparos por minuto. Para obtener resultados precisos, la profundidad de clavado se puede ajustar individualmente mediante el regulador de profundidad. El cargador magnetizado tiene capacidad para hasta 100 clavos o grapas y cuenta con un pr\u00e1ctico indicador de nivel de carga. Se abre f\u00e1cilmente con solo presionar un bot\u00f3n para recargar r\u00e1pidamente. El dise\u00f1o ergon\u00f3mico con superficie Softgrip y la nariz de seguridad integrada garantizan un manejo c\u00f3modo y seguro, evitando disparos accidentales y protegiendo contra lesiones. Gracias al clip para cintur\u00f3n, el equipo puede colgarse c\u00f3modamente durante las pausas de trabajo y estar siempre a mano. Se incluye una llave Allen para resolver atascos de grapas. La clavadora\/grapadora TE-CN 18\/32 Li es compatible con clavos de 15 a 32 mm de largo (1,0 mm de grosor) y grapas de 13 a 25 mm de largo (5,7 mm de ancho). El suministro incluye 300 clavos (32 mm) y 300 grapas (19 mm). Se entrega sin bater\u00eda ni cargador. Estos est\u00e1n disponibles por separado, por ejemplo como parte de un pr\u00e1ctico set de inicio.<\/p>\n","protected":false},"excerpt":{"rendered":"<p>Miembro de la familia Power X-Change &#8211; Equipo 2 en 1 &#8211; compatible con clavos de 15 a 32 mm de longitud (1,0 mm de grosor) y grapas de 13 a 25 mm de longitud (5,7 mm de ancho).<\/p>\n","protected":false},"featured_media":11252,"template":"","meta":{"_joinchat":[]},"product_cat":[50],"product_tag":[],"class_list":{"0":"post-11251","1":"product","2":"type-product","3":"status-publish","4":"has-post-thumbnail","6":"product_cat-herramientas-a-bateria","8":"first","9":"instock","10":"taxable","11":"shipping-taxable","12":"product-type-simple"},"_links":{"self":[{"href":"https:\/\/lidertecsa.com.ar\/catalogo\/wp-json\/wp\/v2\/product\/11251"}],"collection":[{"href":"https:\/\/lidertecsa.com.ar\/catalogo\/wp-json\/wp\/v2\/product"}],"about":[{"href":"https:\/\/lidertecsa.com.ar\/catalogo\/wp-json\/wp\/v2\/types\/product"}],"wp:featuredmedia":[{"embeddable":true,"href":"https:\/\/lidertecsa.com.ar\/catalogo\/wp-json\/wp\/v2\/media\/11252"}],"wp:attachment":[{"href":"https:\/\/lidertecsa.com.ar\/catalogo\/wp-json\/wp\/v2\/media?parent=11251"}],"wp:term":[{"taxonomy":"product_cat","embeddable":true,"href":"https:\/\/lidertecsa.com.ar\/catalogo\/wp-json\/wp\/v2\/product_cat?post=11251"},{"taxonomy":"product_tag","embeddable":true,"href":"https:\/\/lidertecsa.com.ar\/catalogo\/wp-json\/wp\/v2\/product_tag?post=11251"}],"curies":[{"name":"wp","href":"https:\/\/api.w.org\/{rel}","templated":true}]}}