{"id":11241,"date":"2025-12-19T09:43:46","date_gmt":"2025-12-19T12:43:46","guid":{"rendered":"https:\/\/lidertecsa.com.ar\/catalogo\/?post_type=product&#038;p=11241"},"modified":"2025-12-19T09:48:31","modified_gmt":"2025-12-19T12:48:31","slug":"rotomartillo-inalambrico-a-bateria","status":"publish","type":"product","link":"https:\/\/lidertecsa.com.ar\/catalogo\/producto\/rotomartillo-inalambrico-a-bateria\/","title":{"rendered":"Rotomartillo Inal\u00e1mbrico a bater\u00eda"},"content":{"rendered":"<p>El martillo rotativo inal\u00e1mbrico Einhell TE-HD 18\/20 Li (1x 4.0 Ah) es un potente miembro del sistema Power X-Change, donde bater\u00edas, cargadores y herramientas pueden combinarse de forma flexible en toda la gama.<\/p>\n<p>Con 4 funciones en 1, este vers\u00e1til martillo no solo es ideal para perforaci\u00f3n con percusi\u00f3n, sino tambi\u00e9n para perforaci\u00f3n normal y cincelado, con o sin giro.<\/p>\n<p>Su mecanismo neum\u00e1tico de percusi\u00f3n proporciona una potente fuerza de impacto de 1.8 J, permitiendo perforaciones de hasta 30 mm en madera, 20 mm en hormig\u00f3n y 13 mm en metal.<\/p>\n<p>Este dispositivo alcanza una tasa de impacto m\u00e1xima de 4,750 rpm-1 y una velocidad en vac\u00edo de hasta 1,200 rpm. A pesar de su gran potencia, la electr\u00f3nica de control de velocidad permite ajustes \u00f3ptimos seg\u00fan el material y la aplicaci\u00f3n.<\/p>\n<p>Caracter\u00edsticas clave:<\/p>\n<ul>\n<li>Portaherramientas SDS-Plus con sistema semiautom\u00e1tico para cambios r\u00e1pidos.<\/li>\n<li>Dise\u00f1o ergon\u00f3mico con superficies Softgrip para un agarre seguro.<\/li>\n<li>Mango adicional que mejora la estabilidad y el control.<\/li>\n<li>Tope de profundidad ajustable para perforaciones precisas.<\/li>\n<li>Luz LED integrada para iluminar el \u00e1rea de trabajo.<\/li>\n<\/ul>\n<p>Incluye:<\/p>\n<p>\u2705 1 bater\u00eda Power X-Change de 4.0 Ah<\/p>\n<p>\u2705 1 cargador<\/p>\n","protected":false},"excerpt":{"rendered":"<p>Miembro de la familia Power X-Change, requiere 1 bater\u00eda de 18 V &#8211; 4 modos: perforaci\u00f3n, perforaci\u00f3n con percusi\u00f3n y cincelado con o sin rotaci\u00f3n &#8211; Adaptador universal SDS-Plus &#8211; 3J Fuerza de impacto 1.8 J, permitiendo perforaciones de hasta 30 mm en madera, 20 mm en hormig\u00f3n y 13 mm en metal.<\/p>\n","protected":false},"featured_media":11242,"template":"","meta":{"_joinchat":[]},"product_cat":[50],"product_tag":[],"class_list":{"0":"post-11241","1":"product","2":"type-product","3":"status-publish","4":"has-post-thumbnail","6":"product_cat-herramientas-a-bateria","8":"first","9":"instock","10":"taxable","11":"shipping-taxable","12":"product-type-simple"},"_links":{"self":[{"href":"https:\/\/lidertecsa.com.ar\/catalogo\/wp-json\/wp\/v2\/product\/11241"}],"collection":[{"href":"https:\/\/lidertecsa.com.ar\/catalogo\/wp-json\/wp\/v2\/product"}],"about":[{"href":"https:\/\/lidertecsa.com.ar\/catalogo\/wp-json\/wp\/v2\/types\/product"}],"wp:featuredmedia":[{"embeddable":true,"href":"https:\/\/lidertecsa.com.ar\/catalogo\/wp-json\/wp\/v2\/media\/11242"}],"wp:attachment":[{"href":"https:\/\/lidertecsa.com.ar\/catalogo\/wp-json\/wp\/v2\/media?parent=11241"}],"wp:term":[{"taxonomy":"product_cat","embeddable":true,"href":"https:\/\/lidertecsa.com.ar\/catalogo\/wp-json\/wp\/v2\/product_cat?post=11241"},{"taxonomy":"product_tag","embeddable":true,"href":"https:\/\/lidertecsa.com.ar\/catalogo\/wp-json\/wp\/v2\/product_tag?post=11241"}],"curies":[{"name":"wp","href":"https:\/\/api.w.org\/{rel}","templated":true}]}}