{"id":11235,"date":"2025-12-19T09:14:24","date_gmt":"2025-12-19T12:14:24","guid":{"rendered":"https:\/\/lidertecsa.com.ar\/catalogo\/?post_type=product&#038;p=11235"},"modified":"2025-12-19T09:19:15","modified_gmt":"2025-12-19T12:19:15","slug":"acid-clean-power-anton-chem","status":"publish","type":"product","link":"https:\/\/lidertecsa.com.ar\/catalogo\/producto\/acid-clean-power-anton-chem\/","title":{"rendered":"Acid Clean Power Anton Chem"},"content":{"rendered":"<p>Agente \u00e1cido dise\u00f1ado especialmente para la remoci\u00f3n de materia inorg\u00e1nica.<\/p>\n<p><strong>Aplicaciones usuales:\u00a0<\/strong><\/p>\n<ul>\n<li>Remoci\u00f3n de materia inorg\u00e1nica resistente a los agentes de limpieza universal en equipos de refrigeraci\u00f3n.<\/li>\n<li>Ofrece un ataque f\u00edsico-qu\u00edmico a acumulaciones inorg\u00e1nicas, como ser sarro, carbonataciones y restos de \u00f3xido, de modo tal de removerlos con facibilidad.<\/li>\n<\/ul>\n<p><strong>Presentaci\u00f3n:<\/strong> envase de 1 litro con gatillo.<\/p>\n<p>&nbsp;<\/p>\n","protected":false},"excerpt":{"rendered":"<p>Agente \u00e1cido dise\u00f1ado especialmente para la remoci\u00f3n de materia inorg\u00e1nica.<\/p>\n","protected":false},"featured_media":11236,"template":"","meta":{"_joinchat":[]},"product_cat":[1562],"product_tag":[],"class_list":{"0":"post-11235","1":"product","2":"type-product","3":"status-publish","4":"has-post-thumbnail","6":"product_cat-accesorios-varios-todo-para-refrigeracion","8":"first","9":"instock","10":"taxable","11":"shipping-taxable","12":"product-type-simple"},"_links":{"self":[{"href":"https:\/\/lidertecsa.com.ar\/catalogo\/wp-json\/wp\/v2\/product\/11235"}],"collection":[{"href":"https:\/\/lidertecsa.com.ar\/catalogo\/wp-json\/wp\/v2\/product"}],"about":[{"href":"https:\/\/lidertecsa.com.ar\/catalogo\/wp-json\/wp\/v2\/types\/product"}],"wp:featuredmedia":[{"embeddable":true,"href":"https:\/\/lidertecsa.com.ar\/catalogo\/wp-json\/wp\/v2\/media\/11236"}],"wp:attachment":[{"href":"https:\/\/lidertecsa.com.ar\/catalogo\/wp-json\/wp\/v2\/media?parent=11235"}],"wp:term":[{"taxonomy":"product_cat","embeddable":true,"href":"https:\/\/lidertecsa.com.ar\/catalogo\/wp-json\/wp\/v2\/product_cat?post=11235"},{"taxonomy":"product_tag","embeddable":true,"href":"https:\/\/lidertecsa.com.ar\/catalogo\/wp-json\/wp\/v2\/product_tag?post=11235"}],"curies":[{"name":"wp","href":"https:\/\/api.w.org\/{rel}","templated":true}]}}