{"id":10756,"date":"2025-10-04T10:24:08","date_gmt":"2025-10-04T13:24:08","guid":{"rendered":"https:\/\/lidertecsa.com.ar\/catalogo\/?post_type=product&#038;p=10756"},"modified":"2025-10-22T09:46:46","modified_gmt":"2025-10-22T12:46:46","slug":"gas-134a-garrafa-x-34-kg","status":"publish","type":"product","link":"https:\/\/lidertecsa.com.ar\/catalogo\/producto\/gas-134a-garrafa-x-34-kg\/","title":{"rendered":"GAS 134a &#8211; Garrafa x 3,4 Kg."},"content":{"rendered":"<p>CARACTER\u00cdSTICAS:<\/p>\n<p>Temperatura de ebullici\u00f3n: a 1Atm = 1,013 bar -26.1\u00b0C<br \/>\nTemperatura de deslizamiento: Glide = 0\u00b0C<\/p>\n<p>\u2022El gas refrigerante R134a es un HFC que sustituye al R12 en instalaciones nuevas. Como todos los refrigerantes HFC no da\u00f1a la capa de ozono. Tiene una gran estabilidad t\u00e9rmica y qu\u00edmica, una baja toxicidad y no es inflamable, ademas de tener una excelente compatibilidad con la mayor\u00eda de los materiales.<\/p>\n<p>\u2022No es miscible con los aceites tradicionales del R12 (mineral y alquilbenc\u00e9nico); en cambio su miscibilidad con los aceites poliol\u00e9steres (POE) es completa.<\/p>\n<p>\u2022R-134a es un refrigerante alternativo al R12 para el retrofitting de la instalaci\u00f3n o para instalaciones nuevas .Es muy utilizado en el aire acondicionado de los autom\u00f3viles y en refrigeradores dom\u00e9sticos. Tambi\u00e9n se utiliza mucho en chillers del sector industrial y comercial adem\u00e1s de transporte frigor\u00edfico en temperaturas positivas.<\/p>\n<p>\u2022Clasificaci\u00f3n de seguridad: A1 grupo L1.<\/p>\n<p>\u2022Sustituto indirecto del R12<\/p>\n<p>APLICACI\u00d3N:<\/p>\n<p>\u2022Aire Acondicionado automotriz.<br \/>\n\u2022Refrigeraci\u00f3n comercial.<br \/>\n\u2022Refrigeraci\u00f3n dom\u00e9stica.<\/p>\n<p>BENEFICIOS:<\/p>\n<p>\u2022Es seguro y f\u00e1cil de utilizar.<br \/>\n\u2022Es un refrigerante de uso normal en el aire acondicionado y sistemas de refrigeraci\u00f3n.<br \/>\n\u2022Facilidad de servicio: se puede completar repetidamente fuga tras fuga.<\/p>\n","protected":false},"excerpt":{"rendered":"<p>GAS REFRIGERANTE ANTON R134A x 3,4 Kg.<\/p>\n<p>PROPIEDADES F\u00cdSICAS:<\/p>\n<p>-Peso molecular: 102 (g\/mol)<br \/>\n-Presi\u00f3n de vapor a 25\u00b0C: 6.657 (bar abs)<br \/>\n-Temperatura cr\u00edtica: 101.1 (\u00b0C)<br \/>\n-Presi\u00f3n cr\u00edtica: 40.67 (bar abs)<br \/>\n-Densidad cr\u00edtica: 508 (Kg\/m3)<br \/>\n-Viscosidad del l\u00edquido a 25\u00b0C: 0.202 (cP)<br \/>\n-Densidad del l\u00edquido a 25\u00b0C: 1.206 (Kg\/m3)<br \/>\n-Densidad del vapor saturado a punto de ebullici\u00f3n: 5.28 (Kg\/m3)<br \/>\n-Calor espec\u00edfico del l\u00edquido a 25\u00b0C: 1.44 (Kj\/Kg K)<br \/>\n-Calor espec\u00edfico del vapor a 25\u00b0C: 0.85 (Kj\/Kg K)<br \/>\n-Punto de congelaci\u00f3n: -103 (\u00b0C)<\/p>\n","protected":false},"featured_media":10758,"template":"","meta":{"_joinchat":[]},"product_cat":[1550],"product_tag":[1552],"class_list":{"0":"post-10756","1":"product","2":"type-product","3":"status-publish","4":"has-post-thumbnail","6":"product_cat-freon","7":"product_tag-gas-r134a","9":"first","10":"instock","11":"taxable","12":"shipping-taxable","13":"purchasable","14":"product-type-simple"},"_links":{"self":[{"href":"https:\/\/lidertecsa.com.ar\/catalogo\/wp-json\/wp\/v2\/product\/10756"}],"collection":[{"href":"https:\/\/lidertecsa.com.ar\/catalogo\/wp-json\/wp\/v2\/product"}],"about":[{"href":"https:\/\/lidertecsa.com.ar\/catalogo\/wp-json\/wp\/v2\/types\/product"}],"wp:featuredmedia":[{"embeddable":true,"href":"https:\/\/lidertecsa.com.ar\/catalogo\/wp-json\/wp\/v2\/media\/10758"}],"wp:attachment":[{"href":"https:\/\/lidertecsa.com.ar\/catalogo\/wp-json\/wp\/v2\/media?parent=10756"}],"wp:term":[{"taxonomy":"product_cat","embeddable":true,"href":"https:\/\/lidertecsa.com.ar\/catalogo\/wp-json\/wp\/v2\/product_cat?post=10756"},{"taxonomy":"product_tag","embeddable":true,"href":"https:\/\/lidertecsa.com.ar\/catalogo\/wp-json\/wp\/v2\/product_tag?post=10756"}],"curies":[{"name":"wp","href":"https:\/\/api.w.org\/{rel}","templated":true}]}}